NOAA-Style Climate Reports

Select a Year or Month report
2017: Jan Feb Mar Apr May Jun Jul Aug Sep Oct Nov Dec
2016: Jan Feb Mar Apr May Jun Jul Aug Sep Oct Nov Dec
2015: Jan Feb Mar Apr May Jun Jul Aug Sep Oct Nov Dec
2014: Jan Feb Mar Apr May Jun Jul Aug Sep Oct Nov Dec
2013: Jan Feb Mar Apr May Jun Jul Aug Sep Oct Nov Dec
2012: Jan Feb Mar Apr May Jun Jul Aug Sep Oct Nov Dec
2011: Jan Feb Mar Apr May Jun Jul Aug Sep Oct Nov Dec
2010: Jan Feb Mar Apr May Jun Jul Aug Sep Oct Nov Dec
2009: Jan Feb Mar Apr May Jun Jul Aug Sep Oct Nov Dec
2008: Jan Feb Mar Apr May Jun Jul Aug Sep Oct Nov Dec
2007: Jan Feb Mar Apr May Jun Jul Aug Sep Oct Nov Dec

Report for 2013 November
                  MONTHLY CLIMATOLOGICAL SUMMARY FOR 11/2013
                                        HEAT  COOL        
     MEAN                               DEG   DEG       WIND SPEED       DOM MEAN  MEAN
DAY  TEMP  HIGH   TIME     LOW   TIME   DAYS  DAYS RAIN AVG  HI  TIME    DIR BAROM HUM
---------------------------------------------------------------------------------------
1    36.8  37.1   8:25pm  36.4  10:50pm    4    0  0.00   1   8   9:25pm   E 30.00   96
2    37.2  41.8   3:15pm  33.1   9:15am   28    0  0.00   7  42   9:35pm   E 29.90   85
3    41.6  43.7   2:35pm  34.8  10:00pm   23    0  0.00  21  56  10:20am   E 29.70   61
4    36.7  43.7   1:15pm  33.9  10:40pm   28    0  0.00   1   9  10:00pm   E 29.39   77
5    33.0  36.4  12:00pm  26.9  10:45pm   32    0  0.00   2  19   1:15pm  SW 29.70   70
6    25.1  29.4   2:05pm  20.5   9:40am   40    0  0.00   2  11  12:35am  NE 30.02   74
7    28.3  38.1  12:55pm  21.7   9:25pm   37    0  0.00   1   6   2:05am   E 29.83   71
8    24.0  30.3   1:35pm  19.3   9:00am   41    0  0.00   2  10  12:45pm   E 30.09   66
9    32.7  43.9   9:50pm  25.3  12:10am   32    0  0.01   4  29   5:35pm  SE 30.18   75
10   35.6  40.6   1:10am  28.4  10:30pm   29    0  0.64   9  39   4:40am  SE 29.83   85
11   23.5  29.0  12:05am  16.3  11:50pm   41    0  0.03   2  16  10:35pm  SW 29.98   91
12   16.2  20.0  10:30pm  13.4   4:30pm   49    0  0.00   2  20   7:00am  NE 30.12   81
13   25.4  34.3   9:55pm  19.1  12:00am   40    0  0.00   2  12   9:35pm   E 30.20   82
14   36.7  41.9   7:15am  27.7   1:20am   28    0  0.00   4  30   2:20am   S 29.97   80
15   28.4  32.6   3:35am  22.1  11:25pm   36    0  0.00   3  19   2:00am  SW 29.99   56
16   19.2  23.9  12:30am  12.9  11:45pm   46    0  0.00   3  22  10:05am  SW 30.15   60
17   10.2  14.4   1:30pm   6.3  11:55pm   55    0  0.00   3  24   2:50am  SW 30.23   67
18    6.8  11.4   1:50pm   2.2  11:30pm   58    0  0.00   2  19   4:40am  NE 30.20   60
19    4.5   8.9   1:20pm   0.5   2:35am   61    0  0.00   2  11   4:00pm ESE 30.13   58
20    4.6   9.7   1:05pm   1.5   3:15am   60    0  0.00   1   8  11:40am   N 30.07   60
21    5.9  22.6  11:40pm   0.1   5:05am   59    0  0.08   4  45   6:55pm   N 29.70   74
22   25.5  40.7  11:15am  14.3  12:30am   40    0  0.24   5  36  11:10am  SW 29.28   84
23   25.8  31.9  11:55pm  17.1   2:35am   39    0  0.00  10  38   6:05pm ESE 29.77   56
24   35.4  38.9   8:55am  31.2  11:25pm   30    0  0.00   6  31   7:35am  SE 30.02   65
25   30.0  33.6   1:05am  26.7   4:50pm   35    0  0.00   1   9  11:25pm   E 29.82   77
26
---------------------------------------------------------------------------------------
TOT   0.0  30.6  12/5/13  30.6  12/5/13  972    0  0.00   0   1  12/5/13 ---  0.00    0

HEAT BASE: 65.0
COOL BASE: 65.0