NOAA-Style Climate Reports

Select a Year or Month report
2017: Jan Feb Mar Apr May Jun Jul Aug Sep Oct Nov Dec
2016: Jan Feb Mar Apr May Jun Jul Aug Sep Oct Nov Dec
2015: Jan Feb Mar Apr May Jun Jul Aug Sep Oct Nov Dec
2014: Jan Feb Mar Apr May Jun Jul Aug Sep Oct Nov Dec
2013: Jan Feb Mar Apr May Jun Jul Aug Sep Oct Nov Dec
2012: Jan Feb Mar Apr May Jun Jul Aug Sep Oct Nov Dec
2011: Jan Feb Mar Apr May Jun Jul Aug Sep Oct Nov Dec
2010: Jan Feb Mar Apr May Jun Jul Aug Sep Oct Nov Dec
2009: Jan Feb Mar Apr May Jun Jul Aug Sep Oct Nov Dec
2008: Jan Feb Mar Apr May Jun Jul Aug Sep Oct Nov Dec
2007: Jan Feb Mar Apr May Jun Jul Aug Sep Oct Nov Dec

Report for 2013 October
                  MONTHLY CLIMATOLOGICAL SUMMARY FOR 10/2013
                                        HEAT  COOL        
     MEAN                               DEG   DEG       WIND SPEED       DOM MEAN  MEAN
DAY  TEMP  HIGH   TIME     LOW   TIME   DAYS  DAYS RAIN AVG  HI  TIME    DIR BAROM HUM
---------------------------------------------------------------------------------------
1    38.4  47.3   4:00pm  30.8   7:30am   27    0  0.01   2  11   3:25pm  SW 29.75   71
2    41.4  48.2   1:30pm  38.6  12:00am   24    0  0.02   2  14   6:20pm  SW 29.82   89
3    41.8  45.5   3:45pm  38.5  12:35am   23    0  0.00   1   9   8:40am  NE 29.59   86
4
5
6
7    40.8  46.0   9:40pm  37.9   8:35am   24    0  0.01   4  45  11:45pm  SW 29.81   82
8    41.8  47.2   4:00pm  37.5  11:40pm   23    0  1.70  26  82   9:00am   E 29.24   79
9    40.1  46.0   4:05pm  34.7  11:20pm   25    0  0.00   5  20   1:00am   S 29.50   73
10   38.8  44.1  12:25pm  32.8   7:40am   26    0  0.01   7  36   3:20pm   E 29.72   66
11   44.9  49.1   2:40pm  38.5   6:05am   20    0  0.01  13  49  10:50pm   E 29.81   70
12   47.0  50.6   3:20pm  41.8  10:55pm   18    0  0.05  18  65   9:20am   E 29.75   64
13   43.6  48.7   1:40am  36.9   2:20pm   21    0  0.30  13  74   5:55am   E 29.53   72
14   45.3  48.7   2:00pm  42.0   5:05am   20    0  0.00  13  36   9:45pm   E 29.89   63
15
16
17
18
19   47.3  48.4  10:35pm  46.4   8:40pm    6    0  0.00  21  46   7:20pm   E 29.57   51
20   44.4  47.3  12:05am  42.4  10:00pm   21    0  0.00  15  54   1:25am   E 29.83   54
21   42.0  45.5   3:40pm  37.5   5:00am   23    0  0.00   9  34   7:05pm   E 30.01   62
22   39.1  43.8   2:55pm  32.0  10:00pm   26    0  0.00   4  28   1:30am   E 30.13   68
23   30.6  38.1   2:45pm  25.6   6:50am   34    0  0.00   2  12   3:20pm  NE 29.86   75
24   36.0  46.2   6:05pm  26.7  12:10am   29    0  0.01   8  60  10:50am   E 29.76   65
25   41.0  46.7   3:10pm  35.4   2:00am   24    0  0.00   7  49   3:25am   E 29.92   66
26   38.1  47.9  10:50pm  33.0   8:50am   27    0  0.00   2  38  10:40pm   E 30.36   73
27   43.4  59.1  11:40pm  34.4   8:20am   22    0  0.69  13  75   9:05pm   E 29.99   69
28
---------------------------------------------------------------------------------------
TOT   0.0  37.1  11/1/13  37.1  11/1/13  462    0  0.00   0   2  11/1/13 ---  0.00    0

HEAT BASE: 65.0
COOL BASE: 65.0