NOAA-Style Climate Reports

Select a Year or Month report
2017: Jan Feb Mar Apr May Jun Jul Aug Sep Oct Nov Dec
2016: Jan Feb Mar Apr May Jun Jul Aug Sep Oct Nov Dec
2015: Jan Feb Mar Apr May Jun Jul Aug Sep Oct Nov Dec
2014: Jan Feb Mar Apr May Jun Jul Aug Sep Oct Nov Dec
2013: Jan Feb Mar Apr May Jun Jul Aug Sep Oct Nov Dec
2012: Jan Feb Mar Apr May Jun Jul Aug Sep Oct Nov Dec
2011: Jan Feb Mar Apr May Jun Jul Aug Sep Oct Nov Dec
2010: Jan Feb Mar Apr May Jun Jul Aug Sep Oct Nov Dec
2009: Jan Feb Mar Apr May Jun Jul Aug Sep Oct Nov Dec
2008: Jan Feb Mar Apr May Jun Jul Aug Sep Oct Nov Dec
2007: Jan Feb Mar Apr May Jun Jul Aug Sep Oct Nov Dec

Report for 2013 August
                  MONTHLY CLIMATOLOGICAL SUMMARY FOR 8/2013
                                        HEAT  COOL        
     MEAN                               DEG   DEG       WIND SPEED       DOM MEAN  MEAN
DAY  TEMP  HIGH   TIME     LOW   TIME   DAYS  DAYS RAIN AVG  HI  TIME    DIR BAROM HUM
---------------------------------------------------------------------------------------
1
2
3
4
5
6
7
8
9
10   54.5  59.5   6:40pm  51.8  10:55pm    5    0  0.00   2  12   9:35pm  SW 29.95   91
11   52.5  53.9   5:05pm  51.0   6:25am   12    0  0.33   2  12   3:05pm   N 30.02   95
12   57.4  65.5   5:00pm  52.4   4:15am    8    0  0.07   2  11   4:30pm  SW 30.04   91
13   56.5  66.1   3:50pm  50.4   5:40am    8    0  0.00   2  14   4:20pm  SW 30.00   89
14   51.4  53.3   5:30pm  49.4   7:40am   14    0  0.00   1   8  11:40am  SW 29.99   92
15   54.5  64.5   5:20pm  46.6   6:45am   11    0  0.00   2  12   6:00pm  SW 29.84   82
16   52.2  55.5  12:20pm  48.6   2:20am   13    0  0.01   1   8   6:10am  SW 29.72   90
17   55.3  63.5   6:50pm  50.4   4:55am   10    0  0.03   1   9   7:05pm  NE 29.60   85
18   54.6  58.2   6:15pm  52.3   5:20am   10    0  0.38   4  36  10:05pm   E 29.55   88
19   54.0  56.0   1:00am  51.0   8:40am   11    0  0.36   7  31   9:35pm   E 29.70   75
20   53.9  58.0  12:00pm  51.1   9:40am   11    0  0.10   4  29   1:20am  SW 29.82   82
21   52.3  55.5   5:25pm  49.5  11:15pm   13    0  0.23   6  28   4:40am   E 29.81   80
22   51.4  54.0   3:55pm  49.0   6:10am   14    0  0.22   2  22   3:30am  NW 29.74   91
23   54.9  63.4   6:00pm  51.0   7:55am   10    0  0.02   3  15  12:15am  SW 29.61   84
24   53.7  62.5   7:20pm  47.0   7:10am   11    0  0.21   2  15   2:10pm  SW 29.63   82
25
26
27   52.4  53.7   7:30pm  51.4  11:55pm    2    0  0.14   3  15  11:30pm  NE 29.76   89
28   52.7  58.5  12:05pm  49.2  10:50pm   12    0  0.27   3  20   3:05pm ESE 29.68   81
29   50.5  53.3   5:30pm  48.0   6:15am   15    0  0.22   1  10   3:55pm  NE 29.69   94
30   52.5  56.8   5:25pm  48.7   6:45am   13    0  0.00   2  10   5:00pm  SW 29.94   89
31   52.3  54.9  12:05am  48.9  11:50pm   13    0  0.01   2  16   1:20pm   E 29.89   83
---------------------------------------------------------------------------------------
TOT  53.3  66.1  8/13/13  41.4  8/25/13  215    0  3.24   3  36  8/18/13  SW 29.79   86

HEAT BASE: 65.0
COOL BASE: 65.0