NOAA-Style Climate Reports

Select a Year or Month report
2017: Jan Feb Mar Apr May Jun Jul Aug Sep Oct Nov Dec
2016: Jan Feb Mar Apr May Jun Jul Aug Sep Oct Nov Dec
2015: Jan Feb Mar Apr May Jun Jul Aug Sep Oct Nov Dec
2014: Jan Feb Mar Apr May Jun Jul Aug Sep Oct Nov Dec
2013: Jan Feb Mar Apr May Jun Jul Aug Sep Oct Nov Dec
2012: Jan Feb Mar Apr May Jun Jul Aug Sep Oct Nov Dec
2011: Jan Feb Mar Apr May Jun Jul Aug Sep Oct Nov Dec
2010: Jan Feb Mar Apr May Jun Jul Aug Sep Oct Nov Dec
2009: Jan Feb Mar Apr May Jun Jul Aug Sep Oct Nov Dec
2008: Jan Feb Mar Apr May Jun Jul Aug Sep Oct Nov Dec
2007: Jan Feb Mar Apr May Jun Jul Aug Sep Oct Nov Dec

Report for 2013 July
                  MONTHLY CLIMATOLOGICAL SUMMARY FOR 7/2013
                                        HEAT  COOL        
     MEAN                               DEG   DEG       WIND SPEED       DOM MEAN  MEAN
DAY  TEMP  HIGH   TIME     LOW   TIME   DAYS  DAYS RAIN AVG  HI  TIME    DIR BAROM HUM
---------------------------------------------------------------------------------------
1
2
3
4    52.4  53.1   7:10pm  51.8  11:45pm    3    0  0.00  12  34   9:15pm   E 30.05   66
5    52.1  57.2   3:10pm  47.1   6:25am   13    0  0.00   9  40  11:50pm   E 30.06   68
6    54.2  57.1   3:15pm  50.9  11:55pm   11    0  0.00  13  41   9:25am   E 29.94   64
7    52.8  59.5   6:25pm  47.6  11:45pm   12    0  0.01   3  32   6:50pm  SW 29.65   81
8    49.6  59.6   6:25pm  44.1   7:50am   15    0  0.05   2  14   6:30pm  SW 29.77   86
9    53.8  62.2   5:20pm  47.7   6:40am   11    0  0.00   2  12   2:45pm  SW 29.97   76
10   58.6  68.3   5:30pm  50.2   5:20am    7    0  0.00   3  20   3:20pm  SW 30.02   69
11   61.5  70.2   6:25pm  53.2   6:35am    4    1  0.00   2  15   2:05pm  SW 29.94   68
12   62.9  74.1   5:25pm  53.4   7:15am    4    2  0.00   2  11  12:20pm  SW 29.95   66
13
14
15
16
17
18
19
20
21
22
23   65.5  75.1   5:50pm  56.0   5:25am    3    3  0.00   3  15   2:00pm  SW 30.08   57
24   65.8  75.9   5:25pm  55.7   6:50am    3    4  0.00   2  12   1:15pm  SW 30.00   62
25   64.7  73.3   4:50pm  57.1  10:05pm    2    2  0.04   2  22  10:00pm  SW 29.99   71
26   59.6  67.2   6:05pm  56.8   9:30am    5    0  0.01   2  11  12:25am  SW 30.19   91
27   59.7  65.9   4:30pm  55.7  11:20pm    5    0  0.00   1  10   7:40pm  SW 30.34   87
28   62.0  71.9   5:55pm  55.1  12:45am    4    1  0.00   2  10   2:55pm  SW 30.25   84
29   64.1  73.6   5:55pm  56.3   4:05am    3    2  0.00   2  14   4:40pm  SW 30.17   80
30   62.8  71.6   3:20pm  53.5   6:20am    4    2  0.00   2  15  12:10pm  SW 30.20   80
---------------------------------------------------------------------------------------
TOT  59.4  75.9  7/24/13  44.1   7/8/13  110   17  0.32   3  41   7/6/13  SW 30.03   74

HEAT BASE: 65.0
COOL BASE: 65.0