NOAA-Style Climate Reports

Select a Year or Month report
2017: Jan Feb Mar Apr May Jun Jul Aug Sep Oct Nov Dec
2016: Jan Feb Mar Apr May Jun Jul Aug Sep Oct Nov Dec
2015: Jan Feb Mar Apr May Jun Jul Aug Sep Oct Nov Dec
2014: Jan Feb Mar Apr May Jun Jul Aug Sep Oct Nov Dec
2013: Jan Feb Mar Apr May Jun Jul Aug Sep Oct Nov Dec
2012: Jan Feb Mar Apr May Jun Jul Aug Sep Oct Nov Dec
2011: Jan Feb Mar Apr May Jun Jul Aug Sep Oct Nov Dec
2010: Jan Feb Mar Apr May Jun Jul Aug Sep Oct Nov Dec
2009: Jan Feb Mar Apr May Jun Jul Aug Sep Oct Nov Dec
2008: Jan Feb Mar Apr May Jun Jul Aug Sep Oct Nov Dec
2007: Jan Feb Mar Apr May Jun Jul Aug Sep Oct Nov Dec

Report for 2013 June
                  MONTHLY CLIMATOLOGICAL SUMMARY FOR 6/2013
                                        HEAT  COOL        
     MEAN                               DEG   DEG       WIND SPEED       DOM MEAN  MEAN
DAY  TEMP  HIGH   TIME     LOW   TIME   DAYS  DAYS RAIN AVG  HI  TIME    DIR BAROM HUM
---------------------------------------------------------------------------------------
1    46.3  50.9   5:55pm  42.3  10:00am   19    0  0.00   2  16   9:55am  SW 30.19   88
2    45.9  53.5   5:45pm  41.7   5:15am   19    0  0.46   3  26  11:55pm  SW 30.20   84
3    48.0  52.2   6:05pm  43.9   6:55am   17    0  0.00   5  31  12:25am  SW 29.92   69
4    47.1  52.0   3:20pm  42.4   5:35am   18    0  0.00   6  29   1:50pm SSE 29.74   66
5    48.8  56.0   3:50pm  41.8   4:55am   16    0  0.00   7  32  11:40pm   E 29.93   57
6
7    53.4  54.9  10:30pm  52.4  11:55pm    1    0  0.00   1   6  11:15pm  SW 29.92   66
8    56.9  67.2   4:45pm  45.8   5:55am    8    0  0.00   3  15   3:55pm  SW 30.04   55
9    61.0  70.2   4:35pm  51.0   5:10am    5    1  0.00   4  15   1:35pm  SW 30.18   52
10   60.7  69.1   5:55pm  51.2   5:10am    5    1  0.00   4  19   1:35pm  SW 30.19   50
11   58.9  68.6   5:40pm  48.7   4:35am    7    0  0.00   3  19  12:10pm  SW 30.07   57
12   61.5  71.4   5:40pm  50.9   7:30am    5    2  0.00   3  12   5:25pm  SW 29.98   47
13   59.0  66.2   6:15pm  51.2   8:00am    6    0  0.00   3  15   3:05pm  SW 30.05   55
14   58.2  69.1   6:35pm  46.9   5:55am    7    1  0.00   3  12   4:25am  SW 30.23   60
15   60.6  69.6   4:50pm  50.5   5:15am    5    1  0.00   3  14   2:05pm  SW 30.28   60
16   65.3  77.6   6:55pm  53.7   5:55am    4    4  0.00   2  14  11:40am  SW 30.20   60
17   68.7  80.9   5:10pm  56.5   6:55am    2    6  0.00   2  15   4:15pm  SW 30.02   54
18   68.5  76.8   4:15pm  58.2  11:35pm    1    5  0.00   7  42   9:35pm  SE 29.82   48
19   61.3  68.8  12:50pm  50.6   5:50am    4    0  0.00   7  44   7:20pm   E 29.91   51
20   56.8  65.8   4:05pm  48.0   4:00am    8    0  0.00   3  16  12:05am  SW 29.99   71
21   47.1  50.1   4:15pm  44.3   4:20am   18    0  0.00   2  10   3:35pm  SW 30.08   89
22   54.0  64.5   3:30pm  41.8   5:35am   11    0  0.00   3  20   5:25pm  SW 29.94   64
23   57.7  65.8   4:35pm  48.8   5:20am    7    0  0.00   3  19  10:00am  NE 29.71   59
24   59.8  69.7   6:45pm  52.4   7:25am    6    0  0.00   3  14  12:55pm  SW 29.65   65
25   61.2  72.4   5:10pm  51.0   5:30am    5    2  0.00   2  11   3:50pm  SW 29.62   66
26   65.5  76.6   2:05pm  56.5   6:35am    2    3  0.00   5  31   2:05pm  SE 29.70   61
27   61.4  68.2   6:10pm  56.3   8:35am    4    0  0.00   2  11   5:05am  SW 29.98   74
28   53.7  58.7   1:05am  51.7   1:05pm   11    0  0.02   1   9  12:50am  SW 30.15   94
29   55.2  61.1   8:15pm  50.8   6:35am   10    0  0.00   1   8   1:40pm  SW 30.08   88
30
---------------------------------------------------------------------------------------
TOT   0.0  53.1   7/4/13  53.1   7/4/13  232   26  0.00   0  15   7/4/13 ---  0.00    0

HEAT BASE: 65.0
COOL BASE: 65.0