NOAA-Style Climate Reports

Select a Year or Month report
2017: Jan Feb Mar Apr May Jun Jul Aug Sep Oct Nov Dec
2016: Jan Feb Mar Apr May Jun Jul Aug Sep Oct Nov Dec
2015: Jan Feb Mar Apr May Jun Jul Aug Sep Oct Nov Dec
2014: Jan Feb Mar Apr May Jun Jul Aug Sep Oct Nov Dec
2013: Jan Feb Mar Apr May Jun Jul Aug Sep Oct Nov Dec
2012: Jan Feb Mar Apr May Jun Jul Aug Sep Oct Nov Dec
2011: Jan Feb Mar Apr May Jun Jul Aug Sep Oct Nov Dec
2010: Jan Feb Mar Apr May Jun Jul Aug Sep Oct Nov Dec
2009: Jan Feb Mar Apr May Jun Jul Aug Sep Oct Nov Dec
2008: Jan Feb Mar Apr May Jun Jul Aug Sep Oct Nov Dec
2007: Jan Feb Mar Apr May Jun Jul Aug Sep Oct Nov Dec

Report for 2013 April
                  MONTHLY CLIMATOLOGICAL SUMMARY FOR 4/2013
                                        HEAT  COOL        
     MEAN                               DEG   DEG       WIND SPEED       DOM MEAN  MEAN
DAY  TEMP  HIGH   TIME     LOW   TIME   DAYS  DAYS RAIN AVG  HI  TIME    DIR BAROM HUM
---------------------------------------------------------------------------------------
1    31.2  36.0   4:20pm  27.5   7:45am   34    0  0.00   2  11   4:10pm  SW 30.02   78
2    31.6  39.8   3:35pm  23.4   7:25am   33    0  0.00   5  29  11:00pm   E 30.11   64
3    35.4  40.1   5:00pm  29.2  11:55pm   30    0  0.00   6  28  12:20am   E 30.21   57
4    31.2  38.3   5:45pm  24.5   6:55am   34    0  0.00   2  14  12:00am  SW 30.01   55
5    26.0  33.7   4:35pm  17.5   6:30am   39    0  0.00   2  14  11:50pm  SW 29.60   58
6    22.8  25.7  12:25am  19.9   7:40am   42    0  0.17   1  15  12:05am  SW 29.47   90
7    18.7  22.4   6:25pm  15.7   8:50pm   46    0  0.02   4  19   2:30am  SW 29.68   71
8    14.3  16.9  12:00am   9.5   4:00am   51    0  0.22   2  15  10:40am  SW 29.59   83
9
10
11
12
13
14
15
16
17
18
19
20   38.2  42.5   2:25pm  33.4  11:45pm   14    0  0.00   9  26   9:40pm   E 30.41   45
21   34.6  38.9  12:40pm  31.7   3:15am   30    0  0.00   7  28  12:30am   E 30.38   58
22   38.2  46.4   4:45pm  29.1   3:40am   27    0  0.00   3  19   4:55pm  NE 30.48   57
23   35.7  40.6   1:15am  32.3   9:50am   29    0  0.03   3  22   6:10am  SW 30.43   83
24   35.2  38.0   5:45pm  32.6  11:55pm   30    0  0.00   2  15   9:45pm  SW 30.12   89
25   33.0  39.0   2:25pm  26.0   7:50am   32    0  0.03   6  38   5:55pm  SW 29.74   51
26   28.5  35.8   4:55pm  19.7   6:55am   37    0  0.00   3  14   1:15am  SW 29.62   49
27   30.9  39.6   5:35pm  23.1   4:20am   34    0  0.00   4  26   1:50pm  SW 29.70   48
28   30.2  39.1   5:40pm  21.3   6:10am   35    0  0.00   3  21   1:40pm  SW 30.03   43
29
---------------------------------------------------------------------------------------
TOT   0.0  37.9   5/6/13  37.9   5/6/13  577    0  0.00   0   6   5/6/13 ---  0.00    0

HEAT BASE: 65.0
COOL BASE: 65.0