NOAA-Style Climate Reports

Select a Year or Month report
2017: Jan Feb Mar Apr May Jun Jul Aug Sep Oct Nov Dec
2016: Jan Feb Mar Apr May Jun Jul Aug Sep Oct Nov Dec
2015: Jan Feb Mar Apr May Jun Jul Aug Sep Oct Nov Dec
2014: Jan Feb Mar Apr May Jun Jul Aug Sep Oct Nov Dec
2013: Jan Feb Mar Apr May Jun Jul Aug Sep Oct Nov Dec
2012: Jan Feb Mar Apr May Jun Jul Aug Sep Oct Nov Dec
2011: Jan Feb Mar Apr May Jun Jul Aug Sep Oct Nov Dec
2010: Jan Feb Mar Apr May Jun Jul Aug Sep Oct Nov Dec
2009: Jan Feb Mar Apr May Jun Jul Aug Sep Oct Nov Dec
2008: Jan Feb Mar Apr May Jun Jul Aug Sep Oct Nov Dec
2007: Jan Feb Mar Apr May Jun Jul Aug Sep Oct Nov Dec

Report for 2013 March
                  MONTHLY CLIMATOLOGICAL SUMMARY FOR 3/2013
                                        HEAT  COOL        
     MEAN                               DEG   DEG       WIND SPEED       DOM MEAN  MEAN
DAY  TEMP  HIGH   TIME     LOW   TIME   DAYS  DAYS RAIN AVG  HI  TIME    DIR BAROM HUM
---------------------------------------------------------------------------------------
1    27.2  29.8  11:25am  24.0   3:15am   38    0  0.03   2  10   8:00am   N 29.68   83
2    28.6  35.9   2:40pm  22.7   1:15am   36    0  0.00   2  19  11:40pm  SW 30.02   82
3    33.5  40.1   1:25pm  28.7   3:55am   32    0  0.00   3  25  12:40am  NE 30.26   60
4    36.2  40.5   2:50pm  30.8  11:50pm   29    0  0.00   5  35   8:40am   E 30.42   60
5    31.9  38.1   2:00pm  27.4   8:45am   33    0  0.00   2  10   2:20pm  SW 30.14   73
6    30.7  37.3   5:05pm  26.2   2:40am   34    0  0.00   1  11   6:30pm  SW 29.94   74
7    35.5  39.0   8:40am  30.2  12:25am   30    0  0.01  12  79   9:00pm   E 29.62   63
8    38.2  43.3  12:25pm  36.0  12:35am   27    0  0.00  17  72   2:25am   E 29.58   55
9    35.1  38.4  11:50am  28.8  10:35pm   30    0  0.00  11  46   1:35am   E 29.91   62
10   28.5  33.3  12:25am  25.3  10:05pm   35    0  0.28   2  15   6:25pm  NE 30.12   88
11   25.2  32.5   6:00pm  18.8  10:05am   40    0  0.00   3  20   3:45pm  SW 30.27   83
12   21.2  29.6   4:55pm  14.7   9:25am   44    0  0.00   2  14   8:00pm  SW 30.12   65
13   18.9  27.2   4:30pm  11.8   8:20am   46    0  0.00   3  18   9:15pm  SW 29.89   61
14   18.5  26.3   6:20pm  11.6   7:45am   47    0  0.00   3  20  12:00pm   N 29.83   67
15   21.7  28.0   4:45pm  15.2   9:30am   43    0  0.00   2  12   2:45pm  SW 29.78   62
16   20.9  28.8   4:10pm  14.3   8:20am   44    0  0.00   2  11   5:45pm  SW 29.99   59
17
18
19
20   14.5  14.9  11:55pm  13.9  10:45pm    3    0  0.00   5   9  11:20pm  SW 29.99   53
21   17.5  25.2   3:05pm   8.8   7:00am   47    0  0.00   3  26  11:35pm  SW 30.15   58
22   28.4  32.3   9:40pm  23.5   3:05am   37    0  0.00  14  55   9:10am  SE 29.96   66
23   26.9  32.4  12:40am  22.0  11:35pm   38    0  0.06   4  22   6:40am  SW 29.82   86
24   21.3  24.0  12:55am  18.8   9:25am   44    0  0.16   0  14  12:50am  SW 29.71   91
25   15.6  20.2  12:10am   6.6  11:40pm   49    0  0.62   3  20  11:25am  SW 29.51   90
26    8.3  15.2   6:35pm   3.5   6:10am   57    0  0.02   3  16   3:10am  SW 30.00   77
27   11.2  19.9   2:30pm   2.7   6:45am   54    0  0.00   2  11   1:50am  SW 30.25   72
28   22.0  30.6   1:10pm  12.4   1:10am   43    0  0.08   7  46   3:05pm   E 30.10   77
29   28.4  36.8   4:35pm  21.8   1:26am   30    0  0.00   4  30   4:35pm  SW 29.90   79
---------------------------------------------------------------------------------------
TOT  25.0  43.3   3/8/13   2.7  3/27/13  989    0  1.26   4  79   3/7/13  SW 29.96   71

HEAT BASE: 65.0
COOL BASE: 65.0