NOAA-Style Climate Reports

Select a Year or Month report
2017: Jan Feb Mar Apr May Jun Jul Aug Sep Oct Nov Dec
2016: Jan Feb Mar Apr May Jun Jul Aug Sep Oct Nov Dec
2015: Jan Feb Mar Apr May Jun Jul Aug Sep Oct Nov Dec
2014: Jan Feb Mar Apr May Jun Jul Aug Sep Oct Nov Dec
2013: Jan Feb Mar Apr May Jun Jul Aug Sep Oct Nov Dec
2012: Jan Feb Mar Apr May Jun Jul Aug Sep Oct Nov Dec
2011: Jan Feb Mar Apr May Jun Jul Aug Sep Oct Nov Dec
2010: Jan Feb Mar Apr May Jun Jul Aug Sep Oct Nov Dec
2009: Jan Feb Mar Apr May Jun Jul Aug Sep Oct Nov Dec
2008: Jan Feb Mar Apr May Jun Jul Aug Sep Oct Nov Dec
2007: Jan Feb Mar Apr May Jun Jul Aug Sep Oct Nov Dec

Report for 2013 February
                  MONTHLY CLIMATOLOGICAL SUMMARY FOR 2/2013
                                        HEAT  COOL        
     MEAN                               DEG   DEG       WIND SPEED       DOM MEAN  MEAN
DAY  TEMP  HIGH   TIME     LOW   TIME   DAYS  DAYS RAIN AVG  HI  TIME    DIR BAROM HUM
---------------------------------------------------------------------------------------
1    31.7  37.0   2:25pm  25.3  12:20am   33    0  0.00   1   8   2:00pm   E 29.87   86
2    35.3  41.6  11:20am  28.8  12:00am   30    0  0.00   3  24   3:50am   N 29.56   79
3    34.6  40.1   6:35am  31.8   7:35am   30    0  0.00   3  30  11:10pm   E 29.33   80
4    37.8  40.6   5:20pm  36.1  11:15am   27    0  0.00  16  48   4:10am   E 29.57   59
5    30.8  36.6  12:00am  24.8   8:50pm   34    0  0.00   1  10  12:00am   E 29.56   68
6    25.1  27.0   1:30am  22.7  11:55pm   40    0  0.16   1  14   2:55pm  SW 29.55   89
7    28.1  36.1   6:55pm  20.1   3:00am   37    0  0.07  11  59   5:35pm   E 29.42   78
8    31.1  37.1  11:55pm  26.7   5:25pm   34    0  0.00   5  41  10:35pm  SW 29.63   82
9    34.9  41.7   7:55pm  24.5   3:45am   30    0  0.01  10  68  12:15pm   E 29.32   70
10
11
12   27.4  33.7   9:50pm  24.2  10:50pm    5    0  0.00   5  29   9:45pm ESE 29.74   77
13   30.4  35.7   1:40pm  24.3   1:35am   35    0  0.01   7  48   1:10pm ESE 29.76   72
14   30.7  36.9   6:20am  26.5  12:45am   34    0  0.13   7  60   3:50am   E 29.40   80
15   25.7  29.4   4:15am  20.3  11:40pm   39    0  0.08   2  15  12:10am  SW 29.71   91
16   18.8  26.6   6:35pm  11.6   8:15am   46    0  0.00   4  34  11:00pm   E 29.96   75
17   19.3  25.1   3:55pm  13.8  11:40pm   46    0  0.52   3  28  12:35am  SW 29.66   89
18   11.9  16.8   2:45pm   6.7   9:50pm   53    0  0.06   2  18   1:50am   N 29.87   80
19   13.8  28.0  11:15pm   7.9   4:55am   51    0  0.01   2  18   8:30pm  SW 29.60   83
20   23.5  31.1   4:35pm  14.1   8:25am   41    0  0.01   2  22   4:25am   N 29.15   84
21   22.9  29.3   1:50pm  17.9   1:25am   42    0  0.00   1   8   1:00pm   E 29.19   85
22   20.6  24.4   3:50pm  15.8  11:40pm   44    0  0.11   4  20   6:20am   S 29.35   80
23   21.6  29.7   7:00pm  17.0  12:00am   43    0  0.00   2  20   6:55pm  SW 29.26   81
24   30.6  35.3   2:50pm  21.4   1:10am   34    0  0.00   7  34   6:35am   E 29.47   70
25   30.7  35.7  12:25pm  27.3   2:55am   34    0  0.00   3  32  12:40am  SW 29.62   70
26   32.2  39.2   2:10pm  27.2   3:35am   33    0  0.00   3  34  11:10pm  SW 29.44   68
27   31.7  39.3   2:00pm  24.9   1:50am   33    0  0.00   4  28   1:55pm   E 29.25   68
28   29.9  35.3  12:55pm  24.7   9:00pm   35    0  0.00   2  14   2:05pm  SW 29.34   79
---------------------------------------------------------------------------------------
TOT  27.6  41.7   2/9/13   6.7  2/18/13  946    0  1.56   5  68   2/9/13   E 29.50   78

HEAT BASE: 65.0
COOL BASE: 65.0