NOAA-Style Climate Reports

Select a Year or Month report
2017: Jan Feb Mar Apr May Jun Jul Aug Sep Oct Nov Dec
2016: Jan Feb Mar Apr May Jun Jul Aug Sep Oct Nov Dec
2015: Jan Feb Mar Apr May Jun Jul Aug Sep Oct Nov Dec
2014: Jan Feb Mar Apr May Jun Jul Aug Sep Oct Nov Dec
2013: Jan Feb Mar Apr May Jun Jul Aug Sep Oct Nov Dec
2012: Jan Feb Mar Apr May Jun Jul Aug Sep Oct Nov Dec
2011: Jan Feb Mar Apr May Jun Jul Aug Sep Oct Nov Dec
2010: Jan Feb Mar Apr May Jun Jul Aug Sep Oct Nov Dec
2009: Jan Feb Mar Apr May Jun Jul Aug Sep Oct Nov Dec
2008: Jan Feb Mar Apr May Jun Jul Aug Sep Oct Nov Dec
2007: Jan Feb Mar Apr May Jun Jul Aug Sep Oct Nov Dec

Report for 2013 January
                  MONTHLY CLIMATOLOGICAL SUMMARY FOR 1/2013
                                        HEAT  COOL        
     MEAN                               DEG   DEG       WIND SPEED       DOM MEAN  MEAN
DAY  TEMP  HIGH   TIME     LOW   TIME   DAYS  DAYS RAIN AVG  HI  TIME    DIR BAROM HUM
---------------------------------------------------------------------------------------
1
2    37.8  40.0   3:25am  36.6   6:50pm   26    0  0.00  17  52   1:25am   E 29.43   54
3    35.4  38.3   9:10am  31.1  10:00pm   30    0  0.00   8  50   9:55am ESE 29.52   64
4    34.4  38.2  11:20pm  30.9   2:05am   31    0  0.00   8  38   4:20pm   E 29.74   66
5    32.6  38.1  11:45pm  29.1   4:10pm   32    0  0.00   2  19  11:45pm   E 29.46   76
6    32.9  38.4  12:05am  29.0   8:25pm   32    0  0.00   4  39  11:05pm   E 29.23   78
7    31.6  37.2  12:15am  27.8   8:35am   33    0  0.00   3  41  12:20am   E 29.17   70
8    26.1  33.7   1:55am  20.6   6:40pm   39    0  0.00   2  12   8:50pm   E 29.70   81
9    22.3  30.4  11:05pm  19.0   6:10am   43    0  0.00   2  31  11:05pm   E 30.04   81
10
11   30.5  32.5  11:55pm  29.8  11:05pm    3    0  0.00   2  15  11:55pm   E 30.13   83
12   38.4  41.5  11:15pm  31.6   1:30am   27    0  0.84  24  66  11:20pm   E 29.97   73
13   40.9  43.9   3:10am  38.0  12:55pm   24    0  0.86  23  65  12:35am   E 29.77   74
14   40.7  45.1   7:35am  31.2  11:45pm   24    0  0.62  17  62   5:05am  SE 29.66   65
15   26.5  31.1  12:00am  23.2   7:20pm   38    0  0.00   3  19  12:50am   E 30.15   45
16   22.9  28.1   8:10am  17.7  10:55pm   42    0  0.08   1  11   7:35am  SW 29.93   81
17   16.2  18.4   1:55am  12.3  10:55pm   49    0  0.09   2  14   4:05pm   N 29.73   85
18   12.5  15.3   1:40pm   7.9   4:35am   53    0  0.00   1  10   6:15am   E 30.14   81
19   21.4  28.2   5:20pm  14.4  12:00am   44    0  0.00   2  18   5:10pm   N 30.14   84
20   32.6  37.9   4:25am  20.5  12:55am   32    0  0.02   7  64   4:20am NNE 29.90   83
21   35.9  43.6   2:40pm  31.2  12:40am   29    0  0.00   3  19   9:40pm  NE 29.81   76
22   36.6  40.7   2:25am  33.6   1:35am   28    0  0.00   2  18  10:35am  NE 29.56   78
23   36.4  40.5   2:50pm  33.0  11:20pm   29    0  0.00   2  15   1:55pm   E 29.35   78
24   36.0  38.9   2:15pm  32.9   1:50am   29    0  0.00   6  30  12:10pm  SE 29.44   66
25   16.4  35.2  12:30am  -1.2  11:40pm   49    0  0.24   5  29   1:30am   N 29.46   73
26   -0.8   3.9   1:35pm  -5.1  10:10am   66    0  0.00   2  15   5:00am   N 29.78   66
27   -5.4  -1.6   3:25pm  -9.4   9:10am   70    0  0.00   2  20   2:10pm  SW 30.05   68
28   -1.7   6.2   9:50pm -10.2   3:25am   67    0  0.06   1  12  11:45pm   E 30.12   72
29   10.5  21.1   6:50pm   3.0   2:10am   54    0  0.00   2  11   2:55am  SW 29.83   87
30   30.5  42.2   1:00pm  19.8  12:50am   35    0  0.03   7  58   1:00pm  SW 29.74   79
31   31.1  39.5  12:55am  25.2  11:45pm   34    0  0.03   1  20  12:45am  SE 29.84   93
---------------------------------------------------------------------------------------
TOT  26.1  45.1  1/14/13 -10.2  1/28/13 1090    0  2.90   6  66  1/12/13   E 29.75   75

HEAT BASE: 65.0
COOL BASE: 65.0