NOAA-Style Climate Reports

Select a Year or Month report
2017: Jan Feb Mar Apr May Jun Jul Aug Sep Oct Nov Dec
2016: Jan Feb Mar Apr May Jun Jul Aug Sep Oct Nov Dec
2015: Jan Feb Mar Apr May Jun Jul Aug Sep Oct Nov Dec
2014: Jan Feb Mar Apr May Jun Jul Aug Sep Oct Nov Dec
2013: Jan Feb Mar Apr May Jun Jul Aug Sep Oct Nov Dec
2012: Jan Feb Mar Apr May Jun Jul Aug Sep Oct Nov Dec
2011: Jan Feb Mar Apr May Jun Jul Aug Sep Oct Nov Dec
2010: Jan Feb Mar Apr May Jun Jul Aug Sep Oct Nov Dec
2009: Jan Feb Mar Apr May Jun Jul Aug Sep Oct Nov Dec
2008: Jan Feb Mar Apr May Jun Jul Aug Sep Oct Nov Dec
2007: Jan Feb Mar Apr May Jun Jul Aug Sep Oct Nov Dec

Report for 2012 December
                  MONTHLY CLIMATOLOGICAL SUMMARY FOR 12/2012
                                        HEAT  COOL        
     MEAN                               DEG   DEG       WIND SPEED       DOM MEAN  MEAN
DAY  TEMP  HIGH   TIME     LOW   TIME   DAYS  DAYS RAIN AVG  HI  TIME    DIR BAROM HUM
---------------------------------------------------------------------------------------
1    11.4  17.5  12:55pm   9.0   6:40am   54    0  0.00   2  10   2:25pm NNE 29.54   55
2    10.3  17.8   1:45pm   6.6   9:50pm   55    0  0.00   2  11  11:25am  NE 29.39   56
3     6.0  10.3   1:45pm   2.2  10:05pm   59    0  0.00   2  10   8:25am   E 29.51   69
4    -1.7   2.8  12:00am  -4.5   7:55pm   67    0  0.00   1  11   3:35am NNE 29.52   70
5     0.2   6.0   2:15pm  -3.6  12:10am   65    0  0.00   1   8   3:20am   N 29.59   80
6     6.8  14.4   1:55pm   1.3   1:25am   58    0  0.00   1   9  10:30am   E 29.78   74
7    11.8  26.5  11:00pm   6.2   4:15am   53    0  0.00   1  18  10:50pm   E 29.93   76
8    20.3  31.5  10:20am  12.5   1:30pm   45    0  0.30   5  44   7:35am  SE 29.66   74
9    30.5  38.0   5:10pm  17.5   1:20am   35    0  0.01   3  20   4:10pm ESE 29.40   84
10   27.5  29.8   1:50am  24.8   9:15pm   38    0  0.01   1   8   2:20am  SW 29.60   95
11   23.7  26.5   5:00pm  19.8   5:25am   41    0  0.02   2  11   5:05pm   E 29.84   92
12   31.7  35.3   7:15am  23.9  12:00am   33    0  0.14  11  39   6:45am  SE 29.36   89
13   30.0  31.1   1:25pm  27.9  11:45pm   35    0  0.00   7  32   1:05am   S 29.34   82
14   18.6  28.5  12:30am  13.0  12:25pm   46    0  0.00   1  10   2:30am   E 29.22   86
15    7.5  17.0  12:20am   0.5  10:55pm   57    0  0.00   2  12   3:00pm NNE 29.17   83
16    3.6   6.0   8:55pm  -0.5  12:20am   14    0  0.00   1   6  10:55pm   E 29.60   75
17    3.3   7.5   1:35pm  -0.8   8:35pm   62    0  0.00   2  15   1:05am ESE 29.73   65
18   11.5  19.5   1:40pm   5.0   2:00am   53    0  0.00   1  10   4:05am  NE 29.48   54
19   10.4  14.8   2:50am   6.4  12:00am   55    0  0.00   3  20   2:35pm  SW 29.73   59
20    7.8  10.6   2:45am   4.0   9:30pm   57    0  0.00   3  21   2:00am   E 30.03   65
21    6.4  12.4   1:30pm   3.4   1:55am   59    0  0.00   1   8   6:50pm  NE 30.07   58
22    8.9  14.8   4:35pm   5.3   8:40am   56    0  0.00   1   9   7:45pm   N 29.82   52
23   10.8  19.2   1:15pm   2.2   4:55am   54    0  0.00   2  12   8:40pm  NE 29.68   71
24   25.2  36.3  10:25pm  10.6   2:30am   40    0  0.00   5  44  11:05pm ESE 29.49   74
25   29.2  35.4   5:50am  21.3  11:40pm   36    0  0.10  10  64   8:20am ESE 29.54   79
26   30.3  40.0  12:25pm  21.9  12:00am   35    0  0.00   3  34  12:25pm  NE 29.48   79
27   34.8  38.8   2:15pm  25.5   4:45pm   30    0  0.00   5  31   1:50pm   E 29.35   74
28   38.2  41.8  11:40pm  32.7   1:15am   27    0  0.00  15  69  10:55pm   E 29.50   67
29   39.8  42.6   7:00pm  34.4  11:15pm   25    0  0.11  19  74   6:30am   E 29.37   62
30   40.0  42.6   6:40pm  32.8   1:25am   25    0  0.18  17  65   4:15am ESE 29.12   66
31
---------------------------------------------------------------------------------------
TOT   0.0  37.6   1/2/13  37.6   1/2/13 1368    0  0.00   0  48   1/2/13 ---  0.00    0

HEAT BASE: 65.0
COOL BASE: 65.0