NOAA-Style Climate Reports

Select a Year or Month report
2017: Jan Feb Mar Apr May Jun Jul Aug Sep Oct Nov Dec
2016: Jan Feb Mar Apr May Jun Jul Aug Sep Oct Nov Dec
2015: Jan Feb Mar Apr May Jun Jul Aug Sep Oct Nov Dec
2014: Jan Feb Mar Apr May Jun Jul Aug Sep Oct Nov Dec
2013: Jan Feb Mar Apr May Jun Jul Aug Sep Oct Nov Dec
2012: Jan Feb Mar Apr May Jun Jul Aug Sep Oct Nov Dec
2011: Jan Feb Mar Apr May Jun Jul Aug Sep Oct Nov Dec
2010: Jan Feb Mar Apr May Jun Jul Aug Sep Oct Nov Dec
2009: Jan Feb Mar Apr May Jun Jul Aug Sep Oct Nov Dec
2008: Jan Feb Mar Apr May Jun Jul Aug Sep Oct Nov Dec
2007: Jan Feb Mar Apr May Jun Jul Aug Sep Oct Nov Dec

Report for 2012 November
                  MONTHLY CLIMATOLOGICAL SUMMARY FOR 11/2012
                                        HEAT  COOL        
     MEAN                               DEG   DEG       WIND SPEED       DOM MEAN  MEAN
DAY  TEMP  HIGH   TIME     LOW   TIME   DAYS  DAYS RAIN AVG  HI  TIME    DIR BAROM HUM
---------------------------------------------------------------------------------------
1    22.2  27.5   2:45pm  18.0   1:00am   43    0  0.00   1   6   1:30am   S 29.78   65
2    27.5  39.2   5:55pm  19.4   5:35am   37    0  0.00   3  24   5:25pm ENE 29.39   69
3    30.6  33.5   5:35pm  25.1   2:00am   34    0  0.00   1  10  12:15am   E 29.34   73
4    25.8  31.0   1:55am  18.8  11:55pm   39    0  0.00   2  14  10:00pm  SW 29.36   73
5    17.5  21.7   1:05pm  13.8   8:55am   48    0  0.01   3  22   9:45pm   N 29.62   73
6    17.1  21.3  12:25pm  13.1  11:55pm   48    0  0.17   1  16  12:55am   N 29.99   80
7    15.3  22.9   2:50pm  11.6   6:00am   50    0  0.00   2   9   2:35am   E 30.32   70
8    26.6  36.7  10:25pm  16.2  12:10am   38    0  0.00   2  24  10:30pm NNE 30.32   51
9    35.7  40.9   6:10pm  24.5   3:45am   29    0  0.00   9  50  10:30am   E 29.94   68
10   34.3  37.0  12:15pm  31.9  11:50pm   31    0  0.00   1   8  12:25am ENE 29.62   82
11   35.3  42.3   1:10pm  32.1  12:10am   28    0  0.00   1  10   5:15pm  NE 29.65   76
12   31.9  38.1   1:10pm  27.0   8:15pm   33    0  0.00   1   8   2:00pm   E 29.93   85
13   27.2  31.5  11:50pm  24.7   4:55am   38    0  0.00   1  16  11:45pm   E 29.91   89
14   28.2  36.7   3:05am  23.4  11:25pm   37    0  0.00   3  39   2:40am   E 29.41   85
15   26.4  30.3  11:45am  22.1  11:55pm   39    0  0.00   1   5  12:00am   E 29.47   91
16   18.3  23.0  12:20am  12.4  11:15pm   47    0  0.00   2  18   5:50am ESE 29.58   81
17   12.1  15.3  12:00am   9.8   5:10am   53    0  0.00   1   9   6:40am   E 29.26   79
18   15.5  24.4  12:55pm  12.3  11:20pm   49    0  0.00   1   5  12:45am  NE 29.20   83
19   10.1  13.2  12:15pm   7.9   6:55am   55    0  0.00   1   8   9:45pm   E 29.44   79
20   10.3  16.3   1:45pm   7.7   3:35am   55    0  0.00   1   6   1:05am   N 29.66   81
21   10.1  14.2   2:30pm   7.5   9:40am   55    0  0.00   1  11   3:45am   E 29.74   80
22   14.0  20.7   5:30am  10.3  12:00am   51    0  0.00   1  14   5:20pm ENE 29.70   78
23   17.4  23.3   2:55pm  13.5  12:10am   48    0  0.00   1   8   2:25pm   E 29.65   69
24   16.0  21.1   2:00pm  12.5  10:50am   49    0  0.00   1   9   1:35am   E 29.87   69
25   17.4  22.7   2:30pm  13.1   8:30am   48    0  0.00   1   5   2:55am ENE 30.14   80
26
27
28   13.4  15.0   8:55pm  12.2  11:55pm    7    0  0.00   1   6  10:25pm NNE 29.71   64
29   13.1  18.2   1:35pm  10.1   9:35am   52    0  0.00   2   8   2:20pm   N 29.57   56
30   13.8  18.4  12:40pm  11.0   8:25am   51    0  0.00   2  11   3:10am   E 29.63   50
---------------------------------------------------------------------------------------
TOT  21.0  42.3 11/11/12   7.5 11/21/12 1190    0  0.18   2  50  11/9/12   E 29.69   75

HEAT BASE: 65.0
COOL BASE: 65.0