NOAA-Style Climate Reports

Select a Year or Month report
2017: Jan Feb Mar Apr May Jun Jul Aug Sep Oct Nov Dec
2016: Jan Feb Mar Apr May Jun Jul Aug Sep Oct Nov Dec
2015: Jan Feb Mar Apr May Jun Jul Aug Sep Oct Nov Dec
2014: Jan Feb Mar Apr May Jun Jul Aug Sep Oct Nov Dec
2013: Jan Feb Mar Apr May Jun Jul Aug Sep Oct Nov Dec
2012: Jan Feb Mar Apr May Jun Jul Aug Sep Oct Nov Dec
2011: Jan Feb Mar Apr May Jun Jul Aug Sep Oct Nov Dec
2010: Jan Feb Mar Apr May Jun Jul Aug Sep Oct Nov Dec
2009: Jan Feb Mar Apr May Jun Jul Aug Sep Oct Nov Dec
2008: Jan Feb Mar Apr May Jun Jul Aug Sep Oct Nov Dec
2007: Jan Feb Mar Apr May Jun Jul Aug Sep Oct Nov Dec

Report for 2012 October
                  MONTHLY CLIMATOLOGICAL SUMMARY FOR 10/2012
                                        HEAT  COOL        
     MEAN                               DEG   DEG       WIND SPEED       DOM MEAN  MEAN
DAY  TEMP  HIGH   TIME     LOW   TIME   DAYS  DAYS RAIN AVG  HI  TIME    DIR BAROM HUM
---------------------------------------------------------------------------------------
1    34.9  43.8   4:30pm  28.7   4:15am   26    0  0.01   2  10   5:55am   E 30.26   70
2    43.3  46.4   2:35pm  37.5  12:00am   22    0  0.00  10  55   2:45pm   E 30.30   61
3    45.6  52.3  11:25pm  39.5   1:30am   19    0  0.48  15  58  10:05pm   E 30.17   67
4    52.7  57.3   5:15pm  49.6   2:25am   12    0  0.06  26  65  12:50am   E 30.00   63
5    48.7  53.9  12:05am  43.9   6:35pm   16    0  0.54   8  42  12:05am   E 30.14   77
6    44.3  50.9  12:00am  41.9   8:10am   21    0  0.11   2  25  12:00am  SW 30.22   89
7    46.6  54.4  11:50pm  42.8   7:05am   18    0  0.04   2  25  12:25am  SE 30.28   88
8    47.5  55.7   3:45am  41.8  11:40pm   17    0  0.00   2  21   3:30am  SW 30.20   88
9    42.2  45.2   1:15pm  38.9   7:30am   23    0  0.00   2  12  11:40am   E 30.15   94
10
11
12
13
14   37.5  38.3  11:05pm  36.2   8:15pm    4    0  0.00   1   5   8:55pm   E 28.94   88
15   33.5  38.4   2:35am  26.3  11:50pm   32    0  0.06   2  19  10:20pm   N 29.01   94
16   24.4  26.3  11:00pm  21.6   8:30am   41    0  0.06   3  18  11:35pm  SW 29.28   90
17   27.3  34.1   1:00pm  22.3   1:45am   38    0  0.00   2  15  12:20am  SW 29.69   83
18   23.6  31.0   4:00pm  17.6   8:20am   41    0  0.00   2  12   4:20pm   E 29.79   76
19   24.7  33.3   3:20pm  18.2   7:45am   40    0  0.00   2  11   3:35pm  SW 29.97   75
20   25.9  35.7   4:55pm  18.5   8:45am   39    0  0.00   2  16   8:05pm  SW 30.22   60
21   23.6  30.3   4:20pm  19.2   9:05am   41    0  0.00   2  10   1:10pm   E 30.33   63
22   21.3  29.2   4:00pm  17.1   8:30am   44    0  0.00   1  10   2:45pm  SW 30.29   69
23
24
25   23.5  24.1   9:50pm  23.0  11:20pm    4    0  0.00   1   5  10:15pm  SW 30.48   66
26   24.5  31.0   2:45pm  19.4   9:25am   41    0  0.00   1   6   1:45am   E 30.38   62
27   24.8  32.6   3:45pm  18.6   8:10am   40    0  0.00   1   9   6:15pm  SW 30.10   59
28   27.9  34.6   2:35pm  22.8   4:15am   37    0  0.00   1   8   5:25am  SW 30.01   57
29   29.5  36.1  12:10pm  24.8   4:05am   36    0  0.00   2  11  12:15pm   N 29.91   72
30   22.5  26.1   2:50pm  19.4   9:25pm   42    0  0.12   2  15   3:35am  SW 29.66   78
31   18.8  25.6   2:25pm  14.9   8:00am   46    0  0.00   2  11   7:05am   E 29.56   66
---------------------------------------------------------------------------------------
TOT  32.8  57.3  10/4/12  14.9 10/31/12  741    0  1.51   4  65  10/4/12   E 30.00   74

HEAT BASE: 65.0
COOL BASE: 65.0