NOAA-Style Climate Reports

Select a Year or Month report
2017: Jan Feb Mar Apr May Jun Jul Aug Sep Oct Nov Dec
2016: Jan Feb Mar Apr May Jun Jul Aug Sep Oct Nov Dec
2015: Jan Feb Mar Apr May Jun Jul Aug Sep Oct Nov Dec
2014: Jan Feb Mar Apr May Jun Jul Aug Sep Oct Nov Dec
2013: Jan Feb Mar Apr May Jun Jul Aug Sep Oct Nov Dec
2012: Jan Feb Mar Apr May Jun Jul Aug Sep Oct Nov Dec
2011: Jan Feb Mar Apr May Jun Jul Aug Sep Oct Nov Dec
2010: Jan Feb Mar Apr May Jun Jul Aug Sep Oct Nov Dec
2009: Jan Feb Mar Apr May Jun Jul Aug Sep Oct Nov Dec
2008: Jan Feb Mar Apr May Jun Jul Aug Sep Oct Nov Dec
2007: Jan Feb Mar Apr May Jun Jul Aug Sep Oct Nov Dec

Report for 2012 September
                  MONTHLY CLIMATOLOGICAL SUMMARY FOR 9/2012
                                        HEAT  COOL        
     MEAN                               DEG   DEG       WIND SPEED       DOM MEAN  MEAN
DAY  TEMP  HIGH   TIME     LOW   TIME   DAYS  DAYS RAIN AVG  HI  TIME    DIR BAROM HUM
---------------------------------------------------------------------------------------
1    46.9  49.0   1:05pm  45.1   3:10am   18    0  0.16   1  16  10:30am  SW 29.57   91
2
3
4
5    47.4  50.6   3:35pm  44.8   6:05pm    6    0  0.25   8  30  10:00pm   E 29.78   70
6    47.3  51.3   4:35pm  44.6  10:05pm   18    0  0.00   6  31  12:20am  SW 30.05   63
7    46.2  51.4  12:55pm  39.4  11:30pm   19    0  0.00   5  28   4:10am   E 30.01   65
8    42.6  51.3   5:15pm  36.4   7:30am   22    0  0.01   2  16   2:50pm  SW 29.81   75
9    44.2  56.2   5:15pm  34.9   8:15am   21    0  0.00   3  20   4:20pm  SW 29.75   62
10   43.0  52.2   6:05pm  35.1   6:30am   22    0  0.00   2  14  11:50pm  SW 29.85   62
11   47.2  49.0   1:05pm  42.6  11:55pm   18    0  0.00  11  44   3:45pm   E 29.82   51
12   42.9  45.9   5:45pm  40.3   7:10am   22    0  0.35   1  15   1:25am  SW 29.68   91
13   44.9  52.8   5:30pm  40.7   7:30am   20    0  0.03   2  10   2:20pm  NE 29.81   86
14   45.8  51.2  11:55pm  42.2   4:20am   19    0  0.22   7  45  11:55pm   E 29.80   80
15   50.1  53.1   4:00am  45.2   8:35pm   15    0  0.43  15  65  10:50pm   E 29.76   69
16   49.1  52.5   5:55pm  45.4  10:15am   16    0  1.04  24  74   2:45am ESE 29.43   67
17   46.5  52.6   3:20pm  42.2   5:00am   19    0  0.09  10  46  10:05pm  SE 29.84   70
18   45.9  48.7   2:05am  43.6   6:15pm   19    0  0.70  31  76   9:20pm   E 29.76   68
19   52.2  61.5  10:45pm  44.0   3:25am   13    0  1.05  36  92  11:25am   E 29.52   66
20   55.1  61.8   4:35pm  48.6  11:55pm   10    0  0.47  12  52  11:00am   E 29.64   73
21
22   53.0  57.8   6:25pm  49.5  11:00pm    3    0  0.12   7  36  10:50pm   E 29.39   64
23   48.9  53.9  12:25am  45.1   2:00am   16    0  0.40   8  38   3:25pm   E 29.51   74
24   44.2  49.2  12:00am  41.8   8:50am   21    0  0.03   2  20   4:30pm   N 29.88   85
25   45.0  48.8   4:40pm  41.1   6:10am   20    0  0.03   5  38  11:05pm   N 29.54   80
26   44.7  48.7  12:00am  40.7  11:40pm   20    0  0.09   7  45  12:40am   E 29.21   71
27   41.6  44.6   2:50am  39.1   7:55am   23    0  0.00   2  16   1:55am  NE 28.92   82
28   37.2  40.4   8:45am  31.2  11:35pm   28    0  0.23   1  10  12:30pm  SW 29.25   94
29   33.1  41.5   3:20pm  29.1   9:20am   32    0  0.55   1  12   2:40pm   E 29.72   84
30   33.0  40.0   6:20pm  28.2   8:05am   32    0  0.00   2   9  12:45am   E 30.02   74
---------------------------------------------------------------------------------------
TOT  45.3  66.7  9/21/12  28.2  9/30/12  492    0  7.37   8  92  9/19/12   E 29.68   74

HEAT BASE: 65.0
COOL BASE: 65.0