NOAA-Style Climate Reports

Select a Year or Month report
2017: Jan Feb Mar Apr May Jun Jul Aug Sep Oct Nov Dec
2016: Jan Feb Mar Apr May Jun Jul Aug Sep Oct Nov Dec
2015: Jan Feb Mar Apr May Jun Jul Aug Sep Oct Nov Dec
2014: Jan Feb Mar Apr May Jun Jul Aug Sep Oct Nov Dec
2013: Jan Feb Mar Apr May Jun Jul Aug Sep Oct Nov Dec
2012: Jan Feb Mar Apr May Jun Jul Aug Sep Oct Nov Dec
2011: Jan Feb Mar Apr May Jun Jul Aug Sep Oct Nov Dec
2010: Jan Feb Mar Apr May Jun Jul Aug Sep Oct Nov Dec
2009: Jan Feb Mar Apr May Jun Jul Aug Sep Oct Nov Dec
2008: Jan Feb Mar Apr May Jun Jul Aug Sep Oct Nov Dec
2007: Jan Feb Mar Apr May Jun Jul Aug Sep Oct Nov Dec

Report for 2012 August
                  MONTHLY CLIMATOLOGICAL SUMMARY FOR 8/2012
                                        HEAT  COOL        
     MEAN                               DEG   DEG       WIND SPEED       DOM MEAN  MEAN
DAY  TEMP  HIGH   TIME     LOW   TIME   DAYS  DAYS RAIN AVG  HI  TIME    DIR BAROM HUM
---------------------------------------------------------------------------------------
1    53.5  56.5   6:40pm  49.2   7:45am   11    0  0.13  12  56   5:15pm ESE 29.73   69
2    50.8  55.8   3:20am  44.9   9:55am   14    0  0.62   7  45   2:15am  SE 29.78   75
3    51.6  60.3   6:15pm  45.7   7:05am   13    0  0.08   3  18   1:20am  SW 30.08   76
4    49.9  55.1   2:25pm  47.0  12:00am   15    0  0.00   4  30   2:45pm   E 30.04   78
5    49.4  53.7   7:03pm  44.7   5:45am   14    0  0.15   1   8  11:15am  NE 29.91   88
6    53.5  60.6   3:40pm  45.7   2:20am   12    0  0.03   2  18  10:55pm  SW 29.86   80
7    55.4  62.2   2:20pm  49.0   5:35am   10    0  0.00   5  26   5:05pm   E 29.93   64
8    51.6  59.2   7:05pm  43.7   5:40am   13    0  0.07   1   9  12:30am  SW 29.88   84
9    58.2  66.3   6:40pm  50.4   6:10am    7    0  0.00   2  15   5:35pm  SW 29.96   74
10   55.5  58.7   6:40pm  52.4   9:10am    9    0  0.00   2  16  12:45am  SW 30.09   79
11   55.9  63.5   7:20pm  49.2   2:55am    9    0  0.00   2  11   2:30pm  SW 30.09   84
12   57.2  64.9   6:20pm  50.8   6:20am    8    0  0.00   2  11   3:30pm  SW 30.01   80
13   56.8  64.7   5:40pm  51.7   6:05am    8    0  0.00   2  11   5:45pm  SW 30.07   82
14
15
16
17   51.9  58.5   7:20pm  46.2  11:45pm    3    0  0.00   2   8   7:20pm  NE 29.87   75
18   51.6  58.9  12:45pm  44.5   7:10am   13    0  0.08   7  36   8:25pm   E 29.88   76
19   53.9  56.7   4:45pm  51.1  12:55am   11    0  0.00  18  54  11:00pm   E 29.85   64
20   51.3  54.4   3:35am  48.2  11:45pm   14    0  0.09   5  50   1:25am  SW 29.85   82
21   49.6  57.1   6:40pm  43.3   5:30am   15    0  0.01   2  10   2:05am  SW 30.05   91
22   54.7  62.2   4:40pm  47.8   8:40am   10    0  0.00   2  21  11:20pm  SW 29.93   79
23   50.5  58.1  12:15am  45.6   7:50am   15    0  0.32   3  35   3:30am  SW 29.73   83
24   52.3  57.8   2:15pm  46.0   1:55am   13    0  0.05   5  26   9:50am  SE 29.94   76
25   53.1  59.5   5:30pm  48.9   7:15am   12    0  0.00   2  11   2:00am  SW 30.03   78
26   55.0  62.8   6:15pm  48.4   2:35am   10    0  0.09   7  40   6:20pm  SE 29.86   77
27   55.6  60.5   4:00pm  45.9  11:30pm    9    0  0.75   6  32   1:50am  SW 29.76   70
28   51.2  59.2   6:15pm  45.5  12:05am   14    0  0.00   3  21   3:40am  SW 30.06   60
29   53.0  62.2   6:15pm  45.2   7:20am   12    0  0.00   2  11   2:40pm  SW 30.04   67
30   54.2  58.6   5:40am  46.3  10:55pm   11    0  0.14  15  54   2:30pm   E 29.80   54
31   50.1  55.0   3:30pm  46.7  11:25pm   15    0  0.01   8  45  12:10am   E 29.72   74
---------------------------------------------------------------------------------------
TOT  53.3  68.6  8/14/12  43.3  8/21/12  321    0  2.70   5  56   8/1/12  SW 29.93   76

HEAT BASE: 65.0
COOL BASE: 65.0