NOAA-Style Climate Reports

Select a Year or Month report
2017: Jan Feb Mar Apr May Jun Jul Aug Sep Oct Nov Dec
2016: Jan Feb Mar Apr May Jun Jul Aug Sep Oct Nov Dec
2015: Jan Feb Mar Apr May Jun Jul Aug Sep Oct Nov Dec
2014: Jan Feb Mar Apr May Jun Jul Aug Sep Oct Nov Dec
2013: Jan Feb Mar Apr May Jun Jul Aug Sep Oct Nov Dec
2012: Jan Feb Mar Apr May Jun Jul Aug Sep Oct Nov Dec
2011: Jan Feb Mar Apr May Jun Jul Aug Sep Oct Nov Dec
2010: Jan Feb Mar Apr May Jun Jul Aug Sep Oct Nov Dec
2009: Jan Feb Mar Apr May Jun Jul Aug Sep Oct Nov Dec
2008: Jan Feb Mar Apr May Jun Jul Aug Sep Oct Nov Dec
2007: Jan Feb Mar Apr May Jun Jul Aug Sep Oct Nov Dec

Report for 2012 July
                  MONTHLY CLIMATOLOGICAL SUMMARY FOR 7/2012
                                        HEAT  COOL        
     MEAN                               DEG   DEG       WIND SPEED       DOM MEAN  MEAN
DAY  TEMP  HIGH   TIME     LOW   TIME   DAYS  DAYS RAIN AVG  HI  TIME    DIR BAROM HUM
---------------------------------------------------------------------------------------
1    50.9  55.1   6:40pm  46.6  10:20am   14    0  0.00   2  14   3:40pm   S 29.81   81
2    50.3  53.6   3:45pm  47.7   5:20am   15    0  0.00   2  12   2:15pm SSW 29.84   80
3    48.3  54.4   3:30pm  44.4   4:10am   17    0  0.04   7  41  10:20pm ENE 29.79   78
4    48.6  52.2   5:05pm  44.3   2:15am   16    0  0.13   6  32   2:15pm ENE 29.82   69
5    49.1  54.7   3:35pm  45.2   7:30am   16    0  0.06   5  24   6:55pm  NE 29.80   70
6    50.9  58.5   4:05pm  42.8   5:45am   14    0  0.06   2  20   2:40am  SW 29.85   75
7    52.1  55.5   5:40pm  48.3   6:30am   13    0  0.00   3  25   4:00pm  SW 29.88   65
8    50.4  55.7   3:25pm  45.6   5:50am   15    0  0.00   7  35   7:45pm   E 30.02   54
9    49.3  55.5   3:40pm  42.8   5:20am   16    0  0.08   3  30   1:20am  SW 29.96   65
10   48.5  56.1   3:30pm  42.4   6:25am   16    0  0.02   7  39  11:55pm   E 29.85   73
11   50.5  52.9  12:30pm  48.5  11:50pm   15    0  0.00   8  44   1:50am   E 29.93   56
12   46.6  49.0  12:10am  44.6   6:10am   18    0  0.10   2  12   2:00am  SW 29.89   86
13   49.6  55.3   3:10pm  44.6   3:45am   15    0  0.05   4  24   7:30pm   E 30.05   81
14
15
16
17
18
19   60.6  61.7  10:20pm  59.6  11:55pm    0    0  0.00   1   8  11:00pm  NW 29.88   71
20   59.0  64.7   7:50pm  52.9   6:55am    6    0  0.00   3  26   9:55pm  SW 29.88   70
21   56.6  62.9   1:05am  52.8   6:15am    8    0  0.37  15  54  11:15pm   E 29.85   71
22   53.9  58.7   2:55pm  50.5   5:40am   11    0  0.12   5  38   8:45pm SSE 29.93   81
23   52.3  53.7   2:50am  49.7   8:15am   13    0  0.05   6  26   2:20am   E 30.12   74
24   52.0  55.5   6:25pm  48.3   4:25am   13    0  0.00   1  15  12:05am  SW 30.22   83
25   55.2  64.1   6:10pm  48.7   5:25am   10    0  0.00   2  12   3:40pm  SW 30.20   78
26   56.0  65.8   4:05pm  45.8   5:00am    9    0  0.05   2  12   1:30pm  SW 30.00   78
27   57.7  67.9   6:45pm  49.0   3:40am    8    0  0.00   2  12   4:40pm  SW 29.92   73
28   58.8  66.6   1:51pm  52.2   4:20am    6    0  0.00   9  38  11:45pm ESE 29.94   66
29   57.1  61.6   2:00pm  53.6  11:55pm    8    0  0.00  15  49  11:50pm ESE 29.92   59
30   50.5  53.9  12:40am  47.6   6:05am   15    0  0.14   5  42  12:05am  SW 29.84   83
31   53.3  61.4   3:25pm  46.7   8:30am   12    0  0.00   2  14   3:50pm  SW 29.89   75
---------------------------------------------------------------------------------------
TOT  52.3  67.9  7/27/12  42.4  7/10/12  318    0  1.48   5  54  7/21/12  SW 29.93   73

HEAT BASE: 65.0
COOL BASE: 65.0