NOAA-Style Climate Reports

Select a Year or Month report
2017: Jan Feb Mar Apr May Jun Jul Aug Sep Oct Nov Dec
2016: Jan Feb Mar Apr May Jun Jul Aug Sep Oct Nov Dec
2015: Jan Feb Mar Apr May Jun Jul Aug Sep Oct Nov Dec
2014: Jan Feb Mar Apr May Jun Jul Aug Sep Oct Nov Dec
2013: Jan Feb Mar Apr May Jun Jul Aug Sep Oct Nov Dec
2012: Jan Feb Mar Apr May Jun Jul Aug Sep Oct Nov Dec
2011: Jan Feb Mar Apr May Jun Jul Aug Sep Oct Nov Dec
2010: Jan Feb Mar Apr May Jun Jul Aug Sep Oct Nov Dec
2009: Jan Feb Mar Apr May Jun Jul Aug Sep Oct Nov Dec
2008: Jan Feb Mar Apr May Jun Jul Aug Sep Oct Nov Dec
2007: Jan Feb Mar Apr May Jun Jul Aug Sep Oct Nov Dec

Report for 2012 June
                  MONTHLY CLIMATOLOGICAL SUMMARY FOR 6/2012
                                        HEAT  COOL        
     MEAN                               DEG   DEG       WIND SPEED       DOM MEAN  MEAN
DAY  TEMP  HIGH   TIME     LOW   TIME   DAYS  DAYS RAIN AVG  HI  TIME    DIR BAROM HUM
---------------------------------------------------------------------------------------
1    47.2  54.6   6:20pm  41.8   7:30am   18    0  0.00   4  19   6:45pm SSW 29.73   58
2    48.6  56.2   2:50pm  39.3   5:05am   16    0  0.01   4  20   5:50pm ENE 29.77   65
3    46.5  49.7  12:00am  42.6  11:30pm   18    0  0.05   3  15  12:25am  SW 30.01   78
4    43.0  47.9   8:00pm  39.8   7:10am   22    0  0.04   2  11   7:05am WSW 30.08   90
5    49.7  60.5   7:50pm  39.7   4:50am   15    0  0.00   4  22   7:00pm  SW 29.93   73
6    48.2  54.5  10:15am  43.7  11:40pm   17    0  0.05   5  35  12:55pm  NE 29.94   74
7    45.9  51.8   9:10pm  41.4   9:30am   19    0  0.01   1  15   3:35pm SSW 29.92   89
8    50.4  59.0   3:45pm  46.8   4:55am   15    0  0.00   8  46   5:30pm  NE 29.78   70
9    50.0  55.7   2:50pm  45.0  11:30pm   15    0  0.01   8  41   1:15am ENE 30.03   64
10   48.8  57.5   5:20pm  39.7   4:20am   16    0  0.00   2  21  11:50pm SSW 29.89   73
11   51.4  55.6   4:10pm  45.2  11:20pm   14    0  0.00   6  30   3:30am ENE 29.85   67
12   45.3  47.4   1:00am  42.7  11:25pm   20    0  0.43   4  19  11:00pm ENE 29.88   83
13   45.0  49.2   5:00pm  41.1   5:05am   20    0  0.17   4  24   6:40pm ENE 29.91   79
14   47.1  55.7   6:35pm  41.1   5:35am   18    0  0.01   4  32  11:45pm ENE 29.97   73
15   48.8  53.3   8:50pm  44.3   6:35am   16    0  0.00   6  30   1:35am  NE 29.77   64
16   51.3  59.0   2:55pm  40.5   3:55am   14    0  0.00   3  21   1:35pm SSW 29.36   66
17   57.1  66.4   7:35pm  47.8   4:50am    8    0  0.02   4  25  11:10pm SSW 29.66   59
18   57.3  66.0   5:25pm  52.2   5:20am    8    0  0.20   3  18   8:50pm  SW 29.89   72
19   56.6  65.4   5:45pm  49.4   5:15am    8    0  0.00   3  16   3:15pm SSW 29.97   73
20   53.2  57.9  12:05am  48.4   9:10am   12    0  0.06   2  12   4:50pm   S 30.07   84
21   56.3  68.6   8:40pm  48.4   6:30am    9    0  0.00   2  18   4:25pm  SW 30.06   81
22   61.7  70.8   4:40pm  51.9   6:10am    5    2  0.00   3  18   4:05pm   S 29.99   70
23   61.4  69.1   3:30pm  52.4   6:10am    4    1  0.00   3  20   2:00pm   S 29.89   68
24   55.1  60.5   3:05am  47.9  11:45pm   10    0  0.00   7  41   7:00am   W 29.62   70
25   48.8  51.5   3:40pm  46.9   4:10am   16    0  0.04   3  18   1:20pm WSW 29.61   92
26   49.6  56.7   4:35pm  45.4   7:00am   15    0  0.04   4  25   7:25pm ENE 29.55   80
27   50.1  55.0   7:40pm  45.0   4:25am   15    0  0.06   3  15  11:45am ENE 29.71   73
28   47.2  49.8   5:40pm  44.8   5:25am   18    0  0.19   2  15   2:05am SSW 29.83   89
29   50.7  58.9   9:35pm  45.5   5:45am   14    0  0.02   3  16   3:10pm   S 29.83   84
30   53.8  60.3   5:50pm  46.3   2:55am   11    0  0.00   3  15   4:00pm   S 29.76   76
---------------------------------------------------------------------------------------
TOT  50.9  70.8  6/22/12  39.3   6/2/12  427    3  1.41   4  46   6/8/12  SW 29.84   74

HEAT BASE: 65.0
COOL BASE: 65.0