NOAA-Style Climate Reports

Select a Year or Month report
2017: Jan Feb Mar Apr May Jun Jul Aug Sep Oct Nov Dec
2016: Jan Feb Mar Apr May Jun Jul Aug Sep Oct Nov Dec
2015: Jan Feb Mar Apr May Jun Jul Aug Sep Oct Nov Dec
2014: Jan Feb Mar Apr May Jun Jul Aug Sep Oct Nov Dec
2013: Jan Feb Mar Apr May Jun Jul Aug Sep Oct Nov Dec
2012: Jan Feb Mar Apr May Jun Jul Aug Sep Oct Nov Dec
2011: Jan Feb Mar Apr May Jun Jul Aug Sep Oct Nov Dec
2010: Jan Feb Mar Apr May Jun Jul Aug Sep Oct Nov Dec
2009: Jan Feb Mar Apr May Jun Jul Aug Sep Oct Nov Dec
2008: Jan Feb Mar Apr May Jun Jul Aug Sep Oct Nov Dec
2007: Jan Feb Mar Apr May Jun Jul Aug Sep Oct Nov Dec

Report for 2012 May
                  MONTHLY CLIMATOLOGICAL SUMMARY FOR 5/2012
                                        HEAT  COOL        
     MEAN                               DEG   DEG       WIND SPEED       DOM MEAN  MEAN
DAY  TEMP  HIGH   TIME     LOW   TIME   DAYS  DAYS RAIN AVG  HI  TIME    DIR BAROM HUM
---------------------------------------------------------------------------------------
1    27.6  35.3   2:30pm  22.1   5:10am   27    0  0.00   4  21   2:55pm   S 29.76   52
2    29.0  35.3   2:30pm  22.1   5:10am   35    0  0.00   4  21   2:55pm   S 29.77   51
3    32.9  39.5   4:40pm  26.4   6:35am   32    0  0.00   3  18   4:55pm SSW 29.73   59
4    36.5  42.2   2:45pm  30.8   6:10am   28    0  0.00   4  22   5:50pm ENE 29.81   66
5    38.1  42.5   2:05pm  33.4   6:15am   27    0  0.00   3  16   4:00pm ENE 29.87   64
6    42.0  47.1   5:50pm  36.9   1:05am   23    0  0.00   7  51  10:10pm ENE 29.59   62
7    41.3  45.3   3:35pm  38.5   9:10am   24    0  0.02   7  39  12:35am ENE 29.72   66
8    41.7  50.4   5:25pm  33.3   5:20am   23    0  0.00   5  22   3:35pm   S 29.61   62
9    41.5  46.7   1:40pm  36.0   7:55am   23    0  0.01   7  30   2:55pm WNW 29.62   64
10   39.0  43.5  12:30pm  34.4  11:15pm   26    0  0.01   9  36   8:55am  NW 29.41   62
11   39.7  43.7  12:00pm  33.9   1:00am   25    0  0.00  12  51   4:20am ESE 29.44   57
12   37.4  42.6   5:10pm  33.6   4:30am   28    0  0.00   8  41  10:10pm ESE 29.57   67
13   38.6  43.6   2:35pm  34.4   7:45am   26    0  0.00   7  34  12:00am   E 29.87   55
14   39.4  46.7   4:50pm  31.7   5:20am   26    0  0.00   4  24   2:15pm  SE 30.07   61
15   43.1  51.3   4:10pm  36.0   6:25am   22    0  0.00   4  20   4:30pm SSW 30.30   53
16   42.9  52.0   5:05pm  33.1   5:20am   22    0  0.00   3  19   2:00pm  SW 30.34   58
17   47.5  55.2   3:55pm  39.5   7:45am   17    0  0.00   6  28   3:20pm ENE 30.18   45
18
19   43.5  48.3   4:30pm  38.1   8:10am   21    0  0.00   5  35   2:35am ENE 29.89   55
20   44.5  48.7   6:25pm  39.4   6:50am   20    0  0.00   3  18   1:00pm NNW 29.82   63
21   48.6  55.4   5:05pm  41.4   5:00am   16    0  0.00   4  19  12:50pm SSW 29.63   62
22   47.7  54.7   2:35pm  41.7   6:00am   17    0  0.01   3  18   2:40pm SSW 29.75   76
23   49.9  58.4   9:00pm  42.9   7:10am   15    0  0.04   2  21   4:10pm SSW 29.95   74
24   49.4  51.3  12:55am  46.8  11:55pm   16    0  0.14   4  32  11:15pm  NE 30.05   74
25   46.9  51.0  12:55pm  43.0  11:40pm   18    0  0.00  10  40   3:20am  NE 29.87   58
26   44.7  50.8   4:25pm  39.1   4:50am   20    0  0.00   4  32   9:15pm   E 29.64   68
27   44.2  46.7   1:20am  41.6  10:05am   21    0  0.09   5  28   6:45pm  NE 29.80   71
28   46.8  54.4   2:45pm  39.6   7:10am   18    0  0.00   6  26   2:30am   E 29.85   57
29   46.2  50.6   4:20pm  40.8   6:25am   19    0  0.00   5  28   8:40pm ENE 29.61   56
30   44.8  48.2   6:30pm  39.7   3:50am   20    0  0.00   5  24   6:40am ENE 29.48   67
31   45.9  52.6   1:10pm  39.4   4:45am   19    0  0.00   5  29  11:35am ENE 29.60   61
---------------------------------------------------------------------------------------
TOT  42.4  58.4  5/23/12  22.1   5/2/12  676    0  0.31   5  51   5/6/12 SSW 29.79   61

HEAT BASE: 65.0
COOL BASE: 65.0