NOAA-Style Climate Reports

Select a Year or Month report
2017: Jan Feb Mar Apr May Jun Jul Aug Sep Oct Nov Dec
2016: Jan Feb Mar Apr May Jun Jul Aug Sep Oct Nov Dec
2015: Jan Feb Mar Apr May Jun Jul Aug Sep Oct Nov Dec
2014: Jan Feb Mar Apr May Jun Jul Aug Sep Oct Nov Dec
2013: Jan Feb Mar Apr May Jun Jul Aug Sep Oct Nov Dec
2012: Jan Feb Mar Apr May Jun Jul Aug Sep Oct Nov Dec
2011: Jan Feb Mar Apr May Jun Jul Aug Sep Oct Nov Dec
2010: Jan Feb Mar Apr May Jun Jul Aug Sep Oct Nov Dec
2009: Jan Feb Mar Apr May Jun Jul Aug Sep Oct Nov Dec
2008: Jan Feb Mar Apr May Jun Jul Aug Sep Oct Nov Dec
2007: Jan Feb Mar Apr May Jun Jul Aug Sep Oct Nov Dec

Report for 2012 April
                  MONTHLY CLIMATOLOGICAL SUMMARY FOR 4/2012
                                        HEAT  COOL        
     MEAN                               DEG   DEG       WIND SPEED       DOM MEAN  MEAN
DAY  TEMP  HIGH   TIME     LOW   TIME   DAYS  DAYS RAIN AVG  HI  TIME    DIR BAROM HUM
---------------------------------------------------------------------------------------
1    32.0  36.8   6:15pm  29.3  11:20pm   33    0  0.00   1  14   4:55pm  SW 29.64   86
2    30.4  36.3   6:35pm  26.4   6:35am   34    0  0.00   3  18   2:46pm  NW 29.53   77
3    30.0  36.6   6:25pm  23.4   5:20am   35    0  0.00   3  15   2:25am ENE 29.63   58
4    32.5  38.1  11:40pm  26.6   6:35am   32    0  0.00  11  59   8:20pm ENE 29.92   60
5    39.6  44.2   6:20pm  36.4   9:10am   25    0  0.00  27  61   7:50pm ENE 29.97   55
6    34.0  43.4  12:00am  30.1   7:06am   22    0  0.03   8  58  12:00am WSW 30.10   81
7    40.3  47.3   5:10pm  33.5   5:45am   21    0  0.00   2  14  12:10pm ENE 29.92   52
8    29.8  36.4   5:10pm  24.0   3:55am   35    0  0.00   2  15   5:40pm  NW 30.37   78
9    30.8  38.1   6:05pm  25.4   7:00am   34    0  0.00   2  14   2:29pm ENE 30.16   71
10   33.9  41.8   6:05pm  26.2   7:22am   31    0  0.00   3  16   7:40pm   N 29.90   55
11   38.7  46.6   5:55pm  32.8   3:35am   26    0  0.00   2  12   4:00pm  NE 29.83   47
12   41.2  45.8   3:10pm  33.4   7:21am   42    0  0.00   2  12   3:20pm  NE 29.87   45
13   40.2  47.3   5:10pm  33.5   5:45am   25    0  0.00   2  14  12:10pm ENE 29.91   53
14   40.4  39.7  12:00am  39.7  12:00am   47    0  0.00   3   9  12:00am ENE 29.81   58
15   40.3  43.4   7:48pm  37.3  11:50pm   52    0  0.00   4  16   8:17pm ENE 29.77   60
16   40.0  45.0   1:40pm  34.9   3:20am   25    0  0.00   2  15  11:20am WNW 29.73   72
17   41.8  45.3   3:25pm  38.4   3:35am   23    0  0.00   2  18  10:45pm ENE 29.77   71
18   41.5  47.9   6:10pm  33.2   6:55am   23    0  0.00   4  22   3:00am SSW 29.79   69
19   43.5  50.8   5:05pm  37.3   3:55am   22    0  0.00   2  14   7:05pm WSW 29.73   59
20   42.9  50.6   6:45pm  34.4   7:25am   22    0  0.00   4  31  10:50pm SSW 29.65   61
21   43.3  47.1   1:57pm  38.6  11:20pm   22    0  0.00  11  36  12:45am ESE 29.90   57
22   40.4  45.4  12:40pm  34.4   6:00am   25    0  0.00   8  29   3:35pm  NE 30.02   56
23   39.6  45.8   5:40pm  33.0   8:10am   24    0  0.00   4  25   2:35am ENE 29.91   54
24   39.3  47.4   6:45pm  32.8   7:10am   26    0  0.00   3  19   3:10pm   S 29.80   59
25   42.8  52.4   5:21pm  34.4   6:00am   22    0  0.00   3  21   2:20pm  SW 29.76   54
26   45.0  55.1   5:15pm  36.4   7:05am   20    0  0.00   3  19  11:46pm  NE 29.61   51
27   46.2  51.2   1:30pm  41.8   7:25am   19    0  0.00   6  30  11:50pm  NE 29.68   47
28   42.4  45.3   3:15pm  38.6  11:50pm   23    0  0.00   6  35  12:55am ENE 29.75   57
29   41.9  49.9   6:20pm  35.3   5:35am   23    0  0.00   3  16   1:10am SSW 29.59   64
30   43.0  48.5   4:25pm  38.7   6:40am   22    0  0.00   4  19   1:40pm ENE 29.62   57
---------------------------------------------------------------------------------------
TOT  38.6  55.1  4/26/12  23.4   4/3/12  834    0  0.47   5  61   4/5/12 ENE 29.83   62

HEAT BASE: 65.0
COOL BASE: 65.0