NOAA-Style Climate Reports

Select a Year or Month report
2017: Jan Feb Mar Apr May Jun Jul Aug Sep Oct Nov Dec
2016: Jan Feb Mar Apr May Jun Jul Aug Sep Oct Nov Dec
2015: Jan Feb Mar Apr May Jun Jul Aug Sep Oct Nov Dec
2014: Jan Feb Mar Apr May Jun Jul Aug Sep Oct Nov Dec
2013: Jan Feb Mar Apr May Jun Jul Aug Sep Oct Nov Dec
2012: Jan Feb Mar Apr May Jun Jul Aug Sep Oct Nov Dec
2011: Jan Feb Mar Apr May Jun Jul Aug Sep Oct Nov Dec
2010: Jan Feb Mar Apr May Jun Jul Aug Sep Oct Nov Dec
2009: Jan Feb Mar Apr May Jun Jul Aug Sep Oct Nov Dec
2008: Jan Feb Mar Apr May Jun Jul Aug Sep Oct Nov Dec
2007: Jan Feb Mar Apr May Jun Jul Aug Sep Oct Nov Dec

Report for 2012 March
                  MONTHLY CLIMATOLOGICAL SUMMARY FOR 3/2012
                                        HEAT  COOL        
     MEAN                               DEG   DEG       WIND SPEED       DOM MEAN  MEAN
DAY  TEMP  HIGH   TIME     LOW   TIME   DAYS  DAYS RAIN AVG  HI  TIME    DIR BAROM HUM
---------------------------------------------------------------------------------------
1    18.8  24.3  11:55am  13.0   9:35am   40    0  0.00   1  20  10:05am   E 29.45   81
2    19.9  23.2   3:25pm  16.6   2:15am   39    0  0.00   1   9   9:35am  SW 29.38   86
3    19.3  21.5  10:05am  13.1  11:45pm   40    0  0.00   2  14  10:40am   S 29.65   89
4    13.6  19.2  12:25pm  10.0  11:55pm   45    0  0.00   2  12  12:55pm ENE 29.96   78
5    13.3  19.1   8:25pm   9.1   5:00am   45    0  0.00   2  20  10:15pm  SW 30.00   77
6    21.3  26.0   4:00pm  14.5   1:30am   38    0  0.00   5  32   3:20am  SE 29.86   81
7    21.7  26.3   2:35pm  14.6  11:40pm   38    0  0.00   3  18   2:20am SSW 29.91   70
8    12.9  17.4   3:50pm   6.9   7:00am   46    0  0.00   2  18   5:25pm  SW 29.49   73
9    13.0  17.9   2:50pm   7.9   7:35am   45    0  0.00   2  12   4:40pm NNW 29.24   77
10   11.8  16.6   4:35pm   7.8   5:55am   47    0  0.00   3  21   3:10pm  SW 29.35   74
11   10.3  15.9   6:20pm   6.2   9:25am   46    0  0.00   3  15   1:45pm NNW 29.38   64
12   11.3  17.7   4:20pm   6.4   6:45am   47    0  0.00   2  18   8:35am NNW 29.40   63
13   19.8  28.9   5:25pm   9.9   1:15am   40    0  0.00   3  22   7:30pm  NE 29.07   66
14   26.3  28.2   6:35pm  24.0   3:05am   34    0  0.00   1  15   4:20am ENE 29.06   87
15   28.7  33.9   4:50pm  24.4  11:05pm   32    0  0.00   2  16   5:35am ESE 29.08   65
16   22.4  26.8   5:50pm  18.3  11:40pm   37    0  0.00   3  15   4:10pm   E 29.26   71
17   21.8  30.3   5:10pm  16.6   4:50am   38    0  0.00   1  12   1:50pm  SE 29.53   69
18   20.7  25.1   5:20pm  15.4   8:25am   39    0  0.00   2  11   3:30pm ENE 29.63   71
19   21.6  27.4   6:10pm  17.9   3:50am   38    0  0.00   1  14   1:00am SSW 29.60   76
20   18.8  22.6  12:15pm  13.9  11:25pm   40    0  0.00   2  11   5:25am   E 29.53   74
21   15.9  22.4   4:40pm   9.1   8:15am   43    0  0.00   2  14   3:20pm   N 29.66   69
22   17.0  24.1   4:45pm  11.8  11:45pm   44    0  0.00   2  15   4:50pm  SE 30.02   65
23   21.1  28.8   1:30pm  11.2   5:15am   43    0  0.00  12  45  11:45pm  SE 30.03   65
24   27.3  34.1   2:59pm  20.5   3:00am   37    0  0.00   3  35  12:00am SSE 29.91   70
25   22.5  31.2   5:55pm  15.6   7:54am   42    0  0.00   2  14   2:38pm SSE 29.82   73
26   25.0  37.1   3:20pm  17.4   3:10am   40    0  0.00   2  16   3:30pm  SE 29.64   65
27   31.8  38.0  10:34pm  26.8  12:40am   33    0  0.00   3  28  10:26pm  SE 29.43   63
28   36.0  43.4   4:55pm  30.0   4:30am   29    0  0.00   3  34   5:35am NNE 29.16   65
29   37.7  45.0   5:10pm  32.1   1:35am   27    0  0.00   2  15  10:35am ESE 29.04   64
30   37.2  45.0   4:15pm  29.8   7:16am   28    0  0.00   5  31  11:55pm  NE 29.16   62
31   37.1  39.9   6:40pm  33.7  11:25pm   16    0  0.00   6  30  12:00am   E 29.50   63
---------------------------------------------------------------------------------------
TOT  21.9  45.0  3/29/12   6.2  3/11/12 1195    0  0.00   3  45  3/23/12  SE 29.52   71

HEAT BASE: 65.0
COOL BASE: 65.0