NOAA-Style Climate Reports

Select a Year or Month report
2017: Jan Feb Mar Apr May Jun Jul Aug Sep Oct Nov Dec
2016: Jan Feb Mar Apr May Jun Jul Aug Sep Oct Nov Dec
2015: Jan Feb Mar Apr May Jun Jul Aug Sep Oct Nov Dec
2014: Jan Feb Mar Apr May Jun Jul Aug Sep Oct Nov Dec
2013: Jan Feb Mar Apr May Jun Jul Aug Sep Oct Nov Dec
2012: Jan Feb Mar Apr May Jun Jul Aug Sep Oct Nov Dec
2011: Jan Feb Mar Apr May Jun Jul Aug Sep Oct Nov Dec
2010: Jan Feb Mar Apr May Jun Jul Aug Sep Oct Nov Dec
2009: Jan Feb Mar Apr May Jun Jul Aug Sep Oct Nov Dec
2008: Jan Feb Mar Apr May Jun Jul Aug Sep Oct Nov Dec
2007: Jan Feb Mar Apr May Jun Jul Aug Sep Oct Nov Dec

Report for 2012 February
                  MONTHLY CLIMATOLOGICAL SUMMARY FOR 2/2012
                                        HEAT  COOL        
     MEAN                               DEG   DEG       WIND SPEED       DOM MEAN  MEAN
DAY  TEMP  HIGH   TIME     LOW   TIME   DAYS  DAYS RAIN AVG  HI  TIME    DIR BAROM HUM
---------------------------------------------------------------------------------------
1    27.8  39.9  10:50pm  16.6   6:10am   35    0  0.01  12  81   6:08pm   E 28.95   78
2    35.2  39.5  12:55am  25.0  11:55pm   29    0  0.00  16  58  11:59am   E 29.01   59
3    18.3  24.8  12:00am  13.0  11:35pm   45    0  0.00   1  11  10:30am ESE 29.24   89
4    19.6  26.3  11:25pm  11.8  12:30am   44    0  0.00   4  34   9:31am ENE 30.11   64
5    32.4  41.6  10:20pm  22.1  11:41am   32    0  0.15   8  49   6:20pm NNW 29.93   55
6    39.6  43.5   2:25pm  35.8   7:48pm   49    0  0.00   2  28  12:00am NNE 30.04   61
7    33.2  39.2  12:00am  29.9   6:06pm   64    0  0.00   2   9  12:00am NNE 29.69   62
8    35.0  40.8   6:20pm  27.2   3:25pm   28    0  0.16   7  51   7:05pm   W 29.52   63
9    35.7  39.9  12:20am  29.4  10:35pm   28    0  0.00  14  59   6:05am   E 29.63   59
10   34.0  39.3   3:53pm  29.6   5:00am   31    0  0.00   6  46   6:12pm   E 29.49   68
11   36.6  39.6  12:50pm  29.1   6:25am   28    0  0.00  13  56  11:55am   E 29.24   63
12   35.3  39.0   2:00pm  29.2  11:45pm   39    0  0.00  16  50   6:10pm   E 29.36   57
13   30.9  35.5   5:45am  28.1  11:30pm   30    0  0.00   6  42   5:05am ESE 29.33   82
14   28.8  33.8   4:55pm  24.8   9:10am   32    0  0.00   8  41   7:05pm ESE 29.75   70
15   31.1  36.4   7:30pm  26.6  11:35am   30    0  0.08   7  42   2:55pm   E 29.57   69
16   35.0  37.7   2:15pm  31.4   1:50am   26    0  0.00  11  45   7:05am   E 29.58   59
17   33.0  36.5   2:25pm  29.4   4:00am   28    0  0.00   4  25  11:00pm WSW 29.69   68
18   29.9  32.8  11:00am  26.4   8:58pm   31    0  0.00   7  36   4:30am  NW 29.60   63
19   28.8  32.1  10:45pm  25.8   1:40am   32    0  0.00   2  18  11:30am  SW 29.50   64
20   29.0  34.4   3:15pm  24.7   5:35am   32    0  0.00   2  19   1:45am   E 28.94   74
21   26.9  28.1   5:50pm  25.0  10:00pm   33    0  0.00   4  22  10:15am  SE 29.23   82
22   27.3  29.8   2:55pm  23.7  11:50pm   33    0  0.00   7  28   1:15am  SE 29.81   71
23   20.5  23.8  12:10am  18.6   8:59pm   32    0  0.00   3  16  12:45am  SE 30.14   82
24   17.3  19.2  12:00am  13.5  10:20pm   42    0  0.00   1  12   2:00pm WNW 30.25   83
25   16.0  32.4  11:00pm   8.9   3:45am   43    0  0.00   3  52  11:50pm   W 30.21   75
26   30.4  33.6  12:56pm  21.7   6:20pm   30    0  0.00  22  58  12:55am   N 29.58   73
27   24.7  28.4   1:20am  18.0  11:55pm   35    0  0.00   2  16   4:55am WNW 29.30   89
28   15.7  20.2   2:05pm  11.0   5:45am   43    0  0.00   3  19   2:00am  SW 29.57   83
29   14.4  18.7  11:05am  11.7  10:25pm   44    0  0.00   1   8   2:40pm   W 29.62   85
---------------------------------------------------------------------------------------
TOT  28.2  43.5   2/6/12   8.9  2/25/12 1027    0  0.00   7  81   2/1/12   E 29.57   71

HEAT BASE: 65.0
COOL BASE: 65.0