NOAA-Style Climate Reports

Select a Year or Month report
2017: Jan Feb Mar Apr May Jun Jul Aug Sep Oct Nov Dec
2016: Jan Feb Mar Apr May Jun Jul Aug Sep Oct Nov Dec
2015: Jan Feb Mar Apr May Jun Jul Aug Sep Oct Nov Dec
2014: Jan Feb Mar Apr May Jun Jul Aug Sep Oct Nov Dec
2013: Jan Feb Mar Apr May Jun Jul Aug Sep Oct Nov Dec
2012: Jan Feb Mar Apr May Jun Jul Aug Sep Oct Nov Dec
2011: Jan Feb Mar Apr May Jun Jul Aug Sep Oct Nov Dec
2010: Jan Feb Mar Apr May Jun Jul Aug Sep Oct Nov Dec
2009: Jan Feb Mar Apr May Jun Jul Aug Sep Oct Nov Dec
2008: Jan Feb Mar Apr May Jun Jul Aug Sep Oct Nov Dec
2007: Jan Feb Mar Apr May Jun Jul Aug Sep Oct Nov Dec

Report for 2011 December
                  MONTHLY CLIMATOLOGICAL SUMMARY FOR 12/2011
                                        HEAT  COOL        
     MEAN                               DEG   DEG       WIND SPEED       DOM MEAN  MEAN
DAY  TEMP  HIGH   TIME     LOW   TIME   DAYS  DAYS RAIN AVG  HI  TIME    DIR BAROM HUM
---------------------------------------------------------------------------------------
1    32.2  37.6  11:00pm  24.6  11:40am   32    0  0.00   9  37   7:35pm   E 29.79   68
2    33.3  39.2   2:05am  28.4   8:19pm   32    0  0.07   8  36  12:10am ENE 30.05   73
3    30.1  39.0  12:00am  27.1  11:45am   45    0  0.00  17  85   5:40pm   E 29.02   93
4    39.2  53.2  12:36am  29.3  11:55pm   25    0  0.04  30  94   7:35am   E 29.68   63
5    25.0  29.4  12:05am  22.6   9:25am   40    0  0.00  10  34   1:25am  SE 30.16   68
6    28.2  30.4   1:38pm  23.6   7:37pm   36    0  0.00   7  35  11:35pm   E 30.45   66
7    31.6  35.7  11:40pm  28.8  12:20am   31    0  0.00  27  68   5:48pm ENE 30.09   63
8    31.9  36.3   8:40am  29.7   6:55pm   56    0  0.00   1  41  12:00am ENE 29.79   79
9    30.2  34.8   4:25am  23.9  11:55pm   32    0  0.00   5  21   9:15am  SE 29.93   85
10   28.1  39.5  10:50pm  21.5   5:50am   35    0  0.00  12  74   9:13pm   E 29.93   71
11   32.7  42.3   6:57pm  26.7  12:00am   27    0  0.01  23  79   4:46pm   E 29.62   63
12   27.6  31.5   2:20am  22.2  11:55pm   36    0  0.00   4  22   5:20am ENE 29.40   93
13   21.1  25.3  12:50pm  17.9   9:25pm   41    0  0.00   1  11   2:25am ESE 29.75   89
14   23.6  29.5  11:55pm  19.6  12:00am   40    0  0.00   1  18   1:10am  NE 29.70   88
15   36.5  37.4   8:00pm  30.3  12:00am   46    0  0.00  24  50  10:55pm  NE 29.37   54
16   36.0  39.1   8:55pm  34.4   1:14pm   28    0  0.00  18  48  11:40pm ENE 29.43   55
17   37.4  40.0   2:40pm  33.9   3:45am   26    0  0.00  25  66   8:45pm   E 29.46   57
18   35.2  40.4   5:35pm  31.5   9:25am   30    0  0.00  23  78   4:55am   E 28.98   73
19   30.8  35.1   7:30pm  26.6  11:45pm   33    0  0.00   7  35   5:35pm   E 29.47   61
20   33.4  42.3   6:57pm  26.7  12:00am   31    0  0.00  22  79   4:46pm   E 29.57   65
21    4.0   5.5   2:10pm   0.8   4:55pm   43    0  0.00   2  12   2:05pm ESE 30.20   84
---------------------------------------------------------------------------------------
TOT   9.8  40.6  1/11/12  -7.0   1/1/12  745    0  0.00   6  84  1/10/12 ESE 29.54   75

HEAT BASE: 65.0
COOL BASE: 65.0