NOAA-Style Climate Reports

Select a Year or Month report
2017: Jan Feb Mar Apr May Jun Jul Aug Sep Oct Nov Dec
2016: Jan Feb Mar Apr May Jun Jul Aug Sep Oct Nov Dec
2015: Jan Feb Mar Apr May Jun Jul Aug Sep Oct Nov Dec
2014: Jan Feb Mar Apr May Jun Jul Aug Sep Oct Nov Dec
2013: Jan Feb Mar Apr May Jun Jul Aug Sep Oct Nov Dec
2012: Jan Feb Mar Apr May Jun Jul Aug Sep Oct Nov Dec
2011: Jan Feb Mar Apr May Jun Jul Aug Sep Oct Nov Dec
2010: Jan Feb Mar Apr May Jun Jul Aug Sep Oct Nov Dec
2009: Jan Feb Mar Apr May Jun Jul Aug Sep Oct Nov Dec
2008: Jan Feb Mar Apr May Jun Jul Aug Sep Oct Nov Dec
2007: Jan Feb Mar Apr May Jun Jul Aug Sep Oct Nov Dec

Report for 2011 November
                  MONTHLY CLIMATOLOGICAL SUMMARY FOR 11/2011
                                        HEAT  COOL        
     MEAN                               DEG   DEG       WIND SPEED       DOM MEAN  MEAN
DAY  TEMP  HIGH   TIME     LOW   TIME   DAYS  DAYS RAIN AVG  HI  TIME    DIR BAROM HUM
---------------------------------------------------------------------------------------
1    22.3  28.8   4:24pm  17.1   6:35am   41    0  0.00   3  25   3:15pm WNW 29.37   81
2    22.2  32.1   2:34pm  14.8   9:37am   42    0  0.00   2  19   5:06pm ESE 30.05   58
3    25.1  37.1  11:55pm  16.2  12:05am   37    0  0.00  11  56   4:14pm ESE 29.85   59
4    32.9  37.5   1:30am  25.6   4:15am   32    0  0.03   6  49   5:55am SSW 29.36   72
5    23.6  34.3  11:38pm  18.9   9:03am   72    0  0.01   3  36  11:31pm SSW 29.64   57
6     4.4   8.3   2:00pm   2.5   2:25am   55    0  0.00   6  24  12:45am ESE 29.81   66
7    18.2  27.9  12:00am  11.6  10:00pm   45    0  0.00   3  22   4:25am SSW 29.57   81
8    11.4  20.0  11:55am   7.0   8:05am   54    0  0.00   2  16   2:45pm  SE 30.08   78
9    15.8  20.6   9:45pm   9.2  12:00am   49    0  0.00   1  13   9:10pm SSW 29.87   79
10   20.2  23.0   7:00am  16.7   4:45am   45    0  0.00   3  17   9:15am   E 29.67   88
11   22.6  28.4   2:52pm  17.6   9:51pm   25    0  0.00   4  25   7:36pm   E 29.29   77
12   26.8  32.0   5:35am  19.4  12:30am   37    0  0.00   5  35   9:24am ESE 28.95   90
13   20.1  26.5  12:00am  15.4   9:00pm   45    0  0.00   6  25  12:40am  SE 29.52   82
14   15.6  19.7  11:45am  10.8   9:50pm   47    0  0.00   3  14   3:30am   E 29.78   66
15    4.9  10.8  12:00am   0.6   9:50pm   89    0  0.00   6  22   1:24pm   E 29.82   76
16    4.3   8.3   2:00pm   1.4  11:55pm   59    0  0.00   5  24  12:45am ESE 29.82   65
17    2.4   5.9   1:00pm  -1.2   5:40pm   56    0  0.00   1  13  12:20am  NE 30.08   67
18    2.5   5.9   1:00pm  -1.2   5:40pm   60    0  0.00   1  13  12:20am  NE 30.08   66
19    3.7  15.4  11:12pm  -2.2   5:15am   61    0  0.00   1  13  12:30am  SE 29.93   63
20   30.9  36.0   2:20am  24.6  11:40am   26    0  0.00   8  36   5:20pm   E 29.76   69
---------------------------------------------------------------------------------------
TOT  30.9  36.0  12/1/11  24.6  12/1/11  977    0  0.00   8  36  12/1/11   E 29.76   69

HEAT BASE: 65.0
COOL BASE: 65.0