NOAA-Style Climate Reports

Select a Year or Month report
2017: Jan Feb Mar Apr May Jun Jul Aug Sep Oct Nov Dec
2016: Jan Feb Mar Apr May Jun Jul Aug Sep Oct Nov Dec
2015: Jan Feb Mar Apr May Jun Jul Aug Sep Oct Nov Dec
2014: Jan Feb Mar Apr May Jun Jul Aug Sep Oct Nov Dec
2013: Jan Feb Mar Apr May Jun Jul Aug Sep Oct Nov Dec
2012: Jan Feb Mar Apr May Jun Jul Aug Sep Oct Nov Dec
2011: Jan Feb Mar Apr May Jun Jul Aug Sep Oct Nov Dec
2010: Jan Feb Mar Apr May Jun Jul Aug Sep Oct Nov Dec
2009: Jan Feb Mar Apr May Jun Jul Aug Sep Oct Nov Dec
2008: Jan Feb Mar Apr May Jun Jul Aug Sep Oct Nov Dec
2007: Jan Feb Mar Apr May Jun Jul Aug Sep Oct Nov Dec

Report for 2011 October
                  MONTHLY CLIMATOLOGICAL SUMMARY FOR 10/2011
                                        HEAT  COOL        
     MEAN                               DEG   DEG       WIND SPEED       DOM MEAN  MEAN
DAY  TEMP  HIGH   TIME     LOW   TIME   DAYS  DAYS RAIN AVG  HI  TIME    DIR BAROM HUM
---------------------------------------------------------------------------------------
1    40.6  45.9   3:20pm  36.6   8:25am   19    0  0.00   1  11   2:00pm WNW 29.66   85
2    40.2  44.4  10:11pm  36.8   6:58pm   25    0  0.00   6  40   1:44pm ESE 29.51   84
3    42.0  51.5  12:30pm  35.2   8:45am   23    0  0.00   3  20   3:25am WNW 29.48   71
4    40.7  51.9   2:00pm  35.7   2:50am   24    0  0.00   1  14   1:20pm  SE 29.54   74
5    44.1  48.0   1:30pm  36.0  12:00am   39    0  0.00  12  40   6:36pm  SE 29.44   60
6    42.1  46.8  11:25am  37.6  11:05pm   23    0  0.03   6  43   4:45am WNW 29.39   75
7    40.3  45.9   3:20pm  36.6   8:25am   24    0  0.00   1  11   2:00pm  NW 29.68   86
8    44.6  45.8  11:07am  40.4  12:00am   57    0  0.02  23  50   7:48am ESE 29.43   57
9    42.8  50.4   3:10pm  31.1   9:55am   36    0  0.00   1  11   4:30pm  NW 29.57   63
10   37.1  48.6   3:20pm  29.9   8:55am   28    0  0.00   1  17   2:55pm  SE 29.56   66
11   33.1  43.5   2:30pm  24.7   8:35am   32    0  0.00   2  16   3:20pm WNW 29.57   70
12   31.5  42.8   3:55pm  22.5   7:50am   34    0  0.00   2  13   3:15pm  NE 29.89   62
13   38.1  41.8   9:50pm  30.2  12:00am   53    0  1.15   5  40  11:35pm  NW 29.97   55
14   42.5  48.5   4:40pm  35.2   9:30pm   68    0  0.00  12  50   7:48am ESE 29.39   65
15   39.8  44.7  12:00am  36.9   1:40am   25    0  0.08   1  36  12:00am WNW 29.51   81
16   32.8  43.7   1:10pm  25.2   4:50am   23    0  0.00   2  19   8:25am SSE 29.58   63
17   34.4  45.1   2:06pm  28.9  11:45pm   30    0  0.00   0   8   2:14pm   S 29.85   87
18   33.7  41.5   3:20pm  28.2   8:50am   50    0  0.00   2  11   4:30pm   S 29.69   67
19   31.0  37.7   3:55pm  27.1   9:45am   34    0  0.00   0  11   3:55pm WSW 29.74   77
20   33.5  40.4   2:05pm  30.5   1:00am   31    0  0.00   1  11  12:45pm SSW 29.66   76
21   35.2  39.6   1:41pm  31.4   5:25am   29    0  0.00   1   7   6:00am ESE 29.41   78
22   36.8  41.3   1:50pm  33.5   7:40am   28    0  0.00   0   5   8:20am  SE 29.47   78
23   36.1  41.8  11:05pm  31.5   4:10am   29    0  0.00   3  34  11:00pm WNW 29.67   77
24   44.0  49.3  11:40pm  37.9   4:25am   20    0  0.00  19  55   8:37pm ESE 29.52   59
25   40.0  49.0   2:00am  34.5   8:35pm   24    0  0.00  12  58  10:45am  SE 29.01   75
26   33.5  38.9   1:42pm  27.0  11:55pm   30    0  0.00   2  23  10:41am  SE 29.37   78
27   32.3  43.7   1:10pm  25.2   4:50am   31    0  0.00   2  19   8:25am SSE 29.56   66
28   31.8  41.4   2:25pm  27.4   7:20am   33    0  0.00   1  12  11:58pm   S 29.29   76
29   23.9  34.1   8:57pm  16.2  12:05am   34    0  0.00  11  56   4:14pm ESE 29.91   59
---------------------------------------------------------------------------------------
TOT  22.8  34.1  11/3/11  14.8  11/2/11  936    0  0.08   5  56  11/3/11 ESE 29.77   66

HEAT BASE: 65.0
COOL BASE: 65.0