NOAA-Style Climate Reports

Select a Year or Month report
2017: Jan Feb Mar Apr May Jun Jul Aug Sep Oct Nov Dec
2016: Jan Feb Mar Apr May Jun Jul Aug Sep Oct Nov Dec
2015: Jan Feb Mar Apr May Jun Jul Aug Sep Oct Nov Dec
2014: Jan Feb Mar Apr May Jun Jul Aug Sep Oct Nov Dec
2013: Jan Feb Mar Apr May Jun Jul Aug Sep Oct Nov Dec
2012: Jan Feb Mar Apr May Jun Jul Aug Sep Oct Nov Dec
2011: Jan Feb Mar Apr May Jun Jul Aug Sep Oct Nov Dec
2010: Jan Feb Mar Apr May Jun Jul Aug Sep Oct Nov Dec
2009: Jan Feb Mar Apr May Jun Jul Aug Sep Oct Nov Dec
2008: Jan Feb Mar Apr May Jun Jul Aug Sep Oct Nov Dec
2007: Jan Feb Mar Apr May Jun Jul Aug Sep Oct Nov Dec

Report for 2011 September
                  MONTHLY CLIMATOLOGICAL SUMMARY FOR 9/2011
                                        HEAT  COOL        
     MEAN                               DEG   DEG       WIND SPEED       DOM MEAN  MEAN
DAY  TEMP  HIGH   TIME     LOW   TIME   DAYS  DAYS RAIN AVG  HI  TIME    DIR BAROM HUM
---------------------------------------------------------------------------------------
1    49.7  61.1   6:10pm  43.7  12:30am   15    0  0.04   1  12   9:20pm WNW 29.87   87
2    48.8  52.1   3:10am  45.8  11:25pm   16    0  0.01   1  25   1:30am ESE 29.65   83
3    47.9  53.6   5:15pm  42.9   5:55am   17    0  0.00   2  20   8:45pm ESE 29.55   81
4    47.4  50.9   3:30pm  43.6   7:20am   18    0  0.01   2  20   7:45pm ESE 29.35   80
5    37.8  41.3   4:50pm  34.5   4:25am   26    0  0.13   0   6   3:50pm  NW 29.66   90
6    47.7  51.0   1:40pm  43.9   2:15am   17    0  0.02   2  16   4:20pm ESE 28.93   85
7    49.3  53.2   2:00pm  44.7   2:15am   16    0  0.00   4  37  10:50pm ESE 29.55   77
8    52.3  60.7   6:30pm  44.7  11:55pm   13    0  0.00   4  29   9:30am ESE 29.94   66
9    50.7  62.7   4:30pm  44.4  12:10am   14    0  0.00   2  18   7:05pm   S 29.98   75
10   51.0  57.4   1:30pm  45.3   7:45am   14    0  0.01   5  22   2:30am ESE 30.21   65
11   49.3  61.6   4:50pm  38.3   7:45am   16    0  0.00   2  17  12:45am ESE 30.19   73
12   50.0  54.2   6:55pm  46.2  12:00am   20    0  0.00   1  14  10:20pm   S 29.72   81
13   52.0  64.4   1:05pm  45.4   4:35am   13    0  0.00   4  36   3:20pm ESE 29.59   73
14   49.8  54.6   4:45pm  45.5   5:35am   15    0  0.00   7  37  12:25am ESE 29.69   62
15   48.7  51.8   1:05pm  45.5   9:59pm   16    0  0.00   8  44   3:20am NNE 29.59   67
16   45.2  49.4   4:05am  40.3  11:50pm   20    0  0.00   2  23   4:20am WNW 29.58   80
17   46.0  56.1   2:40pm  40.7  12:25am   19    0  0.00   1  16   9:55pm WNW 29.51   76
18   46.3  57.0   2:28pm  39.6   9:15am   18    0  0.00   1  13   1:15am WNW 29.48   74
19   43.2  46.2   4:05pm  41.0   8:35am   21    0  0.01   2  22   1:15am WNW 29.24   84
20   46.9  54.3  11:50am  42.3  12:00am   33    0  0.08   2  17  11:05pm WNW 28.87   82
21   46.8  58.0   5:00pm  39.8  11:30pm   18    0  0.27   2  17  12:15am ESE 28.94   78
22   47.4  51.4  12:10pm  40.1  12:05am   18    0  0.00   2  19   5:30am SSW 29.23   72
23   44.3  51.9   4:49pm  37.4   3:25am   20    0  0.00   1  14  11:45pm   W 29.28   80
24   48.0  54.7   4:05pm  45.4  10:40pm   16    0  0.00   9  40  10:30am ESE 29.49   59
25   43.9  55.5   3:15pm  34.7   7:40am   21    0  0.00   2  17   2:30pm WNW 29.48   71
26   43.6  55.9   4:15pm  34.9  11:35pm   21    0  0.00   3  17   6:50am WNW 29.48   66
27   41.4  53.5   5:50pm  33.3   1:55am   24    0  0.00   1  14   1:10pm  NE 29.49   79
28   40.6  49.8   4:10pm  33.4   7:20am   24    0  0.00   1  11   1:15pm WNW 29.77   75
29   37.7  41.3   4:50pm  34.5   4:25am   27    0  0.00   0   6   3:50pm  NW 29.65   90
30   40.3  46.4   3:10pm  35.3   6:40am   25    0  0.03   3  28   6:15pm ESE 29.51   76
---------------------------------------------------------------------------------------
TOT  46.6  64.4  9/13/11  33.3  9/27/11  571    0  1.00   3  44  9/15/11 WNW 29.53   76

HEAT BASE: 65.0
COOL BASE: 65.0