NOAA-Style Climate Reports

Select a Year or Month report
2017: Jan Feb Mar Apr May Jun Jul Aug Sep Oct Nov Dec
2016: Jan Feb Mar Apr May Jun Jul Aug Sep Oct Nov Dec
2015: Jan Feb Mar Apr May Jun Jul Aug Sep Oct Nov Dec
2014: Jan Feb Mar Apr May Jun Jul Aug Sep Oct Nov Dec
2013: Jan Feb Mar Apr May Jun Jul Aug Sep Oct Nov Dec
2012: Jan Feb Mar Apr May Jun Jul Aug Sep Oct Nov Dec
2011: Jan Feb Mar Apr May Jun Jul Aug Sep Oct Nov Dec
2010: Jan Feb Mar Apr May Jun Jul Aug Sep Oct Nov Dec
2009: Jan Feb Mar Apr May Jun Jul Aug Sep Oct Nov Dec
2008: Jan Feb Mar Apr May Jun Jul Aug Sep Oct Nov Dec
2007: Jan Feb Mar Apr May Jun Jul Aug Sep Oct Nov Dec

Report for 2011 August
                  MONTHLY CLIMATOLOGICAL SUMMARY FOR 8/2011
                                        HEAT  COOL        
     MEAN                               DEG   DEG       WIND SPEED       DOM MEAN  MEAN
DAY  TEMP  HIGH   TIME     LOW   TIME   DAYS  DAYS RAIN AVG  HI  TIME    DIR BAROM HUM
---------------------------------------------------------------------------------------
1    55.1  59.4   9:40pm  50.4   4:40am   10    0  0.00   9  42   9:00pm ESE 29.68   73
2    54.1  57.7  12:05am  51.6   8:50pm   11    0  0.01  17  55   3:27pm ESE 29.54   75
3    51.4  55.0   7:53pm  48.1   7:04am   13    0  0.00   3  25   2:25am WNW 29.60   88
4    54.8  61.6   1:28pm  49.1   1:15am   10    0  0.00  10  41   8:12pm ESE 29.66   69
5    50.7  60.6   6:00pm  43.8  10:00am   14    0  0.00   3  31  12:15am   S 29.87   74
6    48.4  57.5  12:45pm  40.8   1:55am   17    0  0.28   7  38   8:15pm ESE 30.03   75
7    55.2  60.5   3:45pm  51.5   9:15am    9    0  0.24   2  18   5:49pm SSE 29.86   81
8    49.5  55.7  11:50am  46.3   6:10am   15    0  0.01   1  11  10:45pm  SE 30.04   84
9    46.8  50.8   4:50pm  43.3   6:30am   18    0  0.48   1   8   2:35am ESE 30.04   88
10   51.4  62.9   4:40pm  45.0   2:35am   13    0  0.00   2  18  12:20pm WNW 30.11   83
11   60.8  70.5   6:10pm  45.8  12:00am   15    0  0.00   2  13   6:10pm WNW 30.08   65
12   55.8  69.8   4:10pm  44.5   4:25am   10    1  0.00   1   8  12:20pm WNW 30.06   74
13   56.3  66.1   6:05pm  50.8   4:50am    9    0  0.04   1   8   4:20pm WNW 29.91   78
14   55.2  64.2   5:55pm  49.7  11:55pm   10    0  0.11   2  19   5:30pm WNW 29.70   81
15   53.7  68.4   5:21pm  47.3  11:55pm   11    0  0.03   2  17   4:57pm WNW 29.66   83
16   57.2  70.6   4:00pm  45.4   7:05am    9    1  0.01   2  13   3:30pm WNW 29.74   76
17   55.2  60.5   3:45pm  51.5   9:15am    9    0  0.00   2  23  11:15pm SSE 29.87   80
18   54.7  59.6  11:25am  49.7  10:15pm   10    0  0.04   6  28   8:45am ESE 29.87   70
19   50.8  53.8   3:50am  48.6   1:15am   14    0  0.11   3  35   5:15am WNW 29.33   83
20   50.2  54.0   4:55am  46.8   9:54pm   14    0  0.42   6  32   3:35am ESE 29.82   83
21   53.1  60.0  10:35am  46.1   6:30am   12    0  0.13   1   8  11:50am WNW 29.22   84
22   52.1  60.7   5:09pm  48.5   6:35am   13    0  0.00   1  14   8:03pm WNW 29.31   88
23   48.4  50.4   3:05pm  45.0   7:40am   17    0  0.28   1   7  12:40pm WNW 29.44   90
24   51.7  56.9   5:20pm  46.7   6:05am   13    0  0.06   3  23   6:45pm   S 29.69   76
25   50.7  53.6   2:45pm  46.4  11:55pm   14    0  0.00   2  22   4:50am WNW 29.76   79
26   57.2  66.0   5:00pm  46.5  12:00am   19    0  0.03   2  14   8:05pm WNW 29.71   66
27   50.2  58.2   3:45pm  44.7   2:50am   15    0  0.00   2  14   8:55pm ESE 29.75   79
28   52.2  66.0   6:45pm  41.2   5:50am   13    0  0.00   2  17   1:15pm WNW 29.88   78
29   55.1  70.2   5:30pm  43.6   7:00am   11    1  0.00   2  14   2:35pm WNW 29.93   74
30   51.6  55.7   5:55pm  47.7   7:05am   13    0  0.00   2  24  10:25pm ESE 30.05   84
31   49.9  54.0   4:55am  45.0  11:55pm   15    0  0.00   6  32   3:35am ESE 29.82   83
---------------------------------------------------------------------------------------
TOT  52.5  70.6  8/16/11  40.8   8/6/11  394    3  4.08   3  55   8/2/11 ESE 29.75   79

HEAT BASE: 65.0
COOL BASE: 65.0