NOAA-Style Climate Reports

Select a Year or Month report
2017: Jan Feb Mar Apr May Jun Jul Aug Sep Oct Nov Dec
2016: Jan Feb Mar Apr May Jun Jul Aug Sep Oct Nov Dec
2015: Jan Feb Mar Apr May Jun Jul Aug Sep Oct Nov Dec
2014: Jan Feb Mar Apr May Jun Jul Aug Sep Oct Nov Dec
2013: Jan Feb Mar Apr May Jun Jul Aug Sep Oct Nov Dec
2012: Jan Feb Mar Apr May Jun Jul Aug Sep Oct Nov Dec
2011: Jan Feb Mar Apr May Jun Jul Aug Sep Oct Nov Dec
2010: Jan Feb Mar Apr May Jun Jul Aug Sep Oct Nov Dec
2009: Jan Feb Mar Apr May Jun Jul Aug Sep Oct Nov Dec
2008: Jan Feb Mar Apr May Jun Jul Aug Sep Oct Nov Dec
2007: Jan Feb Mar Apr May Jun Jul Aug Sep Oct Nov Dec

Report for 2011 July
                  MONTHLY CLIMATOLOGICAL SUMMARY FOR 7/2011
                                        HEAT  COOL        
     MEAN                               DEG   DEG       WIND SPEED       DOM MEAN  MEAN
DAY  TEMP  HIGH   TIME     LOW   TIME   DAYS  DAYS RAIN AVG  HI  TIME    DIR BAROM HUM
---------------------------------------------------------------------------------------
1    51.2  56.7   4:40pm  47.4   7:55am   14    0  0.03   3  23  12:05am SSW 29.65   76
2    50.1  56.1   7:25pm  45.9   5:40am   15    0  0.43   3  14   1:25pm SSE 29.63   86
3    51.2  59.0   2:50pm  46.5   6:05am   13    0  0.01   2  17   5:41pm SSW 29.69   82
4    52.3  59.2   4:55pm  46.8   6:40am   13    0  0.00   3  26   4:55pm SSW 29.83   77
5    54.6  63.5   8:00pm  46.3   5:00am   10    0  0.00   4  18   7:25pm SSW 29.98   75
6    54.5  61.2   2:55pm  46.4   6:35am   10    0  0.00   3  18   3:05pm SSW 30.09   74
7    50.9  58.1   3:55pm  45.1   3:15am   14    0  0.00   3  17   2:25pm  SW 30.07   79
8    52.6  56.6   7:10pm  47.7   8:50am   22    0  0.00   3  16  11:25pm   W 30.05   75
9    51.3  59.9   6:20pm  44.4   6:05am   14    0  0.00   3  17   6:40pm  SW 30.06   75
10   51.4  56.1   6:40pm  47.6   4:20am   14    0  0.00   2  14   5:00pm WSW 30.11   78
11   52.2  58.6   3:15pm  47.7   5:50am   13    0  0.00   2  28  11:55pm  SW 30.11   85
12   54.1  59.0  12:50am  51.1   4:25am   11    0  0.05   3  26   1:20am SSW 30.00   88
13   53.1  57.3   7:35pm  48.3   5:15am   12    0  0.04   1  12   1:10pm  SW 29.88   86
14   54.3  63.0   6:40pm  48.6   6:30am   10    0  0.00   3  22   5:39pm WSW 29.74   81
15   61.8  66.5   6:44pm  53.4  12:00am   11    0  0.00   3  18   5:16pm  SW 29.67   59
16   60.6  66.2   6:35pm  55.2   6:05am    4    0  0.00   6  23   7:20pm SSW 29.75   61
17   54.1  59.1   1:00pm  50.5  11:45pm   10    0  0.00   3  19   4:25am   W 29.79   81
18   53.6  61.3   7:15pm  47.8   8:10am   11    0  0.10   5  24   9:05pm   S 29.80   76
19   51.4  60.2   7:55pm  45.4   5:50am   14    0  0.09   3  19   7:25pm  SW 29.84   77
20   57.0  67.3   7:30pm  47.3   3:00am    8    0  0.00   3  16   1:00pm   W 29.95   64
21   56.1  65.0   6:05pm  49.4   6:10am    9    0  0.00   3  16  12:55pm  SW 29.89   72
22   62.2  78.7   6:50pm  50.0   6:05am    6    3  0.00   2  16   2:10pm WNW 29.86   61
23   58.7  68.9  10:46am  51.4  11:45pm    6    0  0.04   6  38   6:50pm ESE 29.78   60
24   51.2  56.7  12:50pm  45.9  10:55pm   14    0  0.07   1  12  12:50am   S 29.59   86
25   49.1  56.9   6:18pm  45.2   5:40am   16    0  0.00   1   7   3:35pm   N 29.78   89
26   53.3  64.3   6:30pm  43.3   2:05am   12    0  0.00   2  14   8:40pm WNW 29.82   76
27   55.1  63.8   6:30pm  48.8   6:00am   10    0  0.17   1  16  12:10am WNW 29.82   75
28   58.0  72.3   5:50pm  46.6   7:50am    8    1  0.00   2  14   3:50pm WNW 29.89   73
29   58.1  73.3   5:45pm  47.0   4:55am    8    1  0.01   1  13   3:00pm WNW 29.93   75
30   59.8  70.7   2:55pm  51.9   3:50am    6    1  0.00   1  16   2:55pm WNW 29.81   69
31   55.5  64.1  12:45pm  50.3   5:35am   10    0  0.07   1  14  10:30pm NNW 29.72   82
---------------------------------------------------------------------------------------
TOT  54.3  78.7  7/22/11  43.3  7/26/11  348    7  0.25   3  38  7/23/11  SW 29.86   76

HEAT BASE: 65.0
COOL BASE: 65.0