NOAA-Style Climate Reports

Select a Year or Month report
2017: Jan Feb Mar Apr May Jun Jul Aug Sep Oct Nov Dec
2016: Jan Feb Mar Apr May Jun Jul Aug Sep Oct Nov Dec
2015: Jan Feb Mar Apr May Jun Jul Aug Sep Oct Nov Dec
2014: Jan Feb Mar Apr May Jun Jul Aug Sep Oct Nov Dec
2013: Jan Feb Mar Apr May Jun Jul Aug Sep Oct Nov Dec
2012: Jan Feb Mar Apr May Jun Jul Aug Sep Oct Nov Dec
2011: Jan Feb Mar Apr May Jun Jul Aug Sep Oct Nov Dec
2010: Jan Feb Mar Apr May Jun Jul Aug Sep Oct Nov Dec
2009: Jan Feb Mar Apr May Jun Jul Aug Sep Oct Nov Dec
2008: Jan Feb Mar Apr May Jun Jul Aug Sep Oct Nov Dec
2007: Jan Feb Mar Apr May Jun Jul Aug Sep Oct Nov Dec

Report for 2011 June
                  MONTHLY CLIMATOLOGICAL SUMMARY FOR 6/2011
                                        HEAT  COOL        
     MEAN                               DEG   DEG       WIND SPEED       DOM MEAN  MEAN
DAY  TEMP  HIGH   TIME     LOW   TIME   DAYS  DAYS RAIN AVG  HI  TIME    DIR BAROM HUM
---------------------------------------------------------------------------------------
1    49.4  53.4  12:20am  45.8  11:50pm   15    0  0.00   2  28   4:50am NNE 29.78   86
2    50.0  60.5   8:25pm  42.7   3:30am   15    0  0.00   2  24  11:50pm WNW 29.89   81
3    50.3  53.7   9:40am  46.4  10:30pm   15    0  0.00   6  42  11:35pm ESE 29.79   64
4    46.7  51.8  11:05am  41.8  11:55pm   18    0  0.07   9  38  12:25am ESE 29.94   67
5    45.1  51.2   2:45pm  40.2   3:25am   19    0  0.01   2  16   2:20am WNW 30.19   83
6    50.0  63.4   7:20pm  39.8   5:05am   15    0  0.01   2  14   2:30pm WNW 30.29   72
7    49.9  54.0   4:45pm  46.7  10:50pm   15    0  0.02   4  25   7:20pm ESE 30.11   64
8    50.9  59.0   1:55pm  40.6   5:50am   14    0  0.00   6  29  12:35am ESE 30.02   61
9    49.9  61.4   6:50pm  41.2   6:50am   15    0  0.00   2  13  12:40am WNW 30.03   72
10   48.9  57.5   2:05pm  40.6   1:30am   16    0  0.00   4  22   4:15pm ESE 30.00   65
11   49.4  57.4   2:20pm  40.8   3:30am   16    0  0.00   5  25   4:45pm ESE 29.86   61
12   51.8  58.7  11:24am  45.9   3:45am   13    0  0.00   4  23   2:15am SSE 29.72   54
13   51.3  56.6   4:21pm  45.2   6:20am   23    0  0.00   2  11  11:10am WNW 29.77   73
14   46.6  50.6   6:54pm  43.7   5:55am   18    0  0.03   1  12   3:25pm WNW 29.95   89
15   46.8  54.1   3:10pm  42.9   6:30am   18    0  0.00   2  18   2:55pm ESE 30.11   80
16   46.9  58.0   8:06pm  40.2   4:55am   18    0  0.00   2  14  12:25am WNW 30.11   78
17   54.7  69.9   5:58pm  39.6   5:00am   11    0  0.00   2  16   4:27pm WNW 29.91   66
18   54.6  67.0   3:30pm  41.3   5:25am   10    0  0.00   2  14   1:55pm WNW 29.90   62
19   49.1  54.0   5:09pm  45.8   5:15am   16    0  0.00   1   7   9:01pm WNW 29.94   86
20   50.3  59.0   6:25pm  45.6   2:35am   14    0  0.00   1  11   6:25pm WNW 29.94   85
21   50.4  59.1   5:35pm  45.8   5:25am   15    0  0.03   2  12   5:00pm WNW 29.98   84
22   50.9  55.5   3:15pm  45.4   3:35am   14    0  0.01   2  16   4:05pm   S 29.96   81
23   52.5  60.4   6:55pm  46.6   5:05am   12    0  0.00   3  17   1:55pm  SW 30.00   78
24   55.0  65.8   7:15pm  45.5   5:05am    9    0  0.00   3  19  11:55am WSW 29.96   68
25   51.3  59.8  12:00am  47.6   7:55am   14    0  0.07   2  16   1:20am WSW 29.92   88
26   54.7  60.7   5:55pm  48.9   5:50am   10    0  0.03   5  29  10:35pm   E 29.95   71
27   54.1  57.5   4:35pm  51.1  11:25pm   11    0  0.01  10  37   4:00pm ESE 29.75   65
28   50.6  54.2   4:40pm  46.1   4:15am   14    0  0.00   3  25  12:05am  SW 29.48   74
29   53.0  62.5   6:20pm  44.6   6:10am   12    0  0.00   3  16  12:55pm SSW 29.35   70
30   55.8  62.3   5:00pm  51.0   3:35am    9    0  0.00   6  34   6:55pm ENE 29.46   68
---------------------------------------------------------------------------------------
TOT  50.7  69.9  6/17/11  39.6  6/17/11  433    1  0.11   3  42   6/3/11 WNW 29.90   73

HEAT BASE: 65.0
COOL BASE: 65.0