NOAA-Style Climate Reports

Select a Year or Month report
2017: Jan Feb Mar Apr May Jun Jul Aug Sep Oct Nov Dec
2016: Jan Feb Mar Apr May Jun Jul Aug Sep Oct Nov Dec
2015: Jan Feb Mar Apr May Jun Jul Aug Sep Oct Nov Dec
2014: Jan Feb Mar Apr May Jun Jul Aug Sep Oct Nov Dec
2013: Jan Feb Mar Apr May Jun Jul Aug Sep Oct Nov Dec
2012: Jan Feb Mar Apr May Jun Jul Aug Sep Oct Nov Dec
2011: Jan Feb Mar Apr May Jun Jul Aug Sep Oct Nov Dec
2010: Jan Feb Mar Apr May Jun Jul Aug Sep Oct Nov Dec
2009: Jan Feb Mar Apr May Jun Jul Aug Sep Oct Nov Dec
2008: Jan Feb Mar Apr May Jun Jul Aug Sep Oct Nov Dec
2007: Jan Feb Mar Apr May Jun Jul Aug Sep Oct Nov Dec

Report for 2011 May
                  MONTHLY CLIMATOLOGICAL SUMMARY FOR 5/2011
                                        HEAT  COOL        
     MEAN                               DEG   DEG       WIND SPEED       DOM MEAN  MEAN
DAY  TEMP  HIGH   TIME     LOW   TIME   DAYS  DAYS RAIN AVG  HI  TIME    DIR BAROM HUM
---------------------------------------------------------------------------------------
1    41.2  50.4   5:25pm  31.0   6:15am   24    0  0.00   4  24   3:25am WNW 30.05   53
2    43.2  52.9   3:10pm  29.1   6:30am   40    0  0.00   3  18   7:24pm SSE 29.77   53
3    38.3  43.3   1:35pm  31.5   6:05am   27    0  0.00   4  20  10:45am   S 29.86   69
4    36.2  39.5   5:19pm  32.6   5:50am   28    0  0.01   1   6  11:15am WNW 29.84   90
5    39.1  53.3   6:10pm  33.6   5:15am   25    0  0.00   2  19   8:10pm NNW 29.75   80
6    46.6  58.8   5:25pm  33.9   6:25am   18    0  0.00   2  17   3:35pm WNW 29.78   55
7    43.3  54.7  10:25am  36.3   6:55am   22    0  0.02   4  19   1:20pm  SE 29.81   55
8    41.0  47.5   3:50pm  33.9   4:50am   24    0  0.00   5  24   5:05pm ESE 29.86   68
9    43.1  54.5   4:45pm  35.6  11:45pm   22    0  0.00   5  26  12:45am   S 29.85   64
10   42.5  54.5  12:45pm  32.4   5:00am   22    0  0.01   5  34   5:45pm WNW 29.87   57
11   41.3  53.6   5:15pm  29.9   5:25am   24    0  0.00   5  32   5:10pm WNW 30.00   44
12   44.3  57.1   6:00pm  29.9   6:00am   21    0  0.00   2  17  12:10pm  SE 30.14   45
13   53.7  62.2   4:00pm  42.8  12:00am   27    0  0.00   8  25   6:55pm WNW 30.14   37
14   44.6  49.4   1:15pm  40.9  11:45pm   20    0  0.00  15  37   2:20pm ESE 30.04   49
15   42.5  46.5  12:10pm  39.8   4:35am   23    0  0.00  10  29   1:25am  SE 29.77   53
16   44.6  50.9   5:20pm  37.6   5:15am   20    0  0.00   4  29   5:10pm SSE 29.58   52
17   45.8  49.6  12:05pm  40.8   6:30am   19    0  0.00   7  41  11:30pm  SE 29.71   47
18   47.5  54.6   2:30pm  43.3   4:25am   17    0  0.00  10  42   1:30am SSE 29.84   50
19   46.8  51.8   3:13pm  41.5   7:00am   18    0  0.00   4  29   1:20am WNW 29.83   60
20   46.3  52.5   5:15pm  40.4   7:00am   19    0  0.03  11  40   8:00am  SE 29.93   56
21   46.6  58.0  11:49am  37.8   4:00am   18    0  0.00   4  25   4:25pm WNW 29.95   57
22   49.3  59.9  10:45am  41.8   6:25am   16    0  0.00   4  34  11:35pm SSE 29.94   58
23   49.8  58.2   6:45pm  42.9   4:45am   15    0  0.00   6  28  11:40am  SE 30.08   48
24   51.6  63.0   3:05pm  40.7   6:50am   13    0  0.00   4  36   8:40pm  SE 30.01   48
25   53.1  64.9   3:15pm  43.9   6:35am   12    0  0.00   4  30   5:50pm ESE 29.82   51
26   58.1  68.2   3:45pm  44.9   5:50am    7    0  0.00   3  19   8:10pm WNW 29.73   45
27   62.2  77.3   5:00pm  48.5   7:40am    6    3  0.00   2  13   2:45pm WNW 29.85   46
28   53.1  60.3   3:05pm  45.2  11:45pm   12    0  0.01   1  13   3:15pm  NW 29.98   62
29   52.7  66.4   6:05pm  41.8   5:20am   12    0  0.00   2  12   1:30pm WNW 30.03   66
30   59.3  75.1   5:50pm  45.2   4:30am    8    2  0.00   2  13   3:20pm WNW 30.08   61
31   52.9  63.8   1:25pm  42.9   6:30am   12    0  0.02   3  22  10:45pm WNW 29.98   63
---------------------------------------------------------------------------------------
TOT  47.1  77.3  5/27/11  29.1   5/2/11  588    5  0.02   5  42  5/18/11 ESE 29.90   56

HEAT BASE: 65.0
COOL BASE: 65.0