NOAA-Style Climate Reports

Select a Year or Month report
2017: Jan Feb Mar Apr May Jun Jul Aug Sep Oct Nov Dec
2016: Jan Feb Mar Apr May Jun Jul Aug Sep Oct Nov Dec
2015: Jan Feb Mar Apr May Jun Jul Aug Sep Oct Nov Dec
2014: Jan Feb Mar Apr May Jun Jul Aug Sep Oct Nov Dec
2013: Jan Feb Mar Apr May Jun Jul Aug Sep Oct Nov Dec
2012: Jan Feb Mar Apr May Jun Jul Aug Sep Oct Nov Dec
2011: Jan Feb Mar Apr May Jun Jul Aug Sep Oct Nov Dec
2010: Jan Feb Mar Apr May Jun Jul Aug Sep Oct Nov Dec
2009: Jan Feb Mar Apr May Jun Jul Aug Sep Oct Nov Dec
2008: Jan Feb Mar Apr May Jun Jul Aug Sep Oct Nov Dec
2007: Jan Feb Mar Apr May Jun Jul Aug Sep Oct Nov Dec

Report for 2011 April
                  MONTHLY CLIMATOLOGICAL SUMMARY FOR 4/2011
                                        HEAT  COOL        
     MEAN                               DEG   DEG       WIND SPEED       DOM MEAN  MEAN
DAY  TEMP  HIGH   TIME     LOW   TIME   DAYS  DAYS RAIN AVG  HI  TIME    DIR BAROM HUM
---------------------------------------------------------------------------------------
1    29.7  40.8   6:10pm  22.8   3:40am   35    0  0.00   1   8   5:50pm WNW 29.84   70
2    35.8  39.6   1:45pm  30.1   6:00am   21    0  0.02   9  28  12:15am ESE 29.30   64
3    38.2  41.0   3:40pm  29.4  12:00am   80    0  0.00   2  10   5:25pm  SE 29.29   64
4    37.2  40.6   2:15pm  34.1  10:55pm   28    0  0.00   7  29   8:25pm   E 29.39   68
5    28.9  35.3  12:00am  25.7  11:15pm   53    0  0.00   2  26  12:00am SSE 29.50   82
6    28.8  37.4   4:47pm  18.8   8:35am   77    0  0.00   2  19  11:50pm SSE 29.88   64
7    34.1  36.9   9:39am  29.4  12:30am   31    0  0.03  23  67   9:02am ESE 29.44   69
8    35.8  39.6   1:45pm  30.1   6:00am   28    0  0.02   8  28  12:15am  SE 29.28   63
9    34.9  45.0   3:40pm  26.7   8:00am   30    0  0.00   2  16  12:35pm  SE 29.37   69
10   34.2  44.8  10:50am  26.5   7:05am   31    0  0.02   2  14   6:00pm WNW 29.56   75
11   33.5  44.3  12:20pm  25.2   2:05am   32    0  0.01   2  18   1:55pm SSE 29.64   66
12   36.0  46.4   5:15pm  26.3   7:10am   29    0  0.00   3  19   5:35pm WNW 29.70   52
13   31.6  43.0   6:30pm  20.3   7:40am   33    0  0.00   3  18  12:55am WNW 29.76   54
14   35.9  45.0   1:55pm  28.0   5:20am   29    0  0.00   2  11   1:45pm SSE 29.97   57
15   40.1  51.9   5:45pm  28.6   7:20am   25    0  0.00   2  13  12:55pm WNW 30.12   47
16   40.2  51.0   6:20pm  29.0   6:40am   25    0  0.00   2  12   2:50pm  SE 30.14   53
17   43.6  45.9   1:45pm  39.6   6:30am   33    0  0.00   9  29   3:20pm ESE 29.58   56
18   38.6  49.8   5:38pm  27.6   6:45am   25    0  0.00   2  14   2:10pm   W 30.18   56
19   40.6  51.4   4:35pm  30.8   6:45am   24    0  0.00   2  13   3:00pm   W 30.02   50
20   39.5  48.1  11:59am  29.5   7:30am   42    0  0.00   6  23   4:39pm SSE 29.75   57
21   38.9  42.8   4:26pm  34.4   6:50am   60    0  0.00  13  40  10:10pm  SE 29.64   53
22   36.8  43.3   1:45pm  31.8  10:21am   28    0  0.00   7  47   2:30am WNW 29.55   74
23   39.5  44.0  11:50am  33.7   5:00am   25    0  0.00   3  23   2:40am SSW 29.56   72
24   41.3  44.3   2:05pm  36.6   4:25am   23    0  0.00   3  24  11:15pm   S 29.55   61
25   43.2  45.9   1:45pm  39.6   6:30am   38    0  0.00   8  29   3:20pm ESE 29.59   57
26   40.2  46.9   2:50pm  33.0  10:30pm   25    0  0.00   6  30   3:00pm SSE 29.78   65
27   35.6  43.8   4:25pm  29.5   5:55am   29    0  0.08   1   7  12:25am WNW 30.04   80
28   48.6  53.1  12:30am  43.8  10:00am   10    0  0.50   3  31  12:15am   S 29.78   81
---------------------------------------------------------------------------------------
TOT  53.2  61.6   8/4/11  43.8   8/5/11  948    0  1.22   9  55   8/2/11 ESE 29.64   77

HEAT BASE: 65.0
COOL BASE: 65.0