NOAA-Style Climate Reports

Select a Year or Month report
2017: Jan Feb Mar Apr May Jun Jul Aug Sep Oct Nov Dec
2016: Jan Feb Mar Apr May Jun Jul Aug Sep Oct Nov Dec
2015: Jan Feb Mar Apr May Jun Jul Aug Sep Oct Nov Dec
2014: Jan Feb Mar Apr May Jun Jul Aug Sep Oct Nov Dec
2013: Jan Feb Mar Apr May Jun Jul Aug Sep Oct Nov Dec
2012: Jan Feb Mar Apr May Jun Jul Aug Sep Oct Nov Dec
2011: Jan Feb Mar Apr May Jun Jul Aug Sep Oct Nov Dec
2010: Jan Feb Mar Apr May Jun Jul Aug Sep Oct Nov Dec
2009: Jan Feb Mar Apr May Jun Jul Aug Sep Oct Nov Dec
2008: Jan Feb Mar Apr May Jun Jul Aug Sep Oct Nov Dec
2007: Jan Feb Mar Apr May Jun Jul Aug Sep Oct Nov Dec

Report for 2011 March
                  MONTHLY CLIMATOLOGICAL SUMMARY FOR 3/2011
                                        HEAT  COOL        
     MEAN                               DEG   DEG       WIND SPEED       DOM MEAN  MEAN
DAY  TEMP  HIGH   TIME     LOW   TIME   DAYS  DAYS RAIN AVG  HI  TIME    DIR BAROM HUM
---------------------------------------------------------------------------------------
1    15.0  23.0   4:15pm  10.2   3:00am   49    0  0.00   2  13  12:10pm  NE 30.21   48
2    13.2  22.0   3:45pm   5.5   8:19am   48    0  0.00   2  20   2:21pm WSW 29.84   46
3    17.0  25.1   1:15pm  10.3   5:58am   47    0  0.00   3  16   1:35pm WSW 29.82   36
4    12.1  17.1   2:10pm   7.3   8:29am   51    0  0.00   3  19   3:25pm  SE 30.01   50
5    15.9  27.7  11:15pm   5.6   3:10am   48    0  0.00   2  14   1:03pm NNW 29.97   52
6    30.0  37.7   3:45pm  24.5   9:44am   34    0  0.00   1   8  12:55am ENE 30.07   52
7    30.7  37.2  12:20pm  23.3  11:55pm   34    0  0.00   2   9   4:35am   E 29.83   50
8    26.5  32.6   4:51pm  22.0   8:00am   37    0  0.00   2  10   1:40pm ENE 29.72   56
9    24.6  30.4   4:00pm  18.1  11:55pm   40    0  0.00   2  14   4:10pm SSE 29.77   51
10   19.5  26.3   4:35pm  13.2   8:20am   45    0  0.00   2  12   6:30pm   E 29.72   57
11   21.6  27.1   4:40pm  14.8   7:40am   75    0  0.00   2  10   2:10pm   E 29.82   46
12   17.9  25.8   5:10pm   9.7   7:00am   46    0  0.00   2  11   1:40pm  SE 29.62   50
13   18.2  24.8   6:20pm  12.9   6:45am   45    0  0.00   2  12   4:10pm   N 29.56   41
14   16.7  25.0   5:55pm   9.6   8:15am   48    0  0.00   2  12   4:30pm  SW 29.42   48
15   22.7  30.5   4:40pm  15.6   4:00am   41    0  0.00   1  10   8:50pm  NW 29.31   46
16   34.2  39.8   3:25pm  29.0   2:25am   31    0  0.00   1  10   3:35pm  NW 29.28   52
17   28.8  34.6  12:45am  26.0   9:50am   35    0  0.00   1  10   3:47pm   W 29.84   85
18   28.7  32.2   5:35pm  25.4   8:10am   35    0  0.03   2  13   2:45pm   W 30.12   81
19   27.4  33.3   5:45pm  22.4   7:50am   37    0  0.00   3  17   2:40pm   W 30.15   68
20   31.5  40.4   3:30pm  23.6   9:55am   25    0  0.10   4  17   8:22am NNE 29.49   77
21   31.3  40.1   2:50pm  26.9  11:55pm   34    0  0.00   1   9   3:50pm SSW 29.71   53
22   31.2  35.1  12:50pm  26.0   1:10am   33    0  0.00   5  26  11:10am ESE 29.62   59
23   33.0  43.6   2:20pm  25.8   8:05am   31    0  0.00   1  16  11:00pm   W 29.77   62
24   33.5  40.9   2:55pm  28.5   7:40am   31    0  0.00   1   9  12:45am  SE 29.64   63
25   31.6  37.0   1:25pm  27.9  11:45pm   33    0  0.00   1   7   2:55pm WNW 29.61   76
26   31.3  42.8   5:25pm  25.2   8:10am   34    0  0.00   1  13   6:00pm WNW 29.58   77
27   30.1  41.2   5:00pm  22.2   7:25am   34    0  0.00   1   9   1:30am  SE 29.59   70
28   30.5  32.5   7:00pm  26.3  12:00am   41    0  0.00   1   6   7:30pm  SE 29.50   79
29   37.6  48.9   1:45pm  30.1  12:00am   27    0  0.00   2  12   2:55pm ESE 29.24   73
30   35.7  44.7  11:05am  32.4   1:20am   21    0  0.04   1   6   2:30am NNE 29.14   77
31   31.0  40.4   3:30pm  23.6   9:55am   32    0  0.00   3  17   8:22am NNE 29.53   74
---------------------------------------------------------------------------------------
TOT  25.9  48.9  3/29/11   5.5   3/2/11 1199    0  0.31   2  26  3/22/11   W 29.72   59

HEAT BASE: 65.0
COOL BASE: 65.0