NOAA-Style Climate Reports

Select a Year or Month report
2017: Jan Feb Mar Apr May Jun Jul Aug Sep Oct Nov Dec
2016: Jan Feb Mar Apr May Jun Jul Aug Sep Oct Nov Dec
2015: Jan Feb Mar Apr May Jun Jul Aug Sep Oct Nov Dec
2014: Jan Feb Mar Apr May Jun Jul Aug Sep Oct Nov Dec
2013: Jan Feb Mar Apr May Jun Jul Aug Sep Oct Nov Dec
2012: Jan Feb Mar Apr May Jun Jul Aug Sep Oct Nov Dec
2011: Jan Feb Mar Apr May Jun Jul Aug Sep Oct Nov Dec
2010: Jan Feb Mar Apr May Jun Jul Aug Sep Oct Nov Dec
2009: Jan Feb Mar Apr May Jun Jul Aug Sep Oct Nov Dec
2008: Jan Feb Mar Apr May Jun Jul Aug Sep Oct Nov Dec
2007: Jan Feb Mar Apr May Jun Jul Aug Sep Oct Nov Dec

Report for 2011 February
                  MONTHLY CLIMATOLOGICAL SUMMARY FOR 2/2011
                                        HEAT  COOL        
     MEAN                               DEG   DEG       WIND SPEED       DOM MEAN  MEAN
DAY  TEMP  HIGH   TIME     LOW   TIME   DAYS  DAYS RAIN AVG  HI  TIME    DIR BAROM HUM
---------------------------------------------------------------------------------------
1    30.5  36.9  10:20pm  22.9   2:15am   34    0  0.06   4  28   7:50pm NNE 29.25   88
2    33.1  37.6  12:25am  28.3  11:55pm   31    0  0.16   3  37  12:25am WNW 29.23   86
3    26.5  31.8   2:25pm  22.7   6:30am   38    0  0.03   4  23  11:05am   N 29.55   80
4    23.0  28.3   1:30pm  19.5   9:20am   39    0  0.00   2  11   3:55am  NE 30.10   70
5    24.4  33.1   2:40pm  19.6   2:45am   38    0  0.00   2  19   2:05pm  NE 30.33   57
6    27.4  32.3   3:35pm  22.9  10:55pm   35    0  0.00   1  22   6:50am  NE 30.19   65
7    26.6  35.0  10:59pm  21.2   5:10am   34    0  0.00   2  35  11:50pm  NE 30.44   70
8    30.5  36.5   2:51pm  22.4   5:02pm   33    0  0.00   8  44   1:30pm   E 30.03   68
9    32.7  37.8  12:17pm  27.8   4:25am   29    0  0.00   6  43   3:05am SSE 29.81   80
10   24.8  29.3   1:30pm  17.2  11:50pm   51    0  0.00   2  18   6:00pm SSE 29.56   90
11   12.0  17.2  12:00am   5.2  10:55pm   50    0  0.00   6  20   7:08am  SW 29.33   84
12   11.2  17.2   2:50pm   5.7   7:55am   39    0  0.00   5  29   3:41pm WNW 30.35   54
13    4.7   9.2   3:50pm   1.5  11:50pm   55    0  0.00   3  20   5:25pm  SW 29.33   75
14    7.4  16.3   3:29pm   0.7   2:05am   55    0  0.00   5  28   2:00pm WNW 29.82   54
15    8.1  13.1   3:05pm   3.9   7:30am   54    0  0.00   2  24   1:10am SSE 29.89   49
16   10.1  14.8   4:55pm   5.8   2:20am   53    0  0.00   2   8   5:32pm SSE 29.99   44
17   16.4  25.5  11:55pm   9.7   1:15am   47    0  0.00   2  17  11:55pm  SE 30.24   50
18   23.8  32.3   4:05am  16.8   9:25pm   38    0  0.00   5  34   4:15am  SW 29.99   85
19   10.8  17.9   2:35pm   1.7  10:00pm   52    0  0.00   3  24   5:45pm   N 29.92   75
20    9.1  16.2   5:09pm   0.7   1:55am   52    0  0.00   1  14  12:15am   S 30.09   71
21   17.1  21.9   2:00pm   9.2   1:05am   46    0  0.00   4  29   4:10pm ESE 30.41   63
22   13.2  18.5  12:30pm   7.5   9:50am   48    0  0.00   3  18   5:45am WSW 30.77   51
23   13.6  25.1  12:51pm   4.4   6:01am   49    0  0.00   1   7   1:00am ESE 30.94   56
24   24.8  31.9  10:40am  14.8   8:54am   39    0  0.00   2  18  11:45pm   S 30.78   61
25   29.9  36.9   3:20am  15.4  11:55pm   33    0  0.00   6  40   7:41am   S 30.30   69
26   10.0  17.2   2:50pm   5.0   8:04pm   53    0  0.00   6  34  11:24pm WNW 30.36   53
27   22.7  24.9  12:50am  21.3   8:30am   16    0  0.00   1   7   6:45am ESE 29.98   71
---------------------------------------------------------------------------------------
TOT  22.2  39.8  3/16/11   5.5   3/2/11 1140    0  0.14   2  20   3/2/11   W 29.80   54

HEAT BASE: 65.0
COOL BASE: 65.0