NOAA-Style Climate Reports

Select a Year or Month report
2017: Jan Feb Mar Apr May Jun Jul Aug Sep Oct Nov Dec
2016: Jan Feb Mar Apr May Jun Jul Aug Sep Oct Nov Dec
2015: Jan Feb Mar Apr May Jun Jul Aug Sep Oct Nov Dec
2014: Jan Feb Mar Apr May Jun Jul Aug Sep Oct Nov Dec
2013: Jan Feb Mar Apr May Jun Jul Aug Sep Oct Nov Dec
2012: Jan Feb Mar Apr May Jun Jul Aug Sep Oct Nov Dec
2011: Jan Feb Mar Apr May Jun Jul Aug Sep Oct Nov Dec
2010: Jan Feb Mar Apr May Jun Jul Aug Sep Oct Nov Dec
2009: Jan Feb Mar Apr May Jun Jul Aug Sep Oct Nov Dec
2008: Jan Feb Mar Apr May Jun Jul Aug Sep Oct Nov Dec
2007: Jan Feb Mar Apr May Jun Jul Aug Sep Oct Nov Dec

Report for 2010 December
                  MONTHLY CLIMATOLOGICAL SUMMARY FOR 12/2010
                                        HEAT  COOL        
     MEAN                               DEG   DEG       WIND SPEED       DOM MEAN  MEAN
DAY  TEMP  HIGH   TIME     LOW   TIME   DAYS  DAYS RAIN AVG  HI  TIME    DIR BAROM HUM
---------------------------------------------------------------------------------------
1    12.3  17.9  12:45pm   8.5   6:33pm  156    0  0.00   1   7   6:40am ENE 29.97   54
2    14.3  19.9   1:50pm   9.3   8:20am  189    0  0.00   1   9   9:00am ENE 30.17   53
3    30.1  37.2   6:43pm  14.5  12:30am   33    0  0.00  17  69   4:55pm   E 29.72   57
4    26.1  30.1  12:30pm  23.9   7:05am   38    0  0.03   3  26  12:15am  NE 29.47   80
5    23.2  27.1   4:00pm  18.1   1:55am   37    0  0.00   0   5   1:35am ENE 30.05   83
6    23.3  27.1   4:00pm  18.1   1:55am   38    0  0.00   0   5   1:35am ENE 30.05   83
7    28.3  33.3   4:20pm  23.9   2:40am   37    0  0.00   0   6  11:30pm ENE 29.83   85
8    21.5  28.1  12:15am  16.8   9:50am   43    0  0.00   2  12   3:50pm   E 29.57   80
9    15.2  21.0  12:00am  10.3  10:15pm   50    0  0.00   0   6  12:00am   E 29.61   81
10   11.1  12.5  11:55pm   9.8   9:40am   54    0  0.00   3  19   9:35am NNW 29.64   84
11   14.1  19.0  11:05pm  12.2   6:20am   51    0  0.00   0   8  11:25pm WNW 29.75   87
12   12.0  14.3  12:50am   9.3   8:38am   22    0  0.00   6  25   3:30am  SE 29.99   65
13   13.3  21.1   2:00pm   9.9  12:00am  135    0  0.00   1   9   1:35pm  NE 29.46   72
14    7.7  11.0   2:05pm   3.8   8:33pm  176    0  0.00   4  21   8:15am  NE 29.29   75
15    9.3  12.8   2:30pm   5.8  12:00am  215    0  0.00   2  11  12:45pm   E 29.81   63
16    6.2  10.9   1:09pm   2.2   7:51pm  255    0  0.00   1   8   9:55pm   E 30.16   75
17    7.0  12.4   8:00pm   0.9  10:25am  288    0  0.00   1  16   5:55pm   E 30.19   69
18   10.4  15.5   6:37pm   6.8   1:15am   51    0  0.00   2  20   6:30pm   N 30.11   64
19   14.0  19.0   1:45pm   9.5   6:10am   50    0  0.00   1  14   5:00am ENE 29.83   63
20   11.7  16.2   5:20am   6.0  11:50pm   51    0  0.00   0   9   2:40am WNW 29.58   85
21    7.5  13.2   1:35pm   4.1   1:45am   56    0  0.00   1  16  11:40pm NNW 29.66   81
22   10.5  13.9  11:40pm   6.8   5:30am   51    0  0.00   3  20   2:00am ENE 29.83   67
23    4.4   9.7  12:45pm  -0.3  12:25am   42    0  0.00   0   3  12:55pm   E 29.43   84
24    2.1   5.7   2:00pm  -1.4   5:09pm   59    0  0.00   1   6   3:55am   E 29.54   74
25    4.9   9.7  12:45pm  -0.3  12:25am   57    0  0.00   0   4   6:00pm   E 29.41   84
26   38.7  42.1   9:09am  34.9   1:45am   12    0  0.00  19  46   7:37am   E 29.53   62
---------------------------------------------------------------------------------------
TOT  38.7  42.1   1/1/11  34.9   1/1/11 2245    0  0.00  19  46   1/1/11   E 29.53   62

HEAT BASE: 65.0
COOL BASE: 65.0