NOAA-Style Climate Reports

Select a Year or Month report
2017: Jan Feb Mar Apr May Jun Jul Aug Sep Oct Nov Dec
2016: Jan Feb Mar Apr May Jun Jul Aug Sep Oct Nov Dec
2015: Jan Feb Mar Apr May Jun Jul Aug Sep Oct Nov Dec
2014: Jan Feb Mar Apr May Jun Jul Aug Sep Oct Nov Dec
2013: Jan Feb Mar Apr May Jun Jul Aug Sep Oct Nov Dec
2012: Jan Feb Mar Apr May Jun Jul Aug Sep Oct Nov Dec
2011: Jan Feb Mar Apr May Jun Jul Aug Sep Oct Nov Dec
2010: Jan Feb Mar Apr May Jun Jul Aug Sep Oct Nov Dec
2009: Jan Feb Mar Apr May Jun Jul Aug Sep Oct Nov Dec
2008: Jan Feb Mar Apr May Jun Jul Aug Sep Oct Nov Dec
2007: Jan Feb Mar Apr May Jun Jul Aug Sep Oct Nov Dec

Report for 2010 November
                  MONTHLY CLIMATOLOGICAL SUMMARY FOR 11/2010
                                        HEAT  COOL        
     MEAN                               DEG   DEG       WIND SPEED       DOM MEAN  MEAN
DAY  TEMP  HIGH   TIME     LOW   TIME   DAYS  DAYS RAIN AVG  HI  TIME    DIR BAROM HUM
---------------------------------------------------------------------------------------
1    33.3  38.7   2:00pm  28.7  12:55am   30    0  0.00   1  11   9:55am NNE 28.81   82
2    36.9  40.4   4:11pm  30.6   7:00am   49    0  0.14   8  36   2:20pm   E 29.69   65
3    32.6  35.9  10:53am  30.0   5:45am   16    0  0.00   1   9   6:20am  NE 29.34   79
4    31.0  36.1   1:35am  28.3   7:20pm   32    0  0.00   1  15   7:50am   S 28.82   94
5    30.9  34.7   2:20pm  27.9   1:40am   31    0  0.00   1  16   9:35pm NNW 29.19   82
6    30.3  33.7   5:25pm  28.1   1:50am   34    0  0.00   1  16  12:50am   E 29.15   92
7    28.1  32.4   1:35am  24.8  10:35pm   34    0  0.00   1  10   2:44pm   N 29.43   91
8    26.1  33.8   9:34pm  23.9   7:35am   60    0  0.00   1  13  11:35pm NNW 29.56   90
9    25.6  31.2  12:35am  20.5  10:10pm   38    0  0.00   1  12   1:55am WSW 29.78   87
10   25.9  34.0   8:29pm  20.0  12:40am   38    0  0.00   2  11   2:35pm   N 29.79   76
11   32.4  37.8   7:13pm  24.9  12:45am   32    0  0.00   1  11   8:09am NNE 29.39   84
12   34.2  38.6   7:15pm  30.0   5:45am   31    0  0.16   2  18   7:11pm  NE 29.36   80
13   35.2  37.4  11:48am  29.5   8:40am   29    0  0.07   5  26   2:35am  SE 29.65   72
14   32.9  35.1   1:39pm  30.4   7:31pm   31    0  0.01   2  14   7:10am   S 29.98   71
15   20.3  31.2  12:00am  10.9  11:42pm   43    0  0.00   2  18   9:45am WSW 30.18   72
16   15.5  17.6   3:35am  14.0   2:15am   12    0  0.00   2  11   4:35am WNW 30.67   63
17   19.1  27.1   5:57pm  13.3  10:00am   46    0  0.00   2  17   7:35am NNW 30.67   53
18   27.9  35.4  12:40pm  21.5  12:13am   36    0  0.01   2  12   1:34am ENE 30.58   42
19   28.5  35.9   1:53pm  22.1   1:18am   34    0  0.01   1   6  10:15pm  NE 30.49   47
20   24.6  31.1  12:45pm  20.2  11:34pm   21    0  0.00   1   7   1:25pm WSW 30.36   84
21   25.6  34.4  10:43pm  18.4   3:50am   37    0  0.00   1  12   1:34pm WSW 30.23   72
22   40.5  44.2   8:00am  35.7   5:45am   17    0  0.16   7  39   5:50pm ENE 29.81   78
23   40.6  44.2   8:00am  35.7   5:45am   22    0  0.55  10  48   7:50pm ENE 29.73   77
24   25.5  29.9  12:05am  23.9   7:05am   20    0  0.00   4  26  12:15am ENE 29.43   86
---------------------------------------------------------------------------------------
TOT  21.1  37.2  12/3/10   8.5  12/1/10  774    0  0.00   7  69  12/3/10 ENE 29.84   60

HEAT BASE: 65.0
COOL BASE: 65.0