NOAA-Style Climate Reports

Select a Year or Month report
2017: Jan Feb Mar Apr May Jun Jul Aug Sep Oct Nov Dec
2016: Jan Feb Mar Apr May Jun Jul Aug Sep Oct Nov Dec
2015: Jan Feb Mar Apr May Jun Jul Aug Sep Oct Nov Dec
2014: Jan Feb Mar Apr May Jun Jul Aug Sep Oct Nov Dec
2013: Jan Feb Mar Apr May Jun Jul Aug Sep Oct Nov Dec
2012: Jan Feb Mar Apr May Jun Jul Aug Sep Oct Nov Dec
2011: Jan Feb Mar Apr May Jun Jul Aug Sep Oct Nov Dec
2010: Jan Feb Mar Apr May Jun Jul Aug Sep Oct Nov Dec
2009: Jan Feb Mar Apr May Jun Jul Aug Sep Oct Nov Dec
2008: Jan Feb Mar Apr May Jun Jul Aug Sep Oct Nov Dec
2007: Jan Feb Mar Apr May Jun Jul Aug Sep Oct Nov Dec

Report for 2010 October
                  MONTHLY CLIMATOLOGICAL SUMMARY FOR 10/2010
                                        HEAT  COOL        
     MEAN                               DEG   DEG       WIND SPEED       DOM MEAN  MEAN
DAY  TEMP  HIGH   TIME     LOW   TIME   DAYS  DAYS RAIN AVG  HI  TIME    DIR BAROM HUM
---------------------------------------------------------------------------------------
1    44.1  51.9   1:09pm  40.0   5:00am   21    0  0.06   2  19   6:49pm ESE 29.13   87
2    46.3  54.3   2:16pm  39.7   1:50am   18    0  0.01   9  36  11:21am ESE 29.23   69
3    43.4  52.1   3:15pm  37.9   8:10am   21    0  0.00   5  42   8:50pm  SE 29.34   69
4    41.4  47.1  12:45pm  35.1   8:15am   23    0  0.00   6  30  12:20am ESE 29.59   61
5    39.2  50.4   3:35pm  32.3   9:00am   25    0  0.00   2  15   5:45am  SE 29.21   65
6    47.9  51.4   2:15pm  39.6  12:00am   47    0  0.00   3  14   4:20pm   S 29.23   56
7    39.2  49.0   3:21pm  32.3  10:35pm   24    0  0.00   2  19  12:00am WNW 29.59   75
8    36.7  49.8   2:20pm  29.9   6:25am   28    0  0.00   1   9   9:55am  SW 29.60   75
9    35.7  46.3   5:06pm  27.6   8:55am   29    0  0.00   1  11   1:21pm WNW 29.31   70
10   37.5  48.7   3:25pm  32.3   7:25am   26    0  0.00   1   9   3:20pm ENE 29.35   70
11   35.5  43.6   4:35pm  31.4  10:15pm   30    0  0.03   1   7   4:00pm   E 29.65   84
12   33.6  39.6   4:50pm  29.7   8:50am   31    0  0.00   2  19   4:00pm  SW 29.67   77
13   30.9  36.8   5:05pm  26.2   5:45am   34    0  0.00   2  10   2:10pm  SW 29.79   64
14   28.5  34.0   5:15pm  24.0   8:45am   36    0  0.00   2   9   1:45pm  SE 29.69   72
15   30.9  42.0   1:35pm  26.1   1:00am   34    0  0.00   1   6   1:25pm SSW 29.85   72
16   34.9  42.8  11:10pm  30.8   3:20am   29    0  0.00   2  30  11:10pm   S 29.59   65
17   37.9  39.7   1:34pm  33.8  12:00am   43    0  0.00   1   5  12:00am   S 29.04   75
18   46.2  51.4   2:15pm  39.6  12:00am   51    0  0.00   4  19  11:59pm   S 29.31   59
19   34.4  39.6  12:00pm  32.8   9:22am   17    0  0.02   1  10  12:43pm ENE 29.64   88
20   41.6  55.6  12:40pm  35.0   8:35am   22    0  0.00   4  30  10:20pm ESE 29.67   63
21   38.8  42.5   2:25pm  37.2   6:03pm   34    0  0.00   3  23  12:00am NNW 29.68   65
22   39.8  43.5   4:00am  36.8   9:38am   24    0  0.00   2  16  11:55pm ENE 29.59   63
23   39.5  44.3  12:45pm  33.9   9:32pm   24    0  0.00   4  23  12:30am NNE 29.48   54
24   36.2  38.6   2:05pm  34.1   8:50am   28    0  0.00   1   5   2:30am NNE 29.32   58
25   36.8  42.0   3:05am  32.7   1:33pm   28    0  0.02   2  13   9:09am NNW 29.36   74
26   35.0  39.9   1:55pm  32.8   9:22am   30    0  0.00   1  12   4:30pm ENE 29.72   85
27   38.9  43.1   2:20pm  32.7  12:15am   26    0  0.00   8  35  10:30pm ESE 29.88   62
28   36.4  42.2   3:25am  31.0  11:30pm   29    0  0.07   9  48   2:55am   E 29.28   75
29   30.3  34.4   3:10pm  28.4   6:00am   63    0  0.09   2  11   1:20pm   E 29.07   80
30   29.3  33.9   1:10pm  24.9  11:46pm   95    0  0.02   2  20   3:05am   E 29.11   67
31   36.3  40.4   4:11pm  30.6   7:00am   45    0  0.11   7  36   2:20pm   E 29.63   67
---------------------------------------------------------------------------------------
TOT  34.4  40.4  11/2/10  28.7  11/1/10 1014    0  0.14   3  36  11/2/10   E 29.10   77

HEAT BASE: 65.0
COOL BASE: 65.0