NOAA-Style Climate Reports

Select a Year or Month report
2017: Jan Feb Mar Apr May Jun Jul Aug Sep Oct Nov Dec
2016: Jan Feb Mar Apr May Jun Jul Aug Sep Oct Nov Dec
2015: Jan Feb Mar Apr May Jun Jul Aug Sep Oct Nov Dec
2014: Jan Feb Mar Apr May Jun Jul Aug Sep Oct Nov Dec
2013: Jan Feb Mar Apr May Jun Jul Aug Sep Oct Nov Dec
2012: Jan Feb Mar Apr May Jun Jul Aug Sep Oct Nov Dec
2011: Jan Feb Mar Apr May Jun Jul Aug Sep Oct Nov Dec
2010: Jan Feb Mar Apr May Jun Jul Aug Sep Oct Nov Dec
2009: Jan Feb Mar Apr May Jun Jul Aug Sep Oct Nov Dec
2008: Jan Feb Mar Apr May Jun Jul Aug Sep Oct Nov Dec
2007: Jan Feb Mar Apr May Jun Jul Aug Sep Oct Nov Dec

Report for 2010 August
                  MONTHLY CLIMATOLOGICAL SUMMARY FOR 8/2010
                                        HEAT  COOL        
     MEAN                               DEG   DEG       WIND SPEED       DOM MEAN  MEAN
DAY  TEMP  HIGH   TIME     LOW   TIME   DAYS  DAYS RAIN AVG  HI  TIME    DIR BAROM HUM
---------------------------------------------------------------------------------------
1    55.2  59.0   5:50pm  52.4   8:10am    9    0  0.00   1   7   5:55pm SSW 30.11   91
2    54.0  59.4   9:25pm  50.8   7:45am   11    0  0.00   1   9   1:15am SSW 30.33   93
3    58.7  67.5   4:25pm  51.6   6:40am    6    0  0.01   3  27  11:55pm SSW 30.29   83
4    59.5  66.8  12:15am  51.3  11:55pm    6    0  0.34   6  33   1:05am   E 29.94   78
5    53.8  57.3   7:00pm  49.9   1:57pm   10    0  0.00   1  12  12:00am SSW 29.79   84
6    48.0  55.5  11:59am  45.0   7:05am    8    0  0.00   2  11   3:30am  NE 29.91   78
7    50.6  55.7  12:38pm  47.9  11:50pm   14    0  0.00   2  17   6:40pm SSW 29.75   90
8    52.3  59.0   4:30pm  45.7   5:45am   12    0  0.00   6  40  11:55pm   E 29.78   78
9    56.3  61.0   4:06pm  49.0  11:25pm    9    0  0.00  15  43   1:50am   E 29.66   69
10   53.2  59.5  11:26am  47.8   8:21pm   12    0  0.00   9  33   4:05am   E 29.82   77
11   52.8  58.0   2:40pm  48.4  12:40am   12    0  0.00   2  16   8:20am  NW 30.07   82
12   51.7  55.0   3:50pm  47.5   6:25am   13    0  0.00   3  22   9:40pm ESE 30.23   82
13   53.6  58.1   2:25pm  50.1   5:15am   11    0  0.03   2  15  12:05am   E 30.24   83
14   59.4  65.4   1:35pm  52.8  12:50am    6    0  0.00   3  25   3:57pm  SW 30.17   82
15   63.3  72.0  12:25pm  53.5  11:55pm    3    1  0.00   4  25   3:46pm ENE 29.89   67
16   54.3  58.5   3:25pm  49.8   6:45am   10    1  0.00  12  60   8:40pm ENE 29.88   78
17   51.0  56.0   1:00am  47.8   8:19am   14    0  0.00   7  49  12:40am SSW 29.74   84
18   51.8  60.8   5:50pm  45.5   4:25am   13    0  0.00   3  20   4:35pm SSE 29.87   76
19   51.1  60.2   5:44pm  44.2   4:45am   14    0  0.00   3  15   1:55pm  SW 29.92   71
20   51.3  58.5  11:59am  48.1   2:55am    7    0  0.00   2   9  10:48am WSW 29.83   76
21   48.1  61.4  11:58am  44.3   8:05am    8    0  0.00   1   5  11:45am ESE 30.22   85
---------------------------------------------------------------------------------------
TOT  52.0  69.8  9/12/10  42.1  9/10/10  207    2  0.81   3  34   9/7/10 WNW 29.95   81

HEAT BASE: 65.0
COOL BASE: 65.0