NOAA-Style Climate Reports

Select a Year or Month report
2017: Jan Feb Mar Apr May Jun Jul Aug Sep Oct Nov Dec
2016: Jan Feb Mar Apr May Jun Jul Aug Sep Oct Nov Dec
2015: Jan Feb Mar Apr May Jun Jul Aug Sep Oct Nov Dec
2014: Jan Feb Mar Apr May Jun Jul Aug Sep Oct Nov Dec
2013: Jan Feb Mar Apr May Jun Jul Aug Sep Oct Nov Dec
2012: Jan Feb Mar Apr May Jun Jul Aug Sep Oct Nov Dec
2011: Jan Feb Mar Apr May Jun Jul Aug Sep Oct Nov Dec
2010: Jan Feb Mar Apr May Jun Jul Aug Sep Oct Nov Dec
2009: Jan Feb Mar Apr May Jun Jul Aug Sep Oct Nov Dec
2008: Jan Feb Mar Apr May Jun Jul Aug Sep Oct Nov Dec
2007: Jan Feb Mar Apr May Jun Jul Aug Sep Oct Nov Dec

Report for 2010 July
                  MONTHLY CLIMATOLOGICAL SUMMARY FOR 7/2010
                                        HEAT  COOL        
     MEAN                               DEG   DEG       WIND SPEED       DOM MEAN  MEAN
DAY  TEMP  HIGH   TIME     LOW   TIME   DAYS  DAYS RAIN AVG  HI  TIME    DIR BAROM HUM
---------------------------------------------------------------------------------------
1    52.3  65.4   2:05pm  43.8   2:30am   12    0  0.00   4  21   4:25pm WNW 29.92   74
2    52.1  58.3   6:00pm  48.0   6:50am   12    0  0.00   2  17   2:15am WNW 29.88   70
3    50.0  59.6   3:45pm  45.0   4:25am   15    0  0.11   0   7   5:15pm  NW 29.73   87
4    53.0  55.9   1:47pm  50.4   4:25am    9    0  0.19   7  32   2:40am WNW 29.84   78
5    53.6  65.5  12:30pm  46.1   4:20am   11    0  0.00   7  39   4:39pm ESE 29.84   69
6    53.5  59.5   7:05pm  49.9  12:20am   11    0  0.00   6  28   1:45am  SE 30.13   61
7    54.0  58.8   1:58pm  49.6   7:10am   11    0  0.05   2  17   6:15pm WNW 30.10   74
8    55.2  61.6   2:49pm  48.5  11:55pm   10    0  0.00   3  21   2:31pm  SE 30.03   75
9    57.0  74.0   2:40pm  42.6   5:20am    9    1  0.00   2  22   6:55pm WNW 29.89   61
10   51.9  57.1   5:10pm  45.1  11:55pm   10    0  0.00   2  15   7:15pm WNW 29.62   77
11   51.4  60.7   7:09pm  43.3   3:30am   13    0  0.00   1  11   1:35pm ESE 29.79   77
12   60.9  77.4   4:55pm  49.8   5:15am    6    2  0.00   4  33  10:35pm   W 29.88   70
13   52.9  55.9   1:47pm  49.0  11:55pm   12    0  0.00   6  32   2:40am WNW 29.85   80
14   57.1  70.1   4:10pm  46.3   2:25am    9    1  0.00   1  11   2:45pm WNW 30.02   75
15   57.0  65.7  10:25am  52.1  11:50pm    8    0  0.00   1  10   5:50pm NNW 30.07   75
16   55.3  69.9   6:03pm  49.2   8:25am   10    0  0.00   1  11   5:30pm WNW 30.19   81
17   58.4  70.2   5:40pm  46.5   4:15am   17    1  0.00   2  10   2:35pm WNW 30.23   76
18   51.7  62.7  11:47am  46.0   5:45am    7    0  0.00   1  10  10:43am WNW 29.76   81
19   53.8  59.2   5:31pm  49.6   3:50am   11    0  0.00   2  20  12:20am WNW 30.15   83
20   53.8  62.7   3:05pm  50.0  11:15pm   11    0  0.01   1  15   6:02pm   W 30.08   90
21   52.5  61.3   5:57pm  46.5   6:50am   12    0  0.01   1   9   3:00am WNW 29.98   84
22   58.5  63.3   5:26pm  51.0  12:00am   15    0  0.00   2  12   8:08pm WNW 29.79   71
23   49.7  51.4  12:00am  48.8  11:10am   12    0  0.20   2  11   4:55am WSW 29.70   94
---------------------------------------------------------------------------------------
TOT  55.6  67.5   8/3/10  48.8   8/6/10  255    6  0.83   3  33   8/4/10 SSW 30.07   87

HEAT BASE: 65.0
COOL BASE: 65.0