NOAA-Style Climate Reports

Select a Year or Month report
2017: Jan Feb Mar Apr May Jun Jul Aug Sep Oct Nov Dec
2016: Jan Feb Mar Apr May Jun Jul Aug Sep Oct Nov Dec
2015: Jan Feb Mar Apr May Jun Jul Aug Sep Oct Nov Dec
2014: Jan Feb Mar Apr May Jun Jul Aug Sep Oct Nov Dec
2013: Jan Feb Mar Apr May Jun Jul Aug Sep Oct Nov Dec
2012: Jan Feb Mar Apr May Jun Jul Aug Sep Oct Nov Dec
2011: Jan Feb Mar Apr May Jun Jul Aug Sep Oct Nov Dec
2010: Jan Feb Mar Apr May Jun Jul Aug Sep Oct Nov Dec
2009: Jan Feb Mar Apr May Jun Jul Aug Sep Oct Nov Dec
2008: Jan Feb Mar Apr May Jun Jul Aug Sep Oct Nov Dec
2007: Jan Feb Mar Apr May Jun Jul Aug Sep Oct Nov Dec

Report for 2010 June
                  MONTHLY CLIMATOLOGICAL SUMMARY FOR 6/2010
                                        HEAT  COOL        
     MEAN                               DEG   DEG       WIND SPEED       DOM MEAN  MEAN
DAY  TEMP  HIGH   TIME     LOW   TIME   DAYS  DAYS RAIN AVG  HI  TIME    DIR BAROM HUM
---------------------------------------------------------------------------------------
1    53.1  59.0  12:00am  51.8  11:55pm    9    3  0.00   3  16   6:34pm  SE 29.49   53
2    58.4  73.1   5:06pm  44.4   4:50am    8    2  0.00   2  15   1:00pm WNW 29.32   58
3    51.8  62.8  12:00am  43.1  11:55pm   10    0  0.00   6  23   3:00am ESE 29.45   62
4    48.8  56.9   7:55pm  40.8   4:50am   15    0  0.00   1  12  12:40pm WNW 29.74   74
5    48.9  58.5   2:50pm  40.7   3:40am   15    0  0.00   3  22  10:25pm  SE 29.94   65
6    60.0  66.3   6:05pm  47.7  11:55pm   17    0  0.00   3  14   3:30pm WNW 30.06   49
7    56.2  61.9   2:10pm  46.4  11:55pm   24    0  0.00   4  19   8:40am WNW 30.06   46
8    50.0  57.4   4:25pm  38.4   5:40am   35    0  0.00   2  10   5:00pm WNW 30.16   70
9    49.3  61.4   5:49pm  41.3   5:00am   15    0  0.00   1  11   2:35pm WNW 30.05   65
10   48.6  61.0   3:55pm  40.8   6:15am   16    0  0.00   2  16   8:00pm ESE 29.99   72
11   48.8  57.6   1:50pm  39.2   4:25am   16    0  0.00   2  14   5:20am WNW 29.76   64
12   48.2  55.7  10:19am  38.7   4:50am   16    0  0.00   4  23   2:45pm  SE 29.67   62
13   54.1  69.3   5:20pm  44.1   4:45am   11    0  0.00   2  13   5:55pm WNW 29.96   69
14   51.2  57.1   2:15pm  42.6   7:10am   22    0  0.05   9  31  11:35pm WNW 30.09   65
15   47.0  49.6   3:57pm  42.6  11:55pm   18    0  0.00   9  33   5:40am ESE 30.00   79
16   46.8  50.6   7:12pm  40.8   3:05am   18    0  0.02   7  29   3:45pm ESE 30.01   71
17   49.3  55.4   3:57pm  45.9  12:05am   15    0  0.00   9  28  12:05am ESE 30.08   64
18   49.5  53.5   1:50pm  43.7   5:25am   16    0  0.01   3  18   3:15pm ESE 30.10   68
19   49.3  54.8   2:20pm  44.7  11:55pm   15    0  0.02   1  10   1:28pm WNW 30.04   81
20   51.7  64.4   6:10pm  43.5   2:40am   13    0  0.00   2  15   2:40pm WNW 30.12   79
21   57.3  73.5   4:50pm  43.7   4:30am    9    1  0.00   2  14   5:59pm ENE 29.99   69
22   56.0  66.3   7:33pm  49.2   7:10am    9    0  0.00   1  10  12:35pm WNW 29.93   73
23   55.8  68.4   5:45pm  47.7   4:30am    9    0  0.00   1  11   4:30pm WNW 29.87   73
24   55.3  68.3   5:45pm  46.6   3:30am   10    0  0.00   1  12   4:45pm WNW 29.87   71
25   53.5  60.9   4:05pm  48.2   7:05am   11    0  0.09   2  16  10:10pm   W 29.79   79
26   52.8  59.4   7:55pm  47.8   5:40am   12    0  0.00   2  18  12:15am WSW 29.82   82
27   51.0  54.8   5:25pm  48.3   3:25am   14    0  0.00   1   6   3:50pm   W 29.87   92
28   49.5  54.9   8:50pm  46.1   4:10am   15    0  0.11   1   6   9:40am  NW 29.89   92
29   53.4  58.2   3:45pm  48.7   5:55am   11    0  0.00   2  17  11:10am WSW 29.79   80
30   50.9  57.3   2:25pm  46.4  11:55pm   14    0  0.00   1   7  12:30am WNW 29.89   86
---------------------------------------------------------------------------------------
TOT  51.7  73.5  6/21/10  38.4   6/8/10  437    7  0.00   3  33  6/15/10 WNW 29.90   72

HEAT BASE: 65.0
COOL BASE: 65.0