NOAA-Style Climate Reports

Select a Year or Month report
2017: Jan Feb Mar Apr May Jun Jul Aug Sep Oct Nov Dec
2016: Jan Feb Mar Apr May Jun Jul Aug Sep Oct Nov Dec
2015: Jan Feb Mar Apr May Jun Jul Aug Sep Oct Nov Dec
2014: Jan Feb Mar Apr May Jun Jul Aug Sep Oct Nov Dec
2013: Jan Feb Mar Apr May Jun Jul Aug Sep Oct Nov Dec
2012: Jan Feb Mar Apr May Jun Jul Aug Sep Oct Nov Dec
2011: Jan Feb Mar Apr May Jun Jul Aug Sep Oct Nov Dec
2010: Jan Feb Mar Apr May Jun Jul Aug Sep Oct Nov Dec
2009: Jan Feb Mar Apr May Jun Jul Aug Sep Oct Nov Dec
2008: Jan Feb Mar Apr May Jun Jul Aug Sep Oct Nov Dec
2007: Jan Feb Mar Apr May Jun Jul Aug Sep Oct Nov Dec

Report for 2010 May
                  MONTHLY CLIMATOLOGICAL SUMMARY FOR 5/2010
                                        HEAT  COOL        
     MEAN                               DEG   DEG       WIND SPEED       DOM MEAN  MEAN
DAY  TEMP  HIGH   TIME     LOW   TIME   DAYS  DAYS RAIN AVG  HI  TIME    DIR BAROM HUM
---------------------------------------------------------------------------------------
1    34.6  41.1   5:15pm  30.6   5:20am   29    0  0.01   2  12   4:25pm SSW 29.88   83
2    36.5  42.1   2:15pm  30.9   3:45am   27    0  0.00   2  12   1:05pm  SE 29.91   71
3    42.9  53.4   6:10pm  33.0   5:25am   22    0  0.00   3  19   7:55pm SSE 30.18   56
4    44.4  52.8   4:35pm  35.8   7:40am   21    0  0.00   3  15   2:00pm ENE 30.39   53
5    44.0  50.8   2:35pm  37.9  11:55pm   21    0  0.00   4  24   5:05pm  NE 30.27   55
6    42.5  48.3   2:45pm  35.1   4:05am   23    0  0.00   4  21   9:30pm   E 30.29   65
7    43.8  49.5   8:05pm  38.3   8:15am   21    0  0.00   6  21   2:30pm ESE 30.37   55
8    42.6  50.5   6:20pm  34.7   5:50am   22    0  0.00   3  16   2:30pm  SE 30.21   64
9    45.0  52.9   4:25pm  37.0   5:10am   20    0  0.00   3  16  12:30pm  SE 29.97   56
10   43.2  47.0  11:30am  39.8   8:10pm   22    0  0.00  11  41   4:50pm   E 29.85   57
11   42.5  48.5   2:50pm  36.5   7:55am   23    0  0.02   8  34   7:25pm WNW 29.57   56
12   42.7  47.9   2:40pm  37.4   6:50am   22    0  0.00   5  27   6:00am   E 29.61   64
13   41.7  46.7   2:40pm  38.7   3:50am   23    0  0.00   9  37   4:40am   E 29.95   52
14   40.5  47.1   4:05pm  34.9   6:00am   25    0  0.00   5  30   7:00pm  NW 29.81   65
15   43.1  47.7  11:40am  38.4   7:10am   22    0  0.00   6  25   7:50pm ESE 29.78   55
16   42.2  45.3   2:30pm  40.1   4:25am   21    0  0.00   7  29   7:53pm ENE 29.95   54
17
18
19   47.4  48.4  10:15pm  46.9   9:05pm    3    0  0.00  15  38   8:30pm ENE 29.63   55
20   48.4  57.4   5:15pm  40.5   7:00am   17    0  0.00   4  25  12:20am WSW 29.79   61
21   48.8  59.4   3:10pm  38.8   6:55am   16    0  0.00   3  23   6:20pm SSE 29.96   55
22   42.7  50.0   5:20pm  34.9   3:45am   22    0  0.00   3  15   1:45pm SSW 30.01   70
23   43.3  52.3   6:40pm  33.8   6:05am   22    0  0.00   3  14   1:45pm SSW 29.78   69
24   49.6  62.5   7:25pm  38.5   4:15am   15    0  0.00   3  16   1:55pm SSW 29.77   64
25   49.4  56.9   6:40pm  41.1   5:35am   16    0  0.00   3  18  12:45pm  SW 29.97   68
26   52.6  64.2   6:45pm  40.3   6:45am   12    0  0.00   3  15   1:10pm  SW 30.09   66
27   60.3  71.4   3:55pm  49.2   4:20am    6    1  0.00   4  18   5:05pm  SW 30.06   43
28   58.6  65.5  12:50pm  49.7   6:55am    6    0  0.00   3  21   2:30pm  SW 30.03   46
29   64.2  78.2   2:40pm  53.8   1:50am    4    3  0.00   3  21   4:50pm   E 30.00   45
30   63.2  78.0   1:00pm  52.6  11:55pm    4    2  0.00   4  24   4:00pm ESE 29.88   48
31   61.6  75.9   5:15pm  47.7   3:50am    6    3  0.00   2  15   5:40pm ESE 29.68   50
---------------------------------------------------------------------------------------
TOT  47.0  78.2  5/29/10  30.6   5/1/10  511    9  0.00   4  41  5/10/10  SE 29.96   59

HEAT BASE: 65.0
COOL BASE: 65.0