NOAA-Style Climate Reports

Select a Year or Month report
2017: Jan Feb Mar Apr May Jun Jul Aug Sep Oct Nov Dec
2016: Jan Feb Mar Apr May Jun Jul Aug Sep Oct Nov Dec
2015: Jan Feb Mar Apr May Jun Jul Aug Sep Oct Nov Dec
2014: Jan Feb Mar Apr May Jun Jul Aug Sep Oct Nov Dec
2013: Jan Feb Mar Apr May Jun Jul Aug Sep Oct Nov Dec
2012: Jan Feb Mar Apr May Jun Jul Aug Sep Oct Nov Dec
2011: Jan Feb Mar Apr May Jun Jul Aug Sep Oct Nov Dec
2010: Jan Feb Mar Apr May Jun Jul Aug Sep Oct Nov Dec
2009: Jan Feb Mar Apr May Jun Jul Aug Sep Oct Nov Dec
2008: Jan Feb Mar Apr May Jun Jul Aug Sep Oct Nov Dec
2007: Jan Feb Mar Apr May Jun Jul Aug Sep Oct Nov Dec

Report for 2010 April
                  MONTHLY CLIMATOLOGICAL SUMMARY FOR 4/2010
                                        HEAT  COOL        
     MEAN                               DEG   DEG       WIND SPEED       DOM MEAN  MEAN
DAY  TEMP  HIGH   TIME     LOW   TIME   DAYS  DAYS RAIN AVG  HI  TIME    DIR BAROM HUM
---------------------------------------------------------------------------------------
1    36.5  38.5   4:54pm  31.0   9:00am   42    0  0.00   2  12  12:00am WSW 29.23   61
2    36.9  42.2   4:35pm  31.1   7:10am   27    0  0.00   2  11   2:50pm  SW 29.21   55
3    36.2  41.4   6:15pm  30.5   6:00am   28    0  0.00   3  19  11:40pm  NE 29.27   54
4    36.3  40.7   1:30pm  33.4   8:20am   28    0  0.00   5  26   5:28pm ENE 29.34   56
5    34.1  38.8   2:25pm  30.7  11:55pm   31    0  0.00   5  22   1:20am WSW 29.28   67
6    28.3  33.4   3:25pm  21.2  11:55pm   36    0  0.00   2  18   4:45pm SSW 29.39   89
7    22.0  26.2   6:55pm  17.8   5:25am   40    0  0.01   1  10   1:40pm   S 29.73   82
8    26.5  31.7   5:50pm  20.0   7:30am   67    0  0.00   3  14   4:45pm   S 30.01   68
9    28.4  36.8   6:25pm  21.8   6:50am   35    0  0.00   2  12   2:30pm SSW 30.26   60
10   32.9  39.1   1:57pm  27.0   3:55am   31    0  0.00   7  31   8:53pm   E 30.35   44
11   34.6  37.0   3:37pm  32.8   7:50am   28    0  0.00  18  42   6:20pm ENE 30.12   62
12   36.0  39.5   1:05pm  33.4   5:30am   28    0  0.00  19  44   7:33pm   E 29.82   61
13   35.7  37.2   6:25pm  34.4  11:20pm   34    0  0.00   7  23  12:00am   E 29.86   50
14   29.6  34.4  12:00am  27.3   2:25pm   34    0  0.00   2  13   9:00am   S 29.90   88
15   28.9  34.4   1:45pm  24.7   6:35am   34    0  0.01   4  17  10:55am   W 30.18   66
16   32.0  36.4   8:43pm  26.0   1:15am   31    0  0.00  11  46  11:45am   E 29.80   60
17   36.3  42.0   7:32pm  29.3   2:40am   27    0  0.00   5  23   5:13pm  NW 29.54   69
18   39.9  46.5   2:10pm  35.1   3:40am   24    0  0.01   5  36   3:10pm ENE 29.46   67
19   37.1  39.8   1:15am  33.9   3:10pm   27    0  0.02   4  27  10:55pm   E 29.60   74
20   37.5  40.7   3:20pm  34.2   7:15am   27    0  0.00   5  28   8:40pm  NE 29.62   54
21   37.9  40.7   2:00pm  31.7   3:15am   27    0  0.00   7  26   5:30pm   E 29.56   62
22   34.0  39.6   9:55am  28.9   2:35pm   30    0  0.01   4  20  11:00pm   S 29.80   74
23   35.2  40.6   4:57pm  29.7  11:25pm   29    0  0.00   5  23   3:30am  SW 30.04   62
24   36.1  46.2   6:25pm  28.0   8:05am   27    0  0.00   3  19   3:05pm SSW 29.98   54
25   37.7  42.0   8:35pm  33.6   6:00am   27    0  0.00   1  15  10:40pm ENE 29.74   62
26   42.7  50.1   5:30pm  37.5   4:45am   22    0  0.00   3  16   3:10am  NE 29.45   70
27   46.4  54.6   4:05pm  39.2   5:30am   19    0  0.00   2  14  12:50am SSW 29.36   61
28   48.7  54.5   2:10pm  43.7   4:50am   16    0  0.00   4  25   7:55pm  SE 29.54   54
29   43.2  46.0  12:00am  40.5   9:20pm   22    0  0.00   6  28   7:25pm   E 29.80   53
30   37.7  41.9   6:05pm  32.6  11:35pm   27    0  0.00   3  19  12:25am SSW 29.87   72
---------------------------------------------------------------------------------------
TOT  35.6  54.6  4/27/10  17.8   4/7/10  905    0  0.00   5  46  4/16/10 ENE 29.70   64

HEAT BASE: 65.0
COOL BASE: 65.0