NOAA-Style Climate Reports

Select a Year or Month report
2017: Jan Feb Mar Apr May Jun Jul Aug Sep Oct Nov Dec
2016: Jan Feb Mar Apr May Jun Jul Aug Sep Oct Nov Dec
2015: Jan Feb Mar Apr May Jun Jul Aug Sep Oct Nov Dec
2014: Jan Feb Mar Apr May Jun Jul Aug Sep Oct Nov Dec
2013: Jan Feb Mar Apr May Jun Jul Aug Sep Oct Nov Dec
2012: Jan Feb Mar Apr May Jun Jul Aug Sep Oct Nov Dec
2011: Jan Feb Mar Apr May Jun Jul Aug Sep Oct Nov Dec
2010: Jan Feb Mar Apr May Jun Jul Aug Sep Oct Nov Dec
2009: Jan Feb Mar Apr May Jun Jul Aug Sep Oct Nov Dec
2008: Jan Feb Mar Apr May Jun Jul Aug Sep Oct Nov Dec
2007: Jan Feb Mar Apr May Jun Jul Aug Sep Oct Nov Dec

Report for 2010 March
                  MONTHLY CLIMATOLOGICAL SUMMARY FOR 3/2010
                                        HEAT  COOL        
     MEAN                               DEG   DEG       WIND SPEED       DOM MEAN  MEAN
DAY  TEMP  HIGH   TIME     LOW   TIME   DAYS  DAYS RAIN AVG  HI  TIME    DIR BAROM HUM
---------------------------------------------------------------------------------------
1    34.5  41.5   2:31pm  27.8   3:45am   24    0  0.00   2  14  12:00am ENE 29.10   74
2    35.9  38.7  12:10am  30.3   8:34pm   28    0  0.00   8  40  12:05pm   E 29.12   63
3    33.3  37.7  12:13pm  27.8   5:56am   31    0  0.00   6  30  12:04pm   E 29.06   63
4    22.4  31.0  12:10am  18.4   9:13pm   39    0  0.00   4  18   8:05pm WSW 29.39   85
5    30.8  38.7   8:59pm  20.0  12:15am   33    0  0.00  14  56  10:11am   E 28.96   70
6    15.8  34.4  12:00am   9.9  11:55pm   68    0  0.00   4  24  12:00am   E 29.34   86
7    12.3  19.8  11:55pm   8.6   7:55am   38    0  0.00   9  34   7:54pm ESE 29.51   63
8    22.3  30.4   2:00pm   8.3   4:05am   39    0  0.00   7  31   5:10am NNW 28.81   80
9    10.4  20.3  12:45am  -2.6  11:10pm   52    0  0.00   5  25  12:55am   S 28.91   86
10    4.9   9.8   3:05pm  -0.9  12:55am   57    0  0.00   1  11   4:20am WSW 29.27   84
11    4.2   7.2   4:00pm   1.1   8:48pm   57    0  0.00   1   9  10:05am SSW 29.18   83
12    9.1  18.6   2:08pm   2.4   4:55am   52    0  0.00   1  18   8:11pm NNE 29.47   80
13   19.2  24.9  12:00pm   9.9  12:00am   86    0  0.00   3  16   4:40pm NNE 29.34   66
14   22.4  28.3   5:04pm  15.7   1:20am   38    0  0.00   2  15   8:35pm   N 29.26   75
15   38.1  41.9   1:10pm  26.3  12:00am   50    0  0.00   2   9   2:15pm   N 29.92   64
16   34.1  40.1   6:00pm  28.7   8:10am   30    0  0.00   2  11   4:30pm  NE 30.02   60
17   32.5  41.1   4:00pm  24.0   4:55am   31    0  0.00   3  28  10:20pm  SW 30.10   56
18   33.0  36.6   9:05pm  28.7   9:55pm   30    0  0.00   3  25  12:45am NNE 30.31   59
19   34.8  41.6   5:30pm  30.0   8:15am   29    0  0.00   2   9  12:20am SSE 29.94   67
20   36.0  40.3   2:46pm  30.2  11:30pm   27    0  0.00   2  15   3:40am WSW 29.96   62
21   28.5  30.8  12:40am  25.7   9:09am   24    0  0.00   1   5   5:20am SSE 29.83   72
22   29.8  32.3   3:05pm  27.6  11:55pm   23    0  0.00   2  10   3:35pm  NW 29.84   74
23   27.1  31.4   3:55pm  20.8   9:30am   35    0  0.00   3  20   8:35am WSW 29.62   69
24   32.3  36.8   3:55pm  27.3   2:35am   31    0  0.00   1  13   2:00pm WSW 29.54   71
25   33.4  37.1   4:32pm  28.4  11:40pm   30    0  0.00   3  13   8:45am  NE 29.69   60
26   32.0  37.7   3:58pm  24.5   8:10am   53    0  0.00   3  15   1:25pm  SE 29.37   55
27   31.8  36.9   8:46pm  26.4   6:25am   31    0  0.00   3  25   8:25pm   E 28.91   68
28   33.5  39.6   1:30pm  28.6   9:27am   30    0  0.00   5  34   2:10pm NNE 28.69   72
29   35.4  41.2   2:35pm  29.6   8:15am   28    0  0.00   2  11   1:35pm NNE 28.81   71
30   35.5  40.7   4:21pm  30.3   9:10am   27    0  0.00   3  13   4:10pm SSW 29.16   73
31   34.9  39.5   4:58pm  28.8   2:10am   29    0  0.00   4  25   3:55pm WNW 29.35   64
---------------------------------------------------------------------------------------
TOT  27.1  41.9  3/15/10  -2.6   3/9/10 1181    0  0.00   4  56   3/5/10   E 29.40   70

HEAT BASE: 65.0
COOL BASE: 65.0