NOAA-Style Climate Reports

Select a Year or Month report
2017: Jan Feb Mar Apr May Jun Jul Aug Sep Oct Nov Dec
2016: Jan Feb Mar Apr May Jun Jul Aug Sep Oct Nov Dec
2015: Jan Feb Mar Apr May Jun Jul Aug Sep Oct Nov Dec
2014: Jan Feb Mar Apr May Jun Jul Aug Sep Oct Nov Dec
2013: Jan Feb Mar Apr May Jun Jul Aug Sep Oct Nov Dec
2012: Jan Feb Mar Apr May Jun Jul Aug Sep Oct Nov Dec
2011: Jan Feb Mar Apr May Jun Jul Aug Sep Oct Nov Dec
2010: Jan Feb Mar Apr May Jun Jul Aug Sep Oct Nov Dec
2009: Jan Feb Mar Apr May Jun Jul Aug Sep Oct Nov Dec
2008: Jan Feb Mar Apr May Jun Jul Aug Sep Oct Nov Dec
2007: Jan Feb Mar Apr May Jun Jul Aug Sep Oct Nov Dec

Report for 2010 February
                  MONTHLY CLIMATOLOGICAL SUMMARY FOR 2/2010
                                        HEAT  COOL        
     MEAN                               DEG   DEG       WIND SPEED       DOM MEAN  MEAN
DAY  TEMP  HIGH   TIME     LOW   TIME   DAYS  DAYS RAIN AVG  HI  TIME    DIR BAROM HUM
---------------------------------------------------------------------------------------
1    33.4  36.2   2:10pm  30.7  11:35pm   29    0  0.00   0   5   1:55am   N 29.94   72
2    27.2  31.5   1:10am  22.2  11:45pm   36    0  0.00   0   4   7:15am   N 29.94   85
3    18.4  23.7   2:05am  11.1  11:45pm   45    0  0.00   1   6   6:52pm  NW 29.74   82
4     8.9  11.4   1:15am   5.6   8:40am   56    0  0.00   1   5   2:00am WNW 29.54   82
5    11.0  18.7  11:50pm   7.6   4:40am   53    0  0.00   0   4   2:00am SSE 29.33   85
6    23.9  39.1   6:45am  16.1   1:20am   41    0  0.02   3  25   6:38am  SW 29.21   86
7    41.4  45.5   4:00am  37.5   1:40pm   18    0  0.07   7  29   4:00am  NW 29.90   59
8    16.3  26.1  11:40pm  10.0   9:01am   46    0  0.00   3  21  11:30pm SSE 29.85   83
9    25.8  37.9  11:45pm  17.3   3:35am   38    0  0.00   5  33  12:12pm   E 29.51   74
10   32.3  39.2  12:15pm  26.9  12:55am   32    0  0.00   3  16  12:20am ENE 29.37   75
11   35.2  38.8  12:26pm  31.8   7:35am   51    0  0.00   1  11  12:00am  NE 29.23   71
12   35.7  39.2   3:10pm  31.2  11:25pm   26    0  0.00   4  19   6:51pm  NE 29.34   68
13   32.8  40.8   1:00pm  29.0   8:55pm   31    0  0.01   1   7  12:40am  NE 29.44   60
14   34.0  38.7   8:38pm  29.3  12:00am   44    0  0.00   2  15  11:25pm  NE 29.24   74
15   36.6  41.3   4:15am  32.1  12:15am   27    0  0.00   7  40   8:40am ENE 29.55   67
16   34.9  37.6   1:45pm  33.1   5:15am   21    0  0.00   1   7  10:50pm  NE 29.57   70
17   36.7  40.9   2:50am  31.8  11:55pm   27    0  0.01   6  40   4:25am  NW 29.87   66
18   34.7  42.6   6:00pm  30.0   6:55am   28    0  0.00   6  36   2:15pm WNW 29.87   78
19   50.5  54.4  11:57am  48.0   6:50am    7    0  0.00   3  17   2:15am WNW 29.91   69
---------------------------------------------------------------------------------------
TOT  51.7  65.4   7/1/10  43.8   7/1/10  657    0  0.00   4  21   7/1/10 WNW 29.92   72

HEAT BASE: 65.0
COOL BASE: 65.0