NOAA-Style Climate Reports

Select a Year or Month report
2017: Jan Feb Mar Apr May Jun Jul Aug Sep Oct Nov Dec
2016: Jan Feb Mar Apr May Jun Jul Aug Sep Oct Nov Dec
2015: Jan Feb Mar Apr May Jun Jul Aug Sep Oct Nov Dec
2014: Jan Feb Mar Apr May Jun Jul Aug Sep Oct Nov Dec
2013: Jan Feb Mar Apr May Jun Jul Aug Sep Oct Nov Dec
2012: Jan Feb Mar Apr May Jun Jul Aug Sep Oct Nov Dec
2011: Jan Feb Mar Apr May Jun Jul Aug Sep Oct Nov Dec
2010: Jan Feb Mar Apr May Jun Jul Aug Sep Oct Nov Dec
2009: Jan Feb Mar Apr May Jun Jul Aug Sep Oct Nov Dec
2008: Jan Feb Mar Apr May Jun Jul Aug Sep Oct Nov Dec
2007: Jan Feb Mar Apr May Jun Jul Aug Sep Oct Nov Dec

Report for 2010 January
                  MONTHLY CLIMATOLOGICAL SUMMARY FOR 1/2010
                                        HEAT  COOL        
     MEAN                               DEG   DEG       WIND SPEED       DOM MEAN  MEAN
DAY  TEMP  HIGH   TIME     LOW   TIME   DAYS  DAYS RAIN AVG  HI  TIME    DIR BAROM HUM
---------------------------------------------------------------------------------------
1    14.5  19.8   1:40am   7.8  11:05pm   51    0  0.00   1  12   2:05pm WSW 29.86   75
2    11.3  18.3   8:40pm   7.3   9:15am   54    0  0.00   1  10  11:20pm WSW 30.00   76
3    24.5  36.6   9:40pm  13.1  12:00am   40    0  0.00   5  32  11:40pm   E 30.14   72
4    35.1  40.8   2:50pm  24.9   3:40am   30    0  0.00   6  31  12:10am   E 30.14   62
5    36.2  38.3   2:45pm  34.0   4:00am   54    0  0.00   2   8   7:34pm   E 30.00   60
6    33.7  38.8   1:25am  28.2   8:15am   30    0  0.01   2  16   9:26pm NNW 29.75   78
7    35.2  40.2   2:55pm  32.2   9:35am   52    0  0.00   1   7   2:40pm NNW 29.56   82
8    31.6  38.2   1:10pm  27.7   6:26pm   32    0  0.00   1   5   4:10am ESE 29.49   83
9    32.1  36.9   1:40am  25.1  11:55pm   31    0  0.00   1   6   8:50am ESE 29.48   75
10   21.4  28.8   6:30am  10.2  11:30pm   42    0  0.00   1   5   6:54pm   S 29.29   78
11   10.1  14.3   1:20pm   7.2   3:55am   54    0  0.00   1  10  10:35am ENE 29.09   59
12   12.6  14.9  10:35pm  10.2  12:00am   50    0  0.00   0   5   6:55am ENE 29.13   68
13   22.1  27.5   9:55am  14.9  12:00am   41    0  0.00   1   6   4:00pm ENE 29.38   86
14   26.2  28.4   6:35am  22.4  12:05am   37    0  0.00   0   4   3:15am ENE 29.38   91
15   28.0  31.3   2:00pm  25.8  10:30am   64    0  0.00   1   7   4:35pm ENE 29.09   88
16   26.1  30.0  10:32pm  19.6   6:55am   90    0  0.00   1   8  11:45pm ENE 28.72   86
17   32.0  35.6   7:30pm  28.8   9:15am  112    0  0.00   3  19   7:35pm ENE 28.77   69
18   27.5  32.0  12:00am  23.3  11:55pm   36    0  0.00   1   7   6:39pm ENE 29.01   85
19   27.3  32.7  12:40pm  21.8   2:35am   36    0  0.00   1  14   5:40pm   N 29.08   67
20   25.6  30.6   2:15pm  17.8  11:55pm   27    0  0.00   1   5   3:35am   N 29.22   69
21   18.0  24.9   2:15pm  14.5   7:17pm   61    0  0.00   1   9   2:30pm SSE 29.45   64
22   17.1  22.3   1:15pm  13.8   9:29pm   44    0  0.00   1   5  11:35pm SSE 29.72   71
23   26.6  32.4   3:29pm  16.0  12:00am   70    0  0.01   1   5  12:00am SSE 29.90   57
24   10.7  17.8  10:59pm   7.6   4:40am   52    0  0.00   0   4   2:00am SSE 29.34   85
---------------------------------------------------------------------------------------
TOT  19.6  36.2   2/1/10   5.6   2/4/10 1190    0  0.00   0   6   2/3/10  NW 29.70   81

HEAT BASE: 65.0
COOL BASE: 65.0