NOAA-Style Climate Reports

Select a Year or Month report
2017: Jan Feb Mar Apr May Jun Jul Aug Sep Oct Nov Dec
2016: Jan Feb Mar Apr May Jun Jul Aug Sep Oct Nov Dec
2015: Jan Feb Mar Apr May Jun Jul Aug Sep Oct Nov Dec
2014: Jan Feb Mar Apr May Jun Jul Aug Sep Oct Nov Dec
2013: Jan Feb Mar Apr May Jun Jul Aug Sep Oct Nov Dec
2012: Jan Feb Mar Apr May Jun Jul Aug Sep Oct Nov Dec
2011: Jan Feb Mar Apr May Jun Jul Aug Sep Oct Nov Dec
2010: Jan Feb Mar Apr May Jun Jul Aug Sep Oct Nov Dec
2009: Jan Feb Mar Apr May Jun Jul Aug Sep Oct Nov Dec
2008: Jan Feb Mar Apr May Jun Jul Aug Sep Oct Nov Dec
2007: Jan Feb Mar Apr May Jun Jul Aug Sep Oct Nov Dec

Report for 2009 December
                  MONTHLY CLIMATOLOGICAL SUMMARY FOR 12/2009
                                        HEAT  COOL        
     MEAN                               DEG   DEG       WIND SPEED       DOM MEAN  MEAN
DAY  TEMP  HIGH   TIME     LOW   TIME   DAYS  DAYS RAIN AVG  HI  TIME    DIR BAROM HUM
---------------------------------------------------------------------------------------
1    36.6  38.7   5:05am  33.4   7:58pm   28    0  0.00  18  53   3:27pm  SE 29.33   74
2    33.6  38.0  12:05am  26.9   5:05am   31    0  0.00  12  40   9:38pm ESE 29.44   63
3    24.7  36.5  12:20am  15.8   6:31pm   40    0  0.00   4  35  12:15am  SE 30.11   74
4    21.2  26.2   9:29pm  15.2   1:35am   43    0  0.00   1  10  10:05am  SE 30.76   74
5    30.6  39.6   8:55pm  24.7  12:00am   34    0  0.00   2  22   8:50pm  SE 30.70   51
6     4.2   9.1  12:00am   1.3   9:45am   25    0  0.00   2  17  12:45am   S 29.31   85
7    30.8  37.3   1:25pm  25.9  11:15pm   33    0  0.00   1   4   1:25am ESE 30.41   45
8    31.4  43.4   1:05pm  26.5   4:15am   30    0  0.00   1   5  12:10am ESE 30.30   52
9    23.9  33.8   1:35pm  16.5  11:55pm   59    0  0.00   0   3   6:15am ESE 30.27   84
10   16.5  24.8   2:10pm  13.5   7:00am   47    0  0.00   0   4   9:55am   E 30.13   88
11   16.8  29.4   1:30pm  11.6   7:25am   45    0  0.00   0   4   7:30am ESE 29.98   82
12   19.2  26.3   2:05pm  14.2   5:20am   43    0  0.00   0   4   1:50pm  SE 29.97   74
13   19.4  23.0  11:55pm  15.5   8:15am   41    0  0.00   1   5  10:10am NNW 29.89   77
14   24.2  27.0   4:25am  20.7  11:45pm   38    0  0.00   0   5   7:02am NNW 29.68   79
15   16.6  22.0  12:20am  12.7   8:45pm   47    0  0.00   2  14   6:33am   N 29.28   87
16   11.9  17.7  12:50am   6.5   3:32pm   50    0  0.00   1  11   4:20am   S 29.08   85
17    2.1   9.1  12:00am  -1.4   2:39pm   61    0  0.00   1  17  12:45am   E 29.36   83
18    2.3   6.1   5:58pm  -2.8   8:12am   60    0  0.00   1   7   5:22am  SE 29.64   80
19    9.8  25.1   9:30pm   1.3   2:10am  114    0  0.00   4  32  10:08am  SE 30.08   78
20   33.5  37.4  11:47pm  19.1  12:00am  144    0  0.00  18  46   9:39pm   E 29.99   60
21   31.9  35.3   2:57pm  27.0   9:55am   42    0  0.04   3  17   2:53pm  NE 29.51   89
22   34.8  38.9   9:49am  29.0  12:30am   29    0  0.00   9  48   9:32am  NE 29.79   62
23   33.2  40.7  11:39pm  27.0   9:55am   52    0  0.05   4  34  11:49pm  NE 29.62   84
24   22.0  29.7  11:59am  16.0  12:00am   53    0  0.00   1   5  12:00am SSE 29.86   64
---------------------------------------------------------------------------------------
TOT  24.6  40.8   1/4/10   7.2  1/11/10 1188    0  0.23   1  32   1/3/10 ENE 29.47   75

HEAT BASE: 65.0
COOL BASE: 65.0