NOAA-Style Climate Reports

Select a Year or Month report
2017: Jan Feb Mar Apr May Jun Jul Aug Sep Oct Nov Dec
2016: Jan Feb Mar Apr May Jun Jul Aug Sep Oct Nov Dec
2015: Jan Feb Mar Apr May Jun Jul Aug Sep Oct Nov Dec
2014: Jan Feb Mar Apr May Jun Jul Aug Sep Oct Nov Dec
2013: Jan Feb Mar Apr May Jun Jul Aug Sep Oct Nov Dec
2012: Jan Feb Mar Apr May Jun Jul Aug Sep Oct Nov Dec
2011: Jan Feb Mar Apr May Jun Jul Aug Sep Oct Nov Dec
2010: Jan Feb Mar Apr May Jun Jul Aug Sep Oct Nov Dec
2009: Jan Feb Mar Apr May Jun Jul Aug Sep Oct Nov Dec
2008: Jan Feb Mar Apr May Jun Jul Aug Sep Oct Nov Dec
2007: Jan Feb Mar Apr May Jun Jul Aug Sep Oct Nov Dec

Report for 2009 November
                  MONTHLY CLIMATOLOGICAL SUMMARY FOR 11/2009
                                        HEAT  COOL        
     MEAN                               DEG   DEG       WIND SPEED       DOM MEAN  MEAN
DAY  TEMP  HIGH   TIME     LOW   TIME   DAYS  DAYS RAIN AVG  HI  TIME    DIR BAROM HUM
---------------------------------------------------------------------------------------
1    22.7  27.6   2:30pm  18.4   9:17am   41    0  0.00   1  11   8:30am  NE 29.79   64
2    22.0  27.2   2:15pm  18.6   2:20am   43    0  0.00   2   6   1:25am   E 29.82   64
3    26.0  37.2   6:03pm  20.2   2:20am   39    0  0.00   3  32   5:44pm   E 29.76   68
4    33.1  39.2   5:52pm  25.9  12:10am   29    0  0.00   2  18   9:09am   E 28.99   75
5    37.3  43.8   6:24am  34.4   4:43pm   49    0  0.00   2  17   6:13am   E 28.49   72
6    35.1  38.0  12:35pm  32.7  11:50pm   70    0  0.00   0   5   1:00pm   E 28.85   80
7    28.0  32.7  12:00am  24.5  10:07pm   35    0  0.00   0   6   9:00am NNW 29.10   90
8    23.1  26.6  12:00am  19.7   9:35pm   40    0  0.00   0   4  12:05pm  NW 29.37   86
9    22.8  31.5  10:35pm  18.7   9:15am   41    0  0.00   3  22  10:55pm   E 29.62   73
10   21.8  29.6  12:00am  17.3   9:35am   43    0  0.01   3  18   2:45am   N 29.78   66
11   28.8  36.8  10:45am  20.5  11:55pm   36    0  0.00  11  62  10:25am ESE 29.36   67
12   21.0  24.4   3:42pm  17.3   8:55am   42    0  0.00   3  16   6:22pm  SE 29.36   65
13   13.3  20.5  12:00am   6.6  10:55pm   71    0  0.00   2  15  10:40pm  SE 28.98   78
14    9.3  14.7   2:30pm   2.9   1:00am   52    0  0.00   3  18   2:55pm ENE 28.78   62
15    7.3  12.3  11:12am  -0.3  11:50pm   55    0  0.00   2  12   2:29pm ENE 29.20   67
16    3.0   6.7  11:45am  -1.7   6:20am  101    0  0.00   1   9   4:25pm ENE 29.43   69
17    1.8   7.6  12:20pm  -1.3   6:59am   60    0  0.00   1   6  12:30am  SE 29.38   73
18    8.1  11.8  12:15pm   2.1  12:00am   98    0  0.00   1  10   7:40am  SE 29.36   65
19    7.6  13.7  12:40pm   3.4  10:35pm   55    0  0.00   1  10  12:30am ENE 29.57   67
20    7.2  11.7  10:40pm   4.4  12:20am   55    0  0.00   0   6   1:10pm ENE 29.39   74
21   14.6  19.2   4:16pm  11.3  12:35am   48    0  0.00   0   5  10:15am ENE 29.43   86
22   28.9  36.1  12:36pm  19.1  12:00am   34    0  0.00   7  37   9:00am  NE 29.32   69
23   34.3  43.4   7:13pm  24.7   5:15am   29    0  0.00   9  58   6:57pm   E 29.00   68
24   34.0  37.5  10:25am  29.7  11:35pm   52    0  0.00   7  37   7:35am   E 29.46   59
25   26.6  31.2  12:30am  21.9   9:43pm   36    0  0.00   1   7   7:10am  NE 29.21   77
26   34.3  40.4   2:08pm  23.0  12:00am   53    0  0.06  11  48   1:04pm   E 29.21   68
27   29.9  37.2   7:31pm  24.7  12:00am   29    0  0.00   2  15   7:23pm  SE 30.71   53
---------------------------------------------------------------------------------------
TOT  29.2  38.7  12/1/09  15.2  12/4/09 1335    0  0.11   7  53  12/1/09  SE 30.05   68

HEAT BASE: 65.0
COOL BASE: 65.0