NOAA-Style Climate Reports

Select a Year or Month report
2017: Jan Feb Mar Apr May Jun Jul Aug Sep Oct Nov Dec
2016: Jan Feb Mar Apr May Jun Jul Aug Sep Oct Nov Dec
2015: Jan Feb Mar Apr May Jun Jul Aug Sep Oct Nov Dec
2014: Jan Feb Mar Apr May Jun Jul Aug Sep Oct Nov Dec
2013: Jan Feb Mar Apr May Jun Jul Aug Sep Oct Nov Dec
2012: Jan Feb Mar Apr May Jun Jul Aug Sep Oct Nov Dec
2011: Jan Feb Mar Apr May Jun Jul Aug Sep Oct Nov Dec
2010: Jan Feb Mar Apr May Jun Jul Aug Sep Oct Nov Dec
2009: Jan Feb Mar Apr May Jun Jul Aug Sep Oct Nov Dec
2008: Jan Feb Mar Apr May Jun Jul Aug Sep Oct Nov Dec
2007: Jan Feb Mar Apr May Jun Jul Aug Sep Oct Nov Dec

Report for 2009 October
                  MONTHLY CLIMATOLOGICAL SUMMARY FOR 10/2009
                                        HEAT  COOL        
     MEAN                               DEG   DEG       WIND SPEED       DOM MEAN  MEAN
DAY  TEMP  HIGH   TIME     LOW   TIME   DAYS  DAYS RAIN AVG  HI  TIME    DIR BAROM HUM
---------------------------------------------------------------------------------------
1    39.9  46.9   4:55pm  34.1   5:25am   23    0  0.00   3  18   3:20pm NNW 29.97   67
2    39.5  44.4   1:59pm  37.2   7:25am   15    0  0.11   6  30   2:30am   E 30.10   83
3    41.8  46.8  10:42pm  37.2   7:25am   23    0  0.11   6  30   2:30am   E 30.10   76
4    51.8  57.4   7:49pm  44.4   3:15am   12    0  0.03  10  42   1:41pm   E 30.02   68
5    39.1  42.6  12:00am  37.1  11:55pm   58    0  0.00   2  12  11:00pm   E 30.02   90
6    40.6  49.1   6:38pm  36.0   9:45am   23    0  0.17   3  28  11:50pm ESE 30.27   80
7    45.3  52.9  10:45pm  40.1   1:40am   19    0  0.00   9  40  11:15pm ENE 30.14   73
8    52.0  57.4   7:49pm  44.4   3:15am   13    0  0.00  10  43  11:10pm   E 30.02   68
9    50.8  56.5   5:25pm  45.6   6:10am   14    0  0.09   7  53  12:50am   E 30.04   76
10   36.9  41.7   3:30pm  32.3   8:55am   23    0  0.00   1   9   2:40pm   S 29.64   85
11   46.6  51.1  11:00pm  44.2   9:10am    9    0  0.00   2   9  12:05am   N 29.83   85
12   50.7  55.3   5:10pm  45.0  10:50pm    8    0  0.00   2  13   5:20am SSW 29.87   76
13   43.7  45.9   2:10pm  39.0  11:30pm   18    0  0.00   1  10  11:55pm SSW 29.62   94
14   41.9  42.5   3:10pm  39.9  12:00am   34    0  0.00   2  10  12:00am SSW 29.53   94
15   43.3  48.0   1:10pm  37.9  11:30pm   49    0  0.00   4  22  11:50am SSW 29.64   63
16   37.4  42.5   3:28pm  34.0  11:55pm   26    0  0.00   2  11   1:55pm WNW 29.50   72
17   42.8  44.2  12:05am  37.6  10:20am   12    0  0.01   7  26  12:54pm   E 29.45   58
18   38.9  44.4   4:30pm  34.4   9:04am   25    0  0.00   1  11   3:50pm   S 29.85   76
19   40.4  47.2   3:45pm  35.5   9:00am   24    0  0.00   2  11   3:50pm  SE 29.94   70
20   39.3  43.1  11:10am  36.4   3:15am   25    0  0.00   1  11  12:25am WNW 29.73   68
21   39.2  42.8  11:45am  35.1   7:35am   43    0  0.00   1  11   7:38pm WNW 29.20   67
22   43.2  48.4   6:50am  38.0   9:10am   58    0  0.00   2  25   6:45am WNW 29.10   71
23   44.4  49.2   2:09pm  39.8  12:00am   20    0  0.00   6  30   8:43pm   E 29.07   64
24   35.2  40.4   2:08pm  23.0  12:00am   50    0  0.06  12  48   1:04pm   E 29.23   65
---------------------------------------------------------------------------------------
TOT  21.0  43.8  11/5/09  -1.7 11/16/09  624    0  0.18   3  62 11/11/09 ENE 29.33   71

HEAT BASE: 65.0
COOL BASE: 65.0