NOAA-Style Climate Reports

Select a Year or Month report
2017: Jan Feb Mar Apr May Jun Jul Aug Sep Oct Nov Dec
2016: Jan Feb Mar Apr May Jun Jul Aug Sep Oct Nov Dec
2015: Jan Feb Mar Apr May Jun Jul Aug Sep Oct Nov Dec
2014: Jan Feb Mar Apr May Jun Jul Aug Sep Oct Nov Dec
2013: Jan Feb Mar Apr May Jun Jul Aug Sep Oct Nov Dec
2012: Jan Feb Mar Apr May Jun Jul Aug Sep Oct Nov Dec
2011: Jan Feb Mar Apr May Jun Jul Aug Sep Oct Nov Dec
2010: Jan Feb Mar Apr May Jun Jul Aug Sep Oct Nov Dec
2009: Jan Feb Mar Apr May Jun Jul Aug Sep Oct Nov Dec
2008: Jan Feb Mar Apr May Jun Jul Aug Sep Oct Nov Dec
2007: Jan Feb Mar Apr May Jun Jul Aug Sep Oct Nov Dec

Report for 2009 September
                  MONTHLY CLIMATOLOGICAL SUMMARY FOR 9/2009
                                        HEAT  COOL        
     MEAN                               DEG   DEG       WIND SPEED       DOM MEAN  MEAN
DAY  TEMP  HIGH   TIME     LOW   TIME   DAYS  DAYS RAIN AVG  HI  TIME    DIR BAROM HUM
---------------------------------------------------------------------------------------
1    52.8  55.3   3:15pm  49.0  12:10pm   12    0  0.02   8  37   7:40pm   E 29.88   66
2    50.5  52.7   1:40am  47.1  11:55pm   15    0  0.01   7  33   1:00am   E 29.77   74
3    52.2  60.4   5:40pm  45.4   5:25am   13    0  0.00   3  16   5:25pm ENE 29.79   71
4    54.4  63.6   5:20pm  46.6   6:50am   10    0  0.00   2  12   2:50pm  NW 29.86   73
5    55.7  61.0   6:10pm  50.1   7:00am    9    0  0.00   2  12   3:45pm  SW 29.91   70
6    53.6  61.4   5:15pm  46.3   6:15am   11    0  0.00   2  12  12:45pm   E 29.76   78
7    55.7  59.6   1:30pm  51.6  11:55pm    9    0  0.00   8  29   8:55am ENE 29.70   59
8    50.0  52.8   1:30am  47.7   7:40am   11    0  0.00   2  12  12:10am WSW 29.59   75
9    51.8  55.9   2:55pm  48.1   9:05am   13    0  0.00   3  18   8:00am   E 29.45   68
10   49.4  53.4   6:15pm  46.4   5:15am   15    0  0.00   1  12  12:10pm ENE 29.31   76
11   52.7  58.0   5:30pm  47.9   3:55am   12    0  0.00   3  17  12:30am  SW 29.49   74
12   49.2  52.2   9:25am  45.9  11:25pm   15    0  0.02   1  13   8:20am   N 29.57   84
13   50.1  53.8   6:00pm  45.8  12:00am   24    0  0.00   5  25   2:32pm   E 29.59   70
14   50.0  54.1   5:38pm  46.0   6:20am   35    0  0.00   3  17  12:00am   W 29.90   71
15   53.4  59.5   2:40pm  45.3   8:15am   43    0  0.00   2  12   3:25pm   W 29.83   58
16   53.7  59.7   5:35pm  47.9   8:55am   11    0  0.00   3  27   5:20pm   N 29.45   61
17   51.2  56.9  12:15pm  45.9   6:45am   13    0  0.00   3  19   3:50am ENE 29.47   64
18   48.7  56.3   4:30pm  42.4   7:50am   14    0  0.00   3  14   3:40am WSW 29.54   73
19   49.8  56.9   5:23pm  43.6   7:25am   15    0  0.00   3  26   9:06pm  SW 29.60   71
20   36.5  44.1   3:58pm  32.9   6:00am   18    0  0.61   4  23   3:00am ESE 29.87   86
21   44.0  46.8  12:00am  42.1   7:55am   20    0  0.03   2  13  11:20pm  SE 29.48   86
22   40.5  43.9  12:05am  36.3  11:40pm   12    0  0.00   3  22   2:55am   S 29.67   72
23   36.0  41.0   2:20pm  30.5   7:10am   33    0  0.00   1  12   2:55pm   S 29.67   73
24   37.0  41.4   8:00am  33.0  12:00am   27    0  0.00   3  19  10:55pm  NW 29.61   69
25   40.0  42.6   2:10pm  36.5  12:00am   44    0  0.07   2  14  11:55pm SSE 29.37   93
26   38.0  44.1   3:58pm  32.9   6:00am   25    0  0.61   5  24  10:20pm ESE 29.95   77
27   35.9  39.3  12:20am  34.4   7:45am   10    0  0.00   2   9  12:05am NNE 30.22   64
---------------------------------------------------------------------------------------
TOT  38.9  46.9  10/1/09  34.1  10/1/09  488    0  0.00   3  18  10/1/09 NNW 30.04   66

HEAT BASE: 65.0
COOL BASE: 65.0