NOAA-Style Climate Reports

Select a Year or Month report
2017: Jan Feb Mar Apr May Jun Jul Aug Sep Oct Nov Dec
2016: Jan Feb Mar Apr May Jun Jul Aug Sep Oct Nov Dec
2015: Jan Feb Mar Apr May Jun Jul Aug Sep Oct Nov Dec
2014: Jan Feb Mar Apr May Jun Jul Aug Sep Oct Nov Dec
2013: Jan Feb Mar Apr May Jun Jul Aug Sep Oct Nov Dec
2012: Jan Feb Mar Apr May Jun Jul Aug Sep Oct Nov Dec
2011: Jan Feb Mar Apr May Jun Jul Aug Sep Oct Nov Dec
2010: Jan Feb Mar Apr May Jun Jul Aug Sep Oct Nov Dec
2009: Jan Feb Mar Apr May Jun Jul Aug Sep Oct Nov Dec
2008: Jan Feb Mar Apr May Jun Jul Aug Sep Oct Nov Dec
2007: Jan Feb Mar Apr May Jun Jul Aug Sep Oct Nov Dec

Report for 2009 July
                  MONTHLY CLIMATOLOGICAL SUMMARY FOR 7/2009
                                        HEAT  COOL        
     MEAN                               DEG   DEG       WIND SPEED       DOM MEAN  MEAN
DAY  TEMP  HIGH   TIME     LOW   TIME   DAYS  DAYS RAIN AVG  HI  TIME    DIR BAROM HUM
---------------------------------------------------------------------------------------
1    66.6  77.4   6:00pm  49.4  12:00am    8    4  0.00   2  14   4:45pm WNW 30.33   57
2    57.1  69.9   6:36pm  44.0   5:05am    8    1  0.00   2  11   2:20pm WNW 30.36   71
3    58.1  74.3   6:55pm  44.5   5:10am    8    2  0.00   2  11   2:55pm WNW 30.31   71
4    68.3  76.7   5:20pm  55.4  12:00am    9    3  0.00   1  11   5:05pm WNW 30.21   59
5    51.6  51.5  12:00am  51.5  12:00am   13    0  0.00   2  11  12:00am ESE 29.68   70
6    73.8  80.3   6:45pm  60.3  12:00am    4    8  0.00   2  11   6:40pm WNW 30.04   57
7    68.8  84.7   4:55pm  57.0   5:25am    2    5  0.00   2  11   1:05pm ESE 30.05   64
8    74.6  83.2   5:50pm  63.9  11:55pm    2    7  0.00   1   9   5:50pm WNW 30.01   52
9    67.1  79.9   5:55pm  56.9   6:30am    2    4  0.00   1  10  12:30pm WNW 30.04   66
10   72.3  79.2   5:25pm  59.1  11:55pm    3    8  0.00   2   9   1:50pm WNW 30.12   61
11   61.4  73.7   6:25pm  51.4   5:50am    5    2  0.00   2  12   2:10pm WNW 30.17   77
12   62.7  78.7   5:30pm  48.7   5:55am    6    4  0.00   2  11   4:45pm WNW 30.14   75
13   63.1  76.2   5:25pm  52.2   6:30am    5    3  0.00   1  10  11:20am WNW 30.12   74
14   58.7  68.9   5:40pm  52.3  12:15am    6    0  0.00   1   9   5:20pm   W 30.14   81
15   60.5  74.6   6:25pm  47.3   4:25am    7    2  0.00   2  11  12:25pm WNW 30.07   74
16   63.6  76.6   3:55pm  53.6   3:40am    4    2  0.00   2  12   3:45pm WNW 30.03   68
17   59.7  66.6   2:45pm  51.6   5:30am    5    0  0.00   5  21  10:00pm ESE 29.96   67
18   59.1  60.7   4:55pm  57.4  11:55pm    7    0  0.00   6  28   5:10pm   W 29.84   59
19   55.0  58.1   6:20pm  51.4   5:45am   10    0  0.02   1  16   3:00am WNW 29.87   82
20   59.4  61.1   5:50pm  53.2  12:00am   11    0  0.00   3  18  10:00pm WNW 29.83   58
21   54.1  56.9   1:30am  49.8  10:45pm   11    0  0.00   2  17  10:55pm WNW 29.67   71
22   53.4  58.9   2:00pm  48.3   8:32am   11    0  0.00   4  40   3:50am   N 29.51   64
23   51.6  56.3   4:40pm  46.9   6:15am   13    0  0.00   2  15  11:35pm ESE 29.68   70
24   60.1  63.6   2:45pm  52.4  12:00am   12    0  0.17   8  24   5:27pm ESE 29.72   62
---------------------------------------------------------------------------------------
TOT  55.8  71.9  8/10/09  41.0   8/2/09  173   54  1.14   3  28   8/5/09 ESE 29.96   73

HEAT BASE: 65.0
COOL BASE: 65.0