NOAA-Style Climate Reports

Select a Year or Month report
2017: Jan Feb Mar Apr May Jun Jul Aug Sep Oct Nov Dec
2016: Jan Feb Mar Apr May Jun Jul Aug Sep Oct Nov Dec
2015: Jan Feb Mar Apr May Jun Jul Aug Sep Oct Nov Dec
2014: Jan Feb Mar Apr May Jun Jul Aug Sep Oct Nov Dec
2013: Jan Feb Mar Apr May Jun Jul Aug Sep Oct Nov Dec
2012: Jan Feb Mar Apr May Jun Jul Aug Sep Oct Nov Dec
2011: Jan Feb Mar Apr May Jun Jul Aug Sep Oct Nov Dec
2010: Jan Feb Mar Apr May Jun Jul Aug Sep Oct Nov Dec
2009: Jan Feb Mar Apr May Jun Jul Aug Sep Oct Nov Dec
2008: Jan Feb Mar Apr May Jun Jul Aug Sep Oct Nov Dec
2007: Jan Feb Mar Apr May Jun Jul Aug Sep Oct Nov Dec

Report for 2009 June
                  MONTHLY CLIMATOLOGICAL SUMMARY FOR 6/2009
                                        HEAT  COOL        
     MEAN                               DEG   DEG       WIND SPEED       DOM MEAN  MEAN
DAY  TEMP  HIGH   TIME     LOW   TIME   DAYS  DAYS RAIN AVG  HI  TIME    DIR BAROM HUM
---------------------------------------------------------------------------------------
1    49.8  60.7   5:55pm  37.3   4:15am   15    0  0.00   1  10  11:20am WNW 30.31   69
2    54.3  67.4   2:10pm  40.1   6:25am   11    0  0.00   1  11  12:10pm WNW 30.27   64
3    57.2  71.9   6:20pm  42.5   6:20am    9    1  0.00   2  15   5:05pm WNW 30.23   61
4    54.9  59.5   5:30pm  50.9  10:50pm   12    1  0.13  10  32   6:30pm ESE 29.94   59
5    52.1  59.8   6:05pm  46.6  11:45pm   13    0  0.02   2  20   1:15am WNW 30.03   80
6    49.5  62.1   3:34pm  42.0   5:40am   15    0  0.00   2  12   2:34pm WNW 30.11   80
7    59.2  76.4   6:35pm  42.8   2:50am    8    3  0.00   3  19   2:00pm WNW 29.93   62
8    60.2  71.2   1:05pm  45.0  11:55pm    6    1  0.00   2  13   4:00pm WNW 29.87   55
9    55.9  70.4   6:15pm  41.1   2:05am   10    1  0.00   2  14   1:50pm WNW 30.03   68
10   63.8  81.2   6:20pm  47.4   4:50am    6    5  0.00   2  16   2:05pm WNW 29.90   61
11   48.9  57.3  12:00am  44.2  11:20pm   16    0  0.00   1  13   4:15am WNW 29.83   82
12   50.0  58.4   2:30pm  43.4   4:40am   15    0  0.00   2  12   3:40pm WNW 29.86   74
13   49.5  60.1   1:05pm  43.6   6:35am   16    0  0.49   1  10   1:25pm WNW 29.90   80
14   51.2  62.1   5:05pm  44.1   4:35am   14    0  0.00   1  10   4:50pm  SW 29.95   78
15   57.6  71.5   5:35pm  48.8   4:55am    8    1  0.00   1  10   1:50pm WNW 29.85   71
16   53.4  61.8   6:30pm  46.2   5:15am   12    0  0.00   1  15   8:30pm WNW 29.70   75
17   52.8  56.3   4:00pm  48.7  11:50pm   16    0  0.00   8  25   7:50pm  SW 29.73   57
18   51.7  58.7   2:30pm  45.4   5:30am   13    0  0.02   2  16   4:40pm SSE 29.75   65
19   51.0  60.5   2:40pm  43.8   6:40am   13    0  0.00   1  10   2:50pm WNW 29.78   74
20   49.4  56.4   1:50pm  43.7   8:25am   16    0  0.08   5  28   8:10pm ESE 29.72   70
21   48.9  53.7   4:00pm  46.0  11:25am   16    0  0.00   4  29  12:15am WNW 29.68   62
22   47.3  52.9   5:50pm  42.3   6:20am   18    0  0.04   2  15   6:05pm WNW 29.61   77
23   47.0  53.9   3:50pm  41.8   4:00am   18    0  0.03   5  22   2:45pm SSE 29.70   68
24   47.4  56.4   3:55pm  38.8   7:50am   32    0  0.00   2  12   6:00pm WNW 29.84   71
25   47.2  59.3   6:10pm  37.3   2:45am   18    0  0.00   1  15  11:55pm WNW 29.86   76
26   50.4  58.6  11:30am  42.9   4:55am   15    0  0.02   3  19  12:25am ESE 29.93   62
27   53.0  67.0   3:30pm  40.9   3:10am   12    0  0.02   2  15   1:35pm WNW 29.83   68
28   66.2  73.0   5:45pm  50.6  12:00am   13    1  0.00   3  14   2:00pm WNW 29.96   45
29   60.2  74.8   5:35pm  49.7   5:05am    6    1  0.00   2  15   7:50pm WNW 30.10   59
30   59.6  73.4   5:10pm  47.0   4:15am    7    1  0.00   2  14   3:00pm WNW 30.29   64
---------------------------------------------------------------------------------------
TOT  53.1  81.2  6/10/09  37.3   6/1/09  397   17  0.00   2  32   6/4/09 WNW 29.92   69

HEAT BASE: 65.0
COOL BASE: 65.0