NOAA-Style Climate Reports

Select a Year or Month report
2017: Jan Feb Mar Apr May Jun Jul Aug Sep Oct Nov Dec
2016: Jan Feb Mar Apr May Jun Jul Aug Sep Oct Nov Dec
2015: Jan Feb Mar Apr May Jun Jul Aug Sep Oct Nov Dec
2014: Jan Feb Mar Apr May Jun Jul Aug Sep Oct Nov Dec
2013: Jan Feb Mar Apr May Jun Jul Aug Sep Oct Nov Dec
2012: Jan Feb Mar Apr May Jun Jul Aug Sep Oct Nov Dec
2011: Jan Feb Mar Apr May Jun Jul Aug Sep Oct Nov Dec
2010: Jan Feb Mar Apr May Jun Jul Aug Sep Oct Nov Dec
2009: Jan Feb Mar Apr May Jun Jul Aug Sep Oct Nov Dec
2008: Jan Feb Mar Apr May Jun Jul Aug Sep Oct Nov Dec
2007: Jan Feb Mar Apr May Jun Jul Aug Sep Oct Nov Dec

Report for 2009 May
                  MONTHLY CLIMATOLOGICAL SUMMARY FOR 5/2009
                                        HEAT  COOL        
     MEAN                               DEG   DEG       WIND SPEED       DOM MEAN  MEAN
DAY  TEMP  HIGH   TIME     LOW   TIME   DAYS  DAYS RAIN AVG  HI  TIME    DIR BAROM HUM
---------------------------------------------------------------------------------------
1    55.0  67.9   4:35pm  41.8   3:25am   10    0  0.00   2  15   2:40pm ESE 30.16   44
2    57.7  73.0   5:05pm  42.7   5:45am    9    2  0.00   2  16   3:50pm WNW 29.77   41
3    64.6  72.2   5:05pm  51.1  11:35pm   11    3  0.00   5  19  10:25pm SSW 29.56   28
4    49.0  41.6  12:00am  41.6  12:00am   16    0  0.00   2   2  12:00am   W 30.30   56
5    48.1  60.0   2:20pm  36.2   5:50am   17    0  0.00   2  20   5:55pm WNW 29.44   60
6    38.9  42.6  12:00am  35.6   1:05pm   26    0  0.15   3  16   5:00am NNE 29.58   72
7    44.3  56.6   5:00pm  34.2   6:55am   21    0  0.00   2  17   9:00pm  SE 29.99   72
8    48.5  59.0   5:05pm  36.2   5:50am   15    0  0.00   2  11  12:30pm  SE 30.25   57
9    49.0  60.1   4:16pm  37.9   6:20am   16    0  0.00   2  13   1:34pm   W 30.30   56
10   42.1  44.6   7:55am  38.9   4:05am    9    0  0.00   4  17   4:25am  SE 29.99   72
11   52.5  64.1   2:45pm  38.1   5:59am   12    0  0.00   3  17   3:35pm  NW 30.11   45
12   54.7  67.5   6:15pm  41.6   5:00am   10    0  0.00   3  18  12:45pm WNW 29.97   43
13   52.3  63.6   2:25pm  40.4   6:00am   13    0  0.00   2  16   2:05pm WNW 29.93   43
14   52.1  63.1   5:35pm  40.9   4:55am   13    0  0.00   2  12   9:20pm  SE 29.88   46
15   40.6  47.9   6:45pm  33.5  11:30am   24    0  0.46   2  13   7:45pm WNW 29.97   83
16   45.2  58.0   5:05pm  33.9   5:35am   20    0  0.00   2  18   4:30pm WNW 30.04   66
17   50.7  65.2   5:25pm  34.8   5:20am   14    0  0.00   3  14  12:00pm WNW 30.06   47
18   53.6  61.3   3:45pm  43.0  11:20pm   11    0  0.00   5  18   1:15pm  SE 30.11   28
19   49.8  61.8   2:10pm  38.7   6:15am   15    0  0.00   3  20   4:10pm ESE 29.92   41
20   46.5  60.9   4:10pm  33.6   4:50am   18    0  0.00   3  19   6:12pm SSE 30.04   55
21   48.3  58.6  11:55am  39.6   2:10am   17    0  0.00   5  26   4:00pm SSE 30.19   49
22   48.3  57.0  12:10pm  42.6   7:00am   17    0  0.00   6  30   2:00am ESE 30.15   49
23   50.1  61.8   3:50pm  39.4   3:55am   14    0  0.00   3  18   4:10pm WNW 30.05   46
24   54.0  64.7   1:20pm  43.2   6:45am   11    0  0.00   2  13   1:30pm WNW 30.05   49
25   57.4  70.9   6:45pm  44.8   4:10am    9    1  0.00   2  17  10:45am WNW 29.94   48
26   58.6  77.9   5:50pm  42.1   4:25am    8    2  0.00   3  20   9:45pm WNW 29.77   52
27   48.6  56.1  12:00am  44.0   8:05pm   16    0  0.04   8  25   8:15pm ESE 29.87   67
28   42.6  44.7  12:00am  39.6  11:55pm   22    0  0.00   8  27   2:30am ESE 29.96   69
29   43.2  54.3   5:05pm  36.4   5:45am   22    0  0.06   2  15   7:35pm WNW 29.85   77
30   45.0  51.2  12:45pm  38.9   4:05am   19    0  0.00   8  30  11:02pm ESE 30.08   63
31   56.6  68.3  10:30am  52.1   5:15am    4    0  0.00   1   5   3:20am ESE 30.22   76
---------------------------------------------------------------------------------------
TOT  60.3  77.4   7/1/09  44.0   7/2/09  459    9  0.00   2  14   7/1/09 WNW 30.30   68

HEAT BASE: 65.0
COOL BASE: 65.0