NOAA-Style Climate Reports

Select a Year or Month report
2017: Jan Feb Mar Apr May Jun Jul Aug Sep Oct Nov Dec
2016: Jan Feb Mar Apr May Jun Jul Aug Sep Oct Nov Dec
2015: Jan Feb Mar Apr May Jun Jul Aug Sep Oct Nov Dec
2014: Jan Feb Mar Apr May Jun Jul Aug Sep Oct Nov Dec
2013: Jan Feb Mar Apr May Jun Jul Aug Sep Oct Nov Dec
2012: Jan Feb Mar Apr May Jun Jul Aug Sep Oct Nov Dec
2011: Jan Feb Mar Apr May Jun Jul Aug Sep Oct Nov Dec
2010: Jan Feb Mar Apr May Jun Jul Aug Sep Oct Nov Dec
2009: Jan Feb Mar Apr May Jun Jul Aug Sep Oct Nov Dec
2008: Jan Feb Mar Apr May Jun Jul Aug Sep Oct Nov Dec
2007: Jan Feb Mar Apr May Jun Jul Aug Sep Oct Nov Dec

Report for 2009 April
                  MONTHLY CLIMATOLOGICAL SUMMARY FOR 4/2009
                                        HEAT  COOL        
     MEAN                               DEG   DEG       WIND SPEED       DOM MEAN  MEAN
DAY  TEMP  HIGH   TIME     LOW   TIME   DAYS  DAYS RAIN AVG  HI  TIME    DIR BAROM HUM
---------------------------------------------------------------------------------------
1    21.4  26.5   9:55am  18.6   7:40am   18    0  0.00   2  18   1:15am NNE 29.93   75
2    27.6  36.5   3:05pm  19.1  12:00am   67    0  0.00   3  16   8:55pm  NW 30.09   65
3    26.9  33.9   2:00pm  22.9  10:50am   37    0  0.02   6  28   3:05am  NW 29.90   75
4    27.7  25.7  12:00am  25.7  12:00am   73    0  0.00   1   1  12:00am WNW 30.00   58
5    27.7  39.9   3:50pm  16.2   6:35am   73    0  0.00   1  11   3:15pm WNW 30.00   58
6    23.7  26.5  12:25am  21.6   4:55am   12    0  0.00   1   4   2:05am WNW 29.76   85
7    36.6  44.3  12:40pm  25.7   7:40am  115    0  0.00   2  13   1:30pm WNW 29.92   55
8    34.2  42.2  11:45am  26.0   7:40am  137    0  0.00   1  11   2:40pm WNW 29.79   61
9    33.7  28.8  12:00am  28.8  12:00am   30    0  0.00   4   2  12:00am  SE 29.81   62
10   33.7  41.6  11:25am  27.0   2:00am   31    0  0.00   3  18   4:00pm   W 29.26   68
11   34.9  44.5  12:20pm  28.5   3:45am   29    0  0.00   1  16   1:55am WNW 29.38   65
12   33.7  37.1   4:50pm  28.4  10:52pm   30    0  0.00   4  19   1:25am  SE 29.81   62
13   30.6  31.2  11:50pm  28.8  12:00am   32    0  0.00  16  30  11:40pm  SE 30.01   73
14   29.7  31.5   1:10am  28.4   4:30am    9    0  0.00   0   3  12:50am NNE 29.97   72
15   34.9  41.0  12:50pm  29.0   3:00am   30    0  0.00   1  10   3:15pm  NW 29.98   73
16   38.5  39.0  12:00am  39.0  12:00am   25    0  0.00   2   8  12:00am   W 29.92   58
17   42.6  50.2   4:10pm  33.9  11:35pm   41    0  0.00   2  15   3:05pm   W 29.80   57
18   37.5  35.7  12:00am  35.7  12:00am   44    0  0.00   5  12  12:00am  SE 30.18   71
19   38.7  47.6  11:25am  30.3   3:40am   26    0  0.00   3  16   5:05am  SE 29.99   59
20   39.5  50.6   6:20pm  29.1   7:40am   25    0  0.00   2  13  12:05pm  SE 30.08   60
21   39.1  50.5   5:35pm  27.7   6:05am   26    0  0.00   2  18   2:55pm WNW 30.18   54
22   38.8  52.3  10:59am  34.0  11:55pm   25    0  0.00   2   9   2:25am WNW 30.36   55
23   37.5  43.8   1:15pm  32.5   7:00am   44    0  0.01   5  24   2:55pm  SE 30.18   71
24   30.9  36.4   8:59am  28.4   6:10am   13    0  0.00   1   6  12:05am SSE 30.27   69
25   37.5  46.1  12:05pm  28.4   6:10am   27    0  0.00   5  29   4:18pm ESE 30.28   63
26   45.4  52.0   5:45pm  37.5   6:20am   45    0  0.06  10  34   1:40am ESE 30.42   64
27   57.7  52.4  12:00am  52.4  12:00am    9    2  0.00   2   3  12:00am SSW 29.77   41
---------------------------------------------------------------------------------------
TOT  56.4  73.0   5/2/09  41.8   5/1/09 1074    2  0.00   2  16   5/2/09 WNW 29.97   42

HEAT BASE: 65.0
COOL BASE: 65.0